000
CDUS46 KSTO 190037
CLISAC

CLIMATE REPORT
NATIONAL WEATHER SERVICE SACRAMENTO, CA
530 PM PDT SAT APR 18 2015

.................................................................

...THE SACRAMENTO EXEC. AIRPORT CA CLIMATE SUMMARY FOR APRIL 18 2015...
VALID TODAY AS OF 0500 PM LOCAL TIME.

CLIMATE NORMAL PERIOD 1981 TO 2010
CLIMATE RECORD PERIOD 1930 TO 2015


WEATHER ITEM   OBSERVED TIME   RECORD YEAR NORMAL DEPARTURE LAST
                VALUE   (LST)  VALUE       VALUE  FROM      YEAR
                                                  NORMAL
..................................................................
TEMPERATURE (F)
 TODAY
  MAXIMUM         86    326 PM  89    1954  72     14       80
  MINIMUM         53    552 AM  36    2007  46      7       56
  AVERAGE         70

PRECIPITATION (IN)
  TODAY            0.00          0.44 1983   0.03  -0.03     0.00
  MONTH TO DATE    1.04                      0.77   0.27     1.38
  SINCE OCT 1     14.46                     16.91  -2.45     8.75
  SINCE JAN 1      4.08                     10.63  -6.55     7.44

SNOWFALL (IN)
  TODAY            0.0          MM      MM   0.0             0.0
  MONTH TO DATE    0.0                       0.0             0.0
  SINCE MAR 1      0.0                       0.0             0.0
  SINCE JUL 1      0.0                       0.0             0.0

DEGREE DAYS
 HEATING
  TODAY            0

 COOLING
  TODAY            5
..................................................................


WIND (MPH)
  RESULTANT WIND SPEED   1   RESULTANT WIND DIRECTION   S (190)
  HIGHEST WIND SPEED     8   HIGHEST WIND DIRECTION     W (290)
  HIGHEST GUST SPEED    12   HIGHEST GUST DIRECTION     W (290)


SKY COVER
  POSSIBLE SUNSHINE  MM
  AVERAGE SKY COVER 0.0


WEATHER CONDITIONS
 THE FOLLOWING WEATHER WAS RECORDED TODAY.
  NO SIGNIFICANT WEATHER WAS OBSERVED.


RELATIVE HUMIDITY (PERCENT)
 HIGHEST    77
 LOWEST     19
 AVERAGE    48

..........................................................


THE SACRAMENTO EXEC. AIRPORT CA CLIMATE NORMALS FOR TOMORROW
                         NORMAL    RECORD    YEAR
 MAXIMUM TEMPERATURE (F)   72        90      2009
 MINIMUM TEMPERATURE (F)   47        35      1961


SUNRISE AND SUNSET
APRIL 18 2015.........SUNRISE   626 AM PDT   SUNSET   745 PM PDT
APRIL 19 2015.........SUNRISE   625 AM PDT   SUNSET   746 PM PDT


-  INDICATES NEGATIVE NUMBERS.
R  INDICATES RECORD WAS SET OR TIED.
MM INDICATES DATA IS MISSING.
T  INDICATES TRACE AMOUNT.

&&
....................................................................

SACRAMENTO CITY CLIMATE DATA FOR SATURDAY APRIL 18 2015

HIGH...   86  RECORD HIGH    91 IN 1939    NORMAL    HIGH   73
LOW....   53  RECORD LOW     38 IN 1933    NORMAL    LOW    49

RAIN SINCE MIDNIGHT....  0.00   RECORD THIS DATE....... 0.90 IN 1890
TOTAL THIS MONTH.......  0.86   NORMAL SINCE OCT 1ST.........  18.50
TOTAL SINCE OCT 1ST... 12.59    PERCENT OF NORMAL.............   68%
$$

POWELL
