000
CDUS42 KCHS 190538
CLISAV


CLIMATE REPORT
NATIONAL WEATHER SERVICE CHARLESTON SC
138 AM EDT SUN APR 19 2015


...................................

...THE SAVANNAH GA CLIMATE SUMMARY FOR APRIL 18 2015...

CLIMATE NORMAL PERIOD 1981 TO 2010
CLIMATE RECORD PERIOD 1871 TO 2015


WEATHER ITEM   OBSERVED TIME   RECORD YEAR NORMAL DEPARTURE LAST
                VALUE   (LST)  VALUE       VALUE  FROM      YEAR
                                                  NORMAL
..................................................................
TEMPERATURE (F)
 YESTERDAY
  MAXIMUM         79    442 PM  93    1967  78      1       63
  MINIMUM         67    604 AM  36    2001  54     13       57
                                      1999
  AVERAGE         73                        66      7       60

PRECIPITATION (IN)
  YESTERDAY        0.28          2.27 2014   0.11   0.17     2.27
  MONTH TO DATE    1.65                      1.94  -0.29     5.21
  SINCE MAR 1      3.67                      5.67  -2.00     7.86
  SINCE JAN 1     11.23                     12.15  -0.92    11.97

SNOWFALL (IN)
  YESTERDAY        0.0                       0.0    0.0
  SINCE MAR 1      0.0                       T      0.0
  SINCE JUL 1      0.0                       0.3   -0.3

DEGREE DAYS
 HEATING
  YESTERDAY        0                         2     -2        5
  MONTH TO DATE    7                        58    -51       29
  SINCE MAR 1    151                       268   -117      293
  SINCE JUL 1   1686                      1785    -99     1674

 COOLING
  YESTERDAY        8                         3      5        0
  MONTH TO DATE  128                        45     83       54
  SINCE MAR 1    186                        77    109       66
  SINCE JAN 1    191                        87    104       84
..................................................................


WIND (MPH)
  HIGHEST WIND SPEED    13   HIGHEST WIND DIRECTION     E (100)
  HIGHEST GUST SPEED    14   HIGHEST GUST DIRECTION     E (100)
  AVERAGE WIND SPEED     4.9


SKY COVER
  POSSIBLE SUNSHINE  MM
  AVERAGE SKY COVER 0.8


WEATHER CONDITIONS
 THE FOLLOWING WEATHER WAS RECORDED YESTERDAY.
  RAIN
  LIGHT RAIN
  FOG


RELATIVE HUMIDITY (PERCENT)
 HIGHEST   100           600 AM
 LOWEST     67           500 PM
 AVERAGE    84

..........................................................


THE SAVANNAH GA CLIMATE NORMALS FOR TODAY
                         NORMAL    RECORD    YEAR
 MAXIMUM TEMPERATURE (F)   78        92      1968
 MINIMUM TEMPERATURE (F)   54        35      1983


SUNRISE AND SUNSET
APRIL 19 2015.........SUNRISE   652 AM EDT   SUNSET   757 PM EDT
APRIL 20 2015.........SUNRISE   650 AM EDT   SUNSET   758 PM EDT


-  INDICATES NEGATIVE NUMBERS.
R  INDICATES RECORD WAS SET OR TIED.
MM INDICATES DATA IS MISSING.
T  INDICATES TRACE AMOUNT.




$$
