000
CDUS44 KSJT 060653
CLISJT


CLIMATE REPORT
NATIONAL WEATHER SERVICE SAN ANGELO TX
152 AM CDT WED MAY 6 2015


...................................

...THE SAN ANGELO CLIMATE SUMMARY FOR MAY 5 2015...

CLIMATE NORMAL PERIOD 1981 TO 2010
CLIMATE RECORD PERIOD 1907 TO 2015


WEATHER ITEM   OBSERVED TIME   RECORD YEAR NORMAL DEPARTURE LAST
                VALUE   (LST)  VALUE       VALUE  FROM      YEAR
                                                  NORMAL
..................................................................
TEMPERATURE (F)
 YESTERDAY
  MAXIMUM         78    132 PM 103    2014  85     -7      103
                                      1984
                                      1947
  MINIMUM         67    727 AM  39    1945  58      9       66
  AVERAGE         73                        72      1       85

PRECIPITATION (IN)
  YESTERDAY        0.29          1.18 1993   0.07   0.22     0.00
  MONTH TO DATE    0.29                      0.35  -0.06     0.00
  SINCE MAR 1      3.77                      3.27   0.50     0.46
  SINCE JAN 1      6.03                      5.55   0.48     0.52

DEGREE DAYS
 HEATING
  YESTERDAY        0                         1     -1        0
  MONTH TO DATE    0                         5     -5        7
  SINCE MAR 1    330                       350    -20      356
  SINCE JUL 1   2177                      2311   -134     2476

 COOLING
  YESTERDAY        8                         7      1       20
  MONTH TO DATE   33                        34     -1       40
  SINCE MAR 1    227                       185     42      290
  SINCE JAN 1    229                       190     39      293
..................................................................


WIND (MPH)
  HIGHEST WIND SPEED    26   HIGHEST WIND DIRECTION     S (170)
  HIGHEST GUST SPEED    36   HIGHEST GUST DIRECTION     S (160)
  AVERAGE WIND SPEED    14.0


SKY COVER
  POSSIBLE SUNSHINE  MM
  AVERAGE SKY COVER 0.8


WEATHER CONDITIONS
 THE FOLLOWING WEATHER WAS RECORDED YESTERDAY.
  THUNDERSTORM
  HEAVY RAIN
  LIGHT RAIN
  FOG


RELATIVE HUMIDITY (PERCENT)
 HIGHEST    84           900 PM
 LOWEST     61          1200 AM
 AVERAGE    73

..........................................................


THE SAN ANGELO CLIMATE NORMALS FOR TODAY
                         NORMAL    RECORD    YEAR
 MAXIMUM TEMPERATURE (F)   85       104      2000
                                             1984
 MINIMUM TEMPERATURE (F)   59        41      1991
                                             1924


SUNRISE AND SUNSET
MAY  6 2015...........SUNRISE   653 AM CDT   SUNSET   825 PM CDT
MAY  7 2015...........SUNRISE   652 AM CDT   SUNSET   825 PM CDT


-  INDICATES NEGATIVE NUMBERS.
R  INDICATES RECORD WAS SET OR TIED.
MM INDICATES DATA IS MISSING.
T  INDICATES TRACE AMOUNT.




$$
