000
CDUS46 KPQR 181142
CLISLE


CLIMATE REPORT
NATIONAL WEATHER SERVICE PORTLAND OREGON
441 AM PDT SAT APR 18 2015


...................................

...THE SALEM OR CLIMATE SUMMARY FOR APRIL 17 2015...

CLIMATE NORMAL PERIOD 1981 TO 2010
CLIMATE RECORD PERIOD 1892 TO 2015


WEATHER ITEM   OBSERVED TIME   RECORD YEAR NORMAL DEPARTURE LAST
                VALUE   (LST)  VALUE       VALUE  FROM      YEAR
                                                  NORMAL
..................................................................
TEMPERATURE (F)
 YESTERDAY
  MAXIMUM         73    451 PM  84    1897  61     12       57
  MINIMUM         40    505 AM  27    1977  40      0       42
                                      1964
  AVERAGE         57                        50      7       50

PRECIPITATION (IN)
  YESTERDAY        0.00          1.36 1908   0.09  -0.09     0.41
  MONTH TO DATE    1.75                      1.74   0.01     0.74
  SINCE OCT 1     31.07                     32.64  -1.57    21.91
  SINCE JAN 1     13.53                     16.25  -2.72    17.33

DEGREE DAYS
 HEATING
  YESTERDAY        8                        15     -7       15
  MONTH TO DATE  276                       265     11      190
  SINCE MAR 1    688                       828   -140      676
  SINCE JUL 1   3158                      4068   -910     3962

 COOLING
  YESTERDAY        0                         0      0        0
  MONTH TO DATE    0                         0      0        0
  SINCE MAR 1      0                         0      0        0
  SINCE JAN 1      0                         0      0        0
..................................................................


WIND (MPH)
  HIGHEST WIND SPEED    17   HIGHEST WIND DIRECTION    NW (320)
  HIGHEST GUST SPEED    20   HIGHEST GUST DIRECTION    NW (320)
  AVERAGE WIND SPEED     5.3


SKY COVER
  POSSIBLE SUNSHINE  MM
  AVERAGE SKY COVER 0.0


WEATHER CONDITIONS
 THE FOLLOWING WEATHER WAS RECORDED YESTERDAY.
  NO SIGNIFICANT WEATHER WAS OBSERVED.


RELATIVE HUMIDITY (PERCENT)
 HIGHEST    89           400 AM
 LOWEST     41           200 PM
 AVERAGE    65

..........................................................


THE SALEM OR CLIMATE NORMALS FOR TODAY
                         NORMAL    RECORD    YEAR
 MAXIMUM TEMPERATURE (F)   61        81      1939
                                             1934
 MINIMUM TEMPERATURE (F)   40        27      1931


SUNRISE AND SUNSET
APRIL 18 2015.........SUNRISE   623 AM PDT   SUNSET   801 PM PDT
APRIL 19 2015.........SUNRISE   621 AM PDT   SUNSET   802 PM PDT


-  INDICATES NEGATIVE NUMBERS.
R  INDICATES RECORD WAS SET OR TIED.
MM INDICATES DATA IS MISSING.
T  INDICATES TRACE AMOUNT.




$$
