000
CDUS45 KCYS 250813
CLISNY


CLIMATE REPORT
NATIONAL WEATHER SERVICE CHEYENNE WY
213 AM MDT SAT APR 25 2015


...................................

...THE SIDNEY NE AIRPORT CLIMATE SUMMARY FOR APRIL 24 2015...

CLIMATE NORMAL PERIOD 1981 TO 2010
CLIMATE RECORD PERIOD 1948 TO 2015


WEATHER ITEM   OBSERVED TIME   RECORD YEAR NORMAL DEPARTURE LAST
                VALUE   (LST)  VALUE       VALUE  FROM      YEAR
                                                  NORMAL
..................................................................
TEMPERATURE (F)
 YESTERDAY
  MAXIMUM         70   1247 PM  92    2012  65      5       67
  MINIMUM         44   1156 PM  17    1958  36      8       34
  AVERAGE         57                        50      7       51

PRECIPITATION (IN)
  YESTERDAY        0.00          1.51 2007   0.08  -0.08     0.00
  MONTH TO DATE    3.95                      1.54   2.41     0.40
  SINCE JAN 1      4.97                      3.16   1.81     1.91

DEGREE DAYS
 HEATING
  YESTERDAY        8                        15     -7       14
  MONTH TO DATE  445                       448     -3      403
  SINCE MAR 1   1098                      1251   -153     1216
  SINCE JUL 1   5830                      5833     -3     6205

 COOLING
  YESTERDAY        0                         0      0        0
  MONTH TO DATE    0                         0      0        0
  SINCE MAR 1      0                         0      0        0
  SINCE JAN 1      0                         0      0        0
..................................................................


WIND (MPH)
  HIGHEST WIND SPEED    31   HIGHEST WIND DIRECTION     W (290)
  HIGHEST GUST SPEED    36   HIGHEST GUST DIRECTION     W (290)
  AVERAGE WIND SPEED    11.5


SKY COVER
  AVERAGE SKY COVER 0.4


WEATHER CONDITIONS
 THE FOLLOWING WEATHER WAS RECORDED YESTERDAY.
  THUNDERSTORM
  FOG
  FOG W/VISIBILITY <= 1/4 MILE


RELATIVE HUMIDITY (PERCENT)
 HIGHEST   100           600 AM
 LOWEST     32           100 PM
 AVERAGE    66

..........................................................


THE SIDNEY NE AIRPORT CLIMATE NORMALS FOR TODAY
                         NORMAL    RECORD    YEAR
 MAXIMUM TEMPERATURE (F)   65        87      1949
 MINIMUM TEMPERATURE (F)   36        16      2002


SUNRISE AND SUNSET
APRIL 25 2015.........SUNRISE   558 AM MDT   SUNSET   742 PM MDT
APRIL 26 2015.........SUNRISE   557 AM MDT   SUNSET   743 PM MDT


-  INDICATES NEGATIVE NUMBERS.
R  INDICATES RECORD WAS SET OR TIED.
MM INDICATES DATA IS MISSING.
T  INDICATES TRACE AMOUNT.




$$
