000
CDUS43 KILX 060634
CLISPI


CLIMATE REPORT
NATIONAL WEATHER SERVICE LINCOLN IL
133 AM CDT WED MAY 6 2015


...................................

...THE SPRINGFIELD IL CLIMATE SUMMARY FOR MAY 5 2015...

CLIMATE NORMAL PERIOD 1981 TO 2010
CLIMATE RECORD PERIOD 1879 TO 2015


WEATHER ITEM   OBSERVED TIME   RECORD YEAR NORMAL DEPARTURE LAST
                VALUE   (LST)  VALUE       VALUE  FROM      YEAR
                                                  NORMAL
..................................................................
TEMPERATURE (F)
 YESTERDAY
  MAXIMUM         87    310 PM  93    1943  72     15       77
  MINIMUM         61    516 AM  34    1944  49     12       49
  AVERAGE         74                        60     14       63

PRECIPITATION (IN)
  YESTERDAY        0.00          3.35 1882   0.13  -0.13     0.00
  MONTH TO DATE    0.03                      0.66  -0.63     0.01
  SINCE MAR 1      3.71                      6.80  -3.09     6.11
  SINCE JAN 1      6.99                     10.43  -3.44    11.54

SNOWFALL (IN)
  YESTERDAY        0.0           0.0    MM   0.0    0.0      0.0
  MONTH TO DATE    0.0                       0.0    0.0      0.0
  SINCE MAR 1      3.7                       2.8    0.9      3.4
  SINCE JUL 1     33.9                      20.9   13.0     45.7
  SNOW DEPTH       0

DEGREE DAYS
 HEATING
  YESTERDAY        0                         6     -6        2
  MONTH TO DATE   13                        33    -20       39
  SINCE MAR 1   1028                      1107    -79     1183
  SINCE JUL 1   5597                      5378    219     6130

 COOLING
  YESTERDAY        9                         1      8        0
  MONTH TO DATE   25                         5     20        0
  SINCE MAR 1     35                        25     10       10
  SINCE JAN 1     35                        25     10       10
..................................................................


WIND (MPH)
  HIGHEST WIND SPEED    20   HIGHEST WIND DIRECTION     W (250)
  HIGHEST GUST SPEED    25   HIGHEST GUST DIRECTION     W (260)
  AVERAGE WIND SPEED     9.2


SKY COVER
  POSSIBLE SUNSHINE  MM
  AVERAGE SKY COVER 0.3


WEATHER CONDITIONS
 THE FOLLOWING WEATHER WAS RECORDED YESTERDAY.
  NO SIGNIFICANT WEATHER WAS OBSERVED.


RELATIVE HUMIDITY (PERCENT)
 HIGHEST    78           600 AM
 LOWEST     32           300 PM
 AVERAGE    55

..........................................................


THE SPRINGFIELD IL CLIMATE NORMALS FOR TODAY
                         NORMAL    RECORD    YEAR
 MAXIMUM TEMPERATURE (F)   72        90      2012
 MINIMUM TEMPERATURE (F)   49        34      1944


SUNRISE AND SUNSET
MAY  6 2015...........SUNRISE   553 AM CDT   SUNSET   758 PM CDT
MAY  7 2015...........SUNRISE   552 AM CDT   SUNSET   759 PM CDT


-  INDICATES NEGATIVE NUMBERS.
R  INDICATES RECORD WAS SET OR TIED.
MM INDICATES DATA IS MISSING.
T  INDICATES TRACE AMOUNT.




$$
