000
CDUS44 KOUN 020638 RRA
CLISPS

CLIMATE REPORT
NATIONAL WEATHER SERVICE NORMAN OK
136 AM CDT THU APR 2 2015


...................................

...THE WICHITA FALLS CLIMATE SUMMARY FOR APRIL 1 2015...

CLIMATE NORMAL PERIOD 1981 TO 2010
CLIMATE RECORD PERIOD 1897 TO 2015


WEATHER ITEM   OBSERVED TIME   RECORD YEAR NORMAL DEPARTURE LAST
                VALUE   (LST)  VALUE       VALUE  FROM      YEAR
                                                  NORMAL
..................................................................
TEMPERATURE (F)
 YESTERDAY
  MAXIMUM         83    404 PM  95    1978  72     11       84
                                      1946
  MINIMUM         59    201 AM  31    1954  45     14       51
  AVERAGE         71                        59     12       68

PRECIPITATION (IN)
  YESTERDAY        0.01          1.50 1905   0.06  -0.05     0.00
  MONTH TO DATE    0.01                      0.06  -0.05     0.00
  SINCE JAN 1      4.39                      5.15  -0.76     2.53

SNOWFALL (IN)
  YESTERDAY        0.0                       0.0    0.0      0.0
  MONTH TO DATE    0.0                       0.0    0.0      0.0
  SINCE JUL 1      6.5                       3.9    2.6      5.0
  SNOW DEPTH       0

DEGREE DAYS
 HEATING
  YESTERDAY        0                         8     -8        0
  MONTH TO DATE    0                         8     -8        0
  SINCE JUL 1   2782                      2811    -29     3218

 COOLING
  YESTERDAY        6                         1      5        3
  MONTH TO DATE    6                         1      5        3
  SINCE JAN 1     23                        23      0       19
..................................................................


WIND (MPH)
  HIGHEST WIND SPEED    24   HIGHEST WIND DIRECTION     S (180)
  HIGHEST GUST SPEED    30   HIGHEST GUST DIRECTION     S (170)
  AVERAGE WIND SPEED    15.1


SKY COVER
  AVERAGE SKY COVER 0.2


WEATHER CONDITIONS
 THE FOLLOWING WEATHER WAS RECORDED YESTERDAY.
  THUNDERSTORM
  LIGHT RAIN


RELATIVE HUMIDITY (PERCENT)
 HIGHEST    93           700 AM
 LOWEST     51           200 PM
 AVERAGE    72

..........................................................


THE WICHITA FALLS CLIMATE NORMALS FOR TODAY
                         NORMAL    RECORD    YEAR
 MAXIMUM TEMPERATURE (F)   72        90      1982
                                             1959
                                             1950
 MINIMUM TEMPERATURE (F)   45        26      1936


SUNRISE AND SUNSET
APRIL  2 2015.........SUNRISE   720 AM CDT   SUNSET   755 PM CDT
APRIL  3 2015.........SUNRISE   719 AM CDT   SUNSET   756 PM CDT


-  INDICATES NEGATIVE NUMBERS.
R  INDICATES RECORD WAS SET OR TIED.
MM INDICATES DATA IS MISSING.
T  INDICATES TRACE AMOUNT.




$$
