000
CDUS42 KJAX 042132
CLISSI


CLIMATE REPORT
NATIONAL WEATHER SERVICE JACKSONVILLE FL
532 PM EDT MON MAY 4 2015


...................................

...THE ST SIMONS ISLAND CLIMATE SUMMARY FOR MAY 4 2015...
VALID TODAY AS OF 0500 PM LOCAL TIME.

CLIMATE NORMAL PERIOD 1981 TO 2010
CLIMATE RECORD PERIOD 1948 TO 2015


WEATHER ITEM   OBSERVED TIME   RECORD YEAR NORMAL DEPARTURE LAST
                VALUE   (LST)  VALUE       VALUE  FROM      YEAR
                                                  NORMAL
..................................................................
TEMPERATURE (F)
 TODAY
  MAXIMUM         79   1252 PM  92    1959  79      0       84
  MINIMUM         58    541 AM  47    1971  63     -5       58
  AVERAGE         69                        71     -2       71

PRECIPITATION (IN)
  TODAY            0.00          1.56 1978   0.05  -0.05     0.00
  MONTH TO DATE    0.00                      0.20  -0.20     0.10
  SINCE MAR 1      5.80                      6.57  -0.77    10.56
  SINCE JAN 1     11.52                     13.26  -1.74    17.04

SNOWFALL (IN)
  TODAY            0.0           0.0    MM                   0.0
  MONTH TO DATE    0.0                                       0.0
  SINCE MAR 1      0.0                                       0.0
  SINCE JUL 1      0.0                                        T

DEGREE DAYS
 HEATING
  TODAY            0                         0      0        0
  MONTH TO DATE    1                         2     -1        0
  SINCE MAR 1    115                       235   -120      265
  SINCE JUL 1   1495                      1486      9     1493

 COOLING
  TODAY            4                         7     -3        6
  MONTH TO DATE    8                        26    -18       18
  SINCE MAR 1    213                       160     53      148
  SINCE JAN 1    219                       169     50      156
..................................................................


WIND (MPH)
  HIGHEST WIND SPEED    16   HIGHEST WIND DIRECTION     E (90)
  HIGHEST GUST SPEED    26   HIGHEST GUST DIRECTION     S (190)
  AVERAGE WIND SPEED     5.9


SKY COVER
  POSSIBLE SUNSHINE  MM
  AVERAGE SKY COVER 0.1


WEATHER CONDITIONS
 THE FOLLOWING WEATHER WAS RECORDED TODAY.
  HAZE


RELATIVE HUMIDITY (PERCENT)
 HIGHEST    90           200 AM
 LOWEST     47           400 PM
 AVERAGE    69

..........................................................


THE ST SIMONS ISLAND CLIMATE NORMALS FOR TOMORROW
                         NORMAL    RECORD    YEAR
 MAXIMUM TEMPERATURE (F)   80        93      1952
 MINIMUM TEMPERATURE (F)   64        50      1957


SUNRISE AND SUNSET
MAY  4 2015...........SUNRISE   639 AM EDT   SUNSET   807 PM EDT
MAY  5 2015...........SUNRISE   638 AM EDT   SUNSET   807 PM EDT


-  INDICATES NEGATIVE NUMBERS.
R  INDICATES RECORD WAS SET OR TIED.
MM INDICATES DATA IS MISSING.
T  INDICATES TRACE AMOUNT.




$$
