000
CDUS41 KBGM 272123
CLISYR


CLIMATE REPORT
NATIONAL WEATHER SERVICE BINGHAMTON NY
523 PM EDT MON APR 27 2015


...................................

...THE SYRACUSE NY CLIMATE SUMMARY FOR APRIL 27 2015...
VALID TODAY AS OF 0500 PM LOCAL TIME.

CLIMATE NORMAL PERIOD 1981 TO 2010
CLIMATE RECORD PERIOD 1902 TO 2015


WEATHER ITEM   OBSERVED TIME   RECORD YEAR NORMAL DEPARTURE LAST
                VALUE   (LST)  VALUE       VALUE  FROM      YEAR
                                                  NORMAL
..................................................................
TEMPERATURE (F)
 TODAY
  MAXIMUM         52    201 PM  91    2009  62    -10       52
  MINIMUM         41    530 AM  28    1993  41      0       39
                                      1972
                                      1966
  AVERAGE         47                        52     -5       46

PRECIPITATION (IN)
  TODAY            T             0.87 1943   0.10  -0.10     0.01
  MONTH TO DATE    2.79                      2.88  -0.09     3.20
  SINCE MAR 1      4.31                      5.83  -1.52     6.68
  SINCE JAN 1      8.19                     10.40  -2.21    12.23

SNOWFALL (IN)
  TODAY            0.0           T    2012   0.1   -0.1      0.0
                                      2010
                                      1976
  MONTH TO DATE    0.6                       3.7   -3.1      0.4
  SINCE MAR 1     12.9                      21.7   -8.8     22.1
  SINCE JUL 1    119.7                     123.6   -3.9    132.0
  SNOW DEPTH       0

DEGREE DAYS
 HEATING
  TODAY           18                        14      4       19
  MONTH TO DATE  519                       508     11      511
  SINCE MAR 1   1688                      1465    223     1722
  SINCE JUL 1   6912                      6296    616     6814

 COOLING
  TODAY            0                         0      0        0
  MONTH TO DATE    0                         0      0        1
  SINCE MAR 1      0                         0      0        1
  SINCE JAN 1      0                         0      0        1
..................................................................


WIND (MPH)
  HIGHEST WIND SPEED    17   HIGHEST WIND DIRECTION    NW (300)
  HIGHEST GUST SPEED    23   HIGHEST GUST DIRECTION     W (290)
  AVERAGE WIND SPEED    10.5


SKY COVER
  POSSIBLE SUNSHINE  MM
  AVERAGE SKY COVER 0.9


WEATHER CONDITIONS
 THE FOLLOWING WEATHER WAS RECORDED TODAY.
  LIGHT RAIN


RELATIVE HUMIDITY (PERCENT)
 HIGHEST    76           400 AM
 LOWEST     52           100 PM
 AVERAGE    64

..........................................................


THE SYRACUSE NY CLIMATE NORMALS FOR TOMORROW
                         NORMAL    RECORD    YEAR
 MAXIMUM TEMPERATURE (F)   63        92      1990
 MINIMUM TEMPERATURE (F)   41        24      1947


SUNRISE AND SUNSET
APRIL 27 2015.........SUNRISE   604 AM EDT   SUNSET   801 PM EDT
APRIL 28 2015.........SUNRISE   603 AM EDT   SUNSET   802 PM EDT


-  INDICATES NEGATIVE NUMBERS.
R  INDICATES RECORD WAS SET OR TIED.
MM INDICATES DATA IS MISSING.
T  INDICATES TRACE AMOUNT.




$$
