000
CDUS42 KTAE 030643
CLITLH


CLIMATE REPORT
NATIONAL WEATHER SERVICE TALLAHASSEE FL
242 AM EDT SUN MAY 3 2015


...................................

...THE TALLAHASSEE CLIMATE SUMMARY FOR MAY 2 2015...

CLIMATE NORMAL PERIOD 1981 TO 2010
CLIMATE RECORD PERIOD 1896 TO 2015


WEATHER ITEM   OBSERVED TIME   RECORD YEAR NORMAL DEPARTURE LAST
                VALUE   (LST)  VALUE       VALUE  FROM      YEAR
                                                  NORMAL
..................................................................
TEMPERATURE (F)
 YESTERDAY
  MAXIMUM         83    251 PM  96    1990  84     -1       68
  MINIMUM         48    602 AM  44    1988  57     -9       59
  AVERAGE         66                        70     -4       64

PRECIPITATION (IN)
  YESTERDAY        0.00          0.94 1940   0.09  -0.09     0.04
  MONTH TO DATE    0.00                      0.17  -0.17     0.19
  SINCE MAR 1      7.42                      9.17  -1.75    22.88
  SINCE JAN 1     16.61                     18.36  -1.75    30.93

SNOWFALL (IN)
  YESTERDAY        0.0                       0.0    0.0

DEGREE DAYS
 HEATING
  YESTERDAY        0                               -1
  MONTH TO DATE    0                               -2
  SINCE MAR 1     75                             -174
  SINCE JUL 1   1441                             -151

 COOLING
  YESTERDAY        1                               -5
  MONTH TO DATE    3                               -9
  SINCE MAR 1    398                              247
  SINCE JAN 1    405                              240
..................................................................


WIND (MPH)
  HIGHEST WIND SPEED    12   HIGHEST WIND DIRECTION     E (90)
  HIGHEST GUST SPEED    15   HIGHEST GUST DIRECTION    NE (60)
  AVERAGE WIND SPEED     3.3




RELATIVE HUMIDITY (PERCENT)
 HIGHEST    86
 LOWEST     26
 AVERAGE    56

..........................................................


THE TALLAHASSEE CLIMATE NORMALS FOR TODAY
                         NORMAL    RECORD    YEAR
 MAXIMUM TEMPERATURE (F)   84        94      2002
                                             1938
 MINIMUM TEMPERATURE (F)   57        42      1971


SUNRISE AND SUNSET
MAY  3 2015...........SUNRISE   653 AM EDT   SUNSET   817 PM EDT
MAY  4 2015...........SUNRISE   652 AM EDT   SUNSET   817 PM EDT


-  INDICATES NEGATIVE NUMBERS.
R  INDICATES RECORD WAS SET OR TIED.
MM INDICATES DATA IS MISSING.
T  INDICATES TRACE AMOUNT.




$$
