000
CDUS41 KCLE 060633
CLITOL


CLIMATE REPORT
NATIONAL WEATHER SERVICE CLEVELAND OH
137 AM EDT WED MAY 6 2015


...................................

...THE TOLEDO OH CLIMATE SUMMARY FOR MAY 5 2015...

CLIMATE NORMAL PERIOD 1981 TO 2010
CLIMATE RECORD PERIOD 1873 TO 2015


WEATHER ITEM   OBSERVED TIME   RECORD YEAR NORMAL DEPARTURE LAST
                VALUE   (LST)  VALUE       VALUE  FROM      YEAR
                                                  NORMAL
..................................................................
TEMPERATURE (F)
 YESTERDAY
  MAXIMUM         61    323 AM  92    1952  68     -7       56
  MINIMUM         51   1146 PM  29    1974  45      6       40
  AVERAGE         56                        56      0       48

PRECIPITATION (IN)
  YESTERDAY        0.14                      0.11   0.03      T
  MONTH TO DATE    0.20                      0.55  -0.35     0.02
  SINCE MAR 1      4.23                      6.22  -1.99     4.72
  SINCE JAN 1      7.85                     10.34  -2.49    11.90

SNOWFALL (IN)
  YESTERDAY        0.0                       0.0    0.0      0.0
  MONTH TO DATE    0.0                       0.0    0.0      0.0
  SINCE MAR 1      5.4                       7.0   -1.6     12.8
  SINCE JUL 1     45.7                      37.5    8.2     86.3
  SNOW DEPTH       0

DEGREE DAYS
 HEATING
  YESTERDAY        9                         9      0       17
  MONTH TO DATE   22                        49    -27       74
  SINCE MAR 1   1495                      1375    120     1673
  SINCE JUL 1   6751                      5951    800     6999

 COOLING
  YESTERDAY        0                         1     -1        0
  MONTH TO DATE    2                         2      0        0
  SINCE MAR 1      2                        10     -8        2
  SINCE JAN 1      2                        10     -8        2
..................................................................


WIND (MPH)
  HIGHEST WIND SPEED    16   HIGHEST WIND DIRECTION    NE (60)
  HIGHEST GUST SPEED    21   HIGHEST GUST DIRECTION    NE (60)
  AVERAGE WIND SPEED     7.9


SKY COVER
  POSSIBLE SUNSHINE  MM
  AVERAGE SKY COVER 0.9


WEATHER CONDITIONS
 THE FOLLOWING WEATHER WAS RECORDED YESTERDAY.
  RAIN
  LIGHT RAIN
  FOG
  HAZE


RELATIVE HUMIDITY (PERCENT)
 HIGHEST    97          1200 AM
 LOWEST     62           800 AM
 AVERAGE    80

..........................................................


THE TOLEDO OH CLIMATE NORMALS FOR TODAY
                         NORMAL    RECORD    YEAR
 MAXIMUM TEMPERATURE (F)   68        90      1949
 MINIMUM TEMPERATURE (F)   45        26      1968


SUNRISE AND SUNSET
MAY  6 2015...........SUNRISE   626 AM EDT   SUNSET   838 PM EDT
MAY  7 2015...........SUNRISE   625 AM EDT   SUNSET   839 PM EDT


-  INDICATES NEGATIVE NUMBERS.
R  INDICATES RECORD WAS SET OR TIED.
MM INDICATES DATA IS MISSING.
T  INDICATES TRACE AMOUNT.




$$
