000
CDUS44 KMRX 270815 RRB
CLITRI

CLIMATE REPORT
NATIONAL WEATHER SERVICE MORRISTOWN TN
414 AM EDT MON APR 27 2015


...................................

...THE TRI-CITIES CLIMATE SUMMARY FOR APRIL 26 2015...

CLIMATE NORMAL PERIOD 1981 TO 2010
CLIMATE RECORD PERIOD 1934 TO 2015


WEATHER ITEM   OBSERVED TIME   RECORD YEAR NORMAL DEPARTURE LAST
                VALUE   (LST)  VALUE       VALUE  FROM      YEAR
                                                  NORMAL
..................................................................
TEMPERATURE (F)
 YESTERDAY
  MAXIMUM         65    911 AM  88    1986  71     -6       77
                                      1960
                                      1948
  MINIMUM         50   1159 PM  31    1972  45      5       41
  AVERAGE         58                        58      0       59

PRECIPITATION (IN)
  YESTERDAY        0.03          1.26 1967   0.11  -0.08     0.00
  MONTH TO DATE    4.89                      2.87   2.02     2.17
  SINCE MAR 1      8.79                      6.31   2.48     4.44
  SINCE JAN 1     14.12                     13.13   0.99     9.50

SNOWFALL (IN)
  YESTERDAY        0.0                       0.0    0.0      0.0
  MONTH TO DATE    0.0                       1.0   -1.0       T
  SINCE MAR 1      T                         2.4   -2.4      0.7
  SINCE JUL 1     15.5                      13.2    2.3     13.0
  SNOW DEPTH       0

DEGREE DAYS
 HEATING
  YESTERDAY        7                         7      0        6
  MONTH TO DATE  162                       277   -115      218
  SINCE MAR 1    665                       845   -180      834
  SINCE JUL 1   4292                      4227     65     4329

 COOLING
  YESTERDAY        0                         1     -1        0
  MONTH TO DATE   10                         5      5        6
  SINCE MAR 1     10                         6      4        6
  SINCE JAN 1     10                         6      4        6
..................................................................


WIND (MPH)
  HIGHEST WIND SPEED    33   HIGHEST WIND DIRECTION    SW (230)
  HIGHEST GUST SPEED    45   HIGHEST GUST DIRECTION    SW (230)
  AVERAGE WIND SPEED     6.7


SKY COVER
  POSSIBLE SUNSHINE  MM
  AVERAGE SKY COVER 0.9


WEATHER CONDITIONS
 THE FOLLOWING WEATHER WAS RECORDED YESTERDAY.
  THUNDERSTORM
  RAIN
  FOG


RELATIVE HUMIDITY (PERCENT)
 HIGHEST    93           500 AM
 LOWEST     59           700 PM
 AVERAGE    76

..........................................................


THE TRI-CITIES      ASOS CLIMATE NORMALS FOR TODAY
                         NORMAL    RECORD    YEAR
 MAXIMUM TEMPERATURE (F)   71        89      1986
 MINIMUM TEMPERATURE (F)   46        29      1976


SUNRISE AND SUNSET
APRIL 27 2015.........SUNRISE   641 AM EDT   SUNSET   814 PM EDT
APRIL 28 2015.........SUNRISE   640 AM EDT   SUNSET   815 PM EDT


-  INDICATES NEGATIVE NUMBERS.
R  INDICATES RECORD WAS SET OR TIED.
MM INDICATES DATA IS MISSING.
T  INDICATES TRACE AMOUNT.




$$
