000
CDUS44 KSHV 050731
CLITYR


CLIMATE REPORT
NATIONAL WEATHER SERVICE SHREVEPORT, LA
231 AM CDT TUE MAY 5 2015


...................................

...THE TYLER CLIMATE SUMMARY FOR MAY 4 2015...

CLIMATE NORMAL PERIOD 1981 TO 2010
CLIMATE RECORD PERIOD 1896 TO 2015


WEATHER ITEM   OBSERVED TIME   RECORD YEAR NORMAL DEPARTURE LAST
                VALUE   (LST)  VALUE       VALUE  FROM      YEAR
                                                  NORMAL
..................................................................
TEMPERATURE (F)
 YESTERDAY
  MAXIMUM         84    315 PM  92    1943  80      4       88
  MINIMUM         62    552 AM  38    2013  60      2       57
                                      1954
  AVERAGE         73                        70      3       73

PRECIPITATION (IN)
  YESTERDAY        0.00          3.03 1979   0.15  -0.15     0.00
  MONTH TO DATE    0.00                      0.60  -0.60     0.00
  SINCE DEC 1     24.50                     19.00   5.50    11.79
  SINCE JAN 1     23.03                     14.76   8.27     8.77

SNOWFALL (IN)
  YESTERDAY        0.0
  MONTH TO DATE    0.0
  SINCE MAR 1      0.5
  SINCE JUL 1      2.1
  SNOW DEPTH       0

DEGREE DAYS
 HEATING
  YESTERDAY        0                         1     -1        0
  MONTH TO DATE    0                         4     -4       10
  SINCE MAR 1    307                       374    -67      464
  SINCE JUL 1   2194                      2266    -72     2528

 COOLING
  YESTERDAY        8                         6      2        8
  MONTH TO DATE   24                        21      3       11
  SINCE MAR 1    197                       121     76      140
  SINCE JAN 1    197                       133     64      143
..................................................................


WIND (MPH)
  HIGHEST WIND SPEED    17   HIGHEST WIND DIRECTION    SE (130)
  HIGHEST GUST SPEED    22   HIGHEST GUST DIRECTION    SE (150)
  AVERAGE WIND SPEED     8.4


SKY COVER
  POSSIBLE SUNSHINE  MM
  AVERAGE SKY COVER 0.2


WEATHER CONDITIONS
 THE FOLLOWING WEATHER WAS RECORDED YESTERDAY.
  NO SIGNIFICANT WEATHER WAS OBSERVED.


RELATIVE HUMIDITY (PERCENT)
 HIGHEST    84           300 AM
 LOWEST     34           200 PM
 AVERAGE    59

..........................................................


THE TYLER CLIMATE NORMALS FOR TODAY
                         NORMAL    RECORD    YEAR
 MAXIMUM TEMPERATURE (F)   80        93      1906
 MINIMUM TEMPERATURE (F)   60        41      2013


SUNRISE AND SUNSET
MAY  5 2015...........SUNRISE   632 AM CDT   SUNSET   805 PM CDT
MAY  6 2015...........SUNRISE   631 AM CDT   SUNSET   806 PM CDT


-  INDICATES NEGATIVE NUMBERS.
R  INDICATES RECORD WAS SET OR TIED.
MM INDICATES DATA IS MISSING.
T  INDICATES TRACE AMOUNT.




$$
