000
CDUS43 KLSX 012229
CLIUIN


CLIMATE REPORT
NATIONAL WEATHER SERVICE ST LOUIS MO
526 PM CDT WED APR 1 2015


...................................

...THE QUINCY IL CLIMATE SUMMARY FOR APRIL 1 2015...
VALID TODAY AS OF 0500 PM LOCAL TIME.

CLIMATE NORMAL PERIOD 1981 TO 2010
CLIMATE RECORD PERIOD 1901 TO 2015


WEATHER ITEM   OBSERVED TIME   RECORD YEAR NORMAL DEPARTURE LAST
                VALUE   (LST)  VALUE       VALUE  FROM      YEAR
                                                  NORMAL
..................................................................
TEMPERATURE (F)
 TODAY
  MAXIMUM         77    213 PM  86    2010  58     19       54
                                      1946
  MINIMUM         45    530 AM  21    1924  38      7       30
  AVERAGE         61                        48     13       42

PRECIPITATION (IN)
  TODAY            0.00          2.74 1983   0.11  -0.11     0.01
  MONTH TO DATE    0.00                      0.11  -0.11     0.01
  SINCE MAR 1      0.95                      2.57  -1.62     0.69
  SINCE JAN 1      2.99                      5.97  -2.98     2.81

DEGREE DAYS
 HEATING
  TODAY            4                        17    -13
  MONTH TO DATE    4                        17    -13
  SINCE MAR 1    716                       735    -19
  SINCE JUL 1   5382                      5077    305

 COOLING
  TODAY            0                         0      0
  MONTH TO DATE    0                         0      0
  SINCE MAR 1      0                         2     -2
  SINCE JAN 1      0                         2     -2
..................................................................


WIND (MPH)
  HIGHEST WIND SPEED    25   HIGHEST WIND DIRECTION     S (160)
  HIGHEST GUST SPEED    31   HIGHEST GUST DIRECTION     S (170)
  AVERAGE WIND SPEED    12.3


SKY COVER
  AVERAGE SKY COVER 0.0



RELATIVE HUMIDITY (PERCENT)
 HIGHEST    60           500 AM
 LOWEST     21           100 PM
 AVERAGE    41

..........................................................


THE QUINCY IL CLIMATE NORMALS FOR TOMORROW
                         NORMAL    RECORD    YEAR
 MAXIMUM TEMPERATURE (F)   59        87      2012
 MINIMUM TEMPERATURE (F)   38        22      2013
                                             1961


SUNRISE AND SUNSET
APRIL  1 2015.........SUNRISE   649 AM CDT   SUNSET   729 PM CDT
APRIL  2 2015.........SUNRISE   648 AM CDT   SUNSET   730 PM CDT


-  INDICATES NEGATIVE NUMBERS.
R  INDICATES RECORD WAS SET OR TIED.
MM INDICATES DATA IS MISSING.
T  INDICATES TRACE AMOUNT.




$$
