000
CDUS46 KEKA 061210
CLIUKI


CLIMATE REPORT
NATIONAL WEATHER SERVICE EUREKA CA
508 AM PDT WED MAY 6 2015


...................................

...THE UKIAH CA CLIMATE SUMMARY FOR MAY 5 2015...

CLIMATE NORMAL PERIOD 1981 TO 2010
CLIMATE RECORD PERIOD 1903 TO 2015


WEATHER ITEM   OBSERVED TIME   RECORD YEAR NORMAL DEPARTURE LAST
                VALUE   (LST)  VALUE       VALUE  FROM      YEAR
                                                  NORMAL
..................................................................
TEMPERATURE (F)
 YESTERDAY
  MAXIMUM         75    330 PM  98    1987  75      0       68
  MINIMUM         46    510 AM  32    1924  46      0       46
  AVERAGE         61                        60      1       57

PRECIPITATION (IN)
  YESTERDAY        0.00          0.70 1986   0.07  -0.07     0.00
  MONTH TO DATE    0.00                      0.35  -0.35     0.00
  SINCE OCT 1     25.44                     35.35  -9.91    17.97
  SINCE JAN 1      7.67                     21.97 -14.30    16.63

SNOWFALL (IN)
  YESTERDAY        0.0          MM      MM  MM     MM        0.0
  MONTH TO DATE    0.0                      MM     MM        0.0
  SINCE MAR 1      0.0                      MM     MM        0.0
  SINCE JUL 1      0.0                      MM     MM        0.0
  SNOW DEPTH       0

DEGREE DAYS
 HEATING
  YESTERDAY        4                         6     -2        8
  MONTH TO DATE    5                        31    -26       19
  SINCE MAR 1    408                       744   -336      487
  SINCE JUL 1   1922                      2977  -1055     2494

 COOLING
  YESTERDAY        0                         1     -1        0
  MONTH TO DATE    7                         5      2        6
  SINCE MAR 1     21                        13      8       18
  SINCE JAN 1     21                        13      8       18
..................................................................


WIND (MPH)
  HIGHEST WIND SPEED    16   HIGHEST WIND DIRECTION     N (350)
  HIGHEST GUST SPEED    22   HIGHEST GUST DIRECTION     N (10)
  AVERAGE WIND SPEED     7.3


SKY COVER
  AVERAGE SKY COVER 0.0


WEATHER CONDITIONS
 THE FOLLOWING WEATHER WAS RECORDED YESTERDAY.
  NO SIGNIFICANT WEATHER WAS OBSERVED.


RELATIVE HUMIDITY (PERCENT)
 HIGHEST    82
 LOWEST     31
 AVERAGE    57

..........................................................


THE UKIAH CA CLIMATE NORMALS FOR TODAY
                         NORMAL    RECORD    YEAR
 MAXIMUM TEMPERATURE (F)   75       100      1987
 MINIMUM TEMPERATURE (F)   46        32      1977


SUNRISE AND SUNSET
MAY  6 2015...........SUNRISE   609 AM PDT   SUNSET   811 PM PDT
MAY  7 2015...........SUNRISE   608 AM PDT   SUNSET   811 PM PDT


-  INDICATES NEGATIVE NUMBERS.
R  INDICATES RECORD WAS SET OR TIED.
MM INDICATES DATA IS MISSING.
T  INDICATES TRACE AMOUNT.




$$
