000
CDUS43 KUNR 180832
CLIUNR


CLIMATE REPORT
NATIONAL WEATHER SERVICE RAPID CITY SD
231 AM MDT SAT APR 18 2015


...................................

...THE EAST RAPID CITY SD CLIMATE SUMMARY FOR APRIL 17 2015...

CLIMATE NORMAL PERIOD 1981 TO 2010
CLIMATE RECORD PERIOD 1888 TO 2015


WEATHER ITEM   OBSERVED RECORD YEAR NORMAL DEPARTURE LAST
                VALUE   VALUE       VALUE  FROM      YEAR
                                           NORMAL
...........................................................
TEMPERATURE (F)
 YESTERDAY
  MAXIMUM         57     86    2005  56      1       53
  MINIMUM         42     20    2001  34      8       27
                               1953
  AVERAGE         50                 45      5       40

PRECIPITATION (IN)
  YESTERDAY        0.01   1.06 1920   0.07  -0.06      T
  MONTH TO DATE    0.20               0.99  -0.79     0.68
  SINCE MAR 1      0.30               1.98  -1.68     1.81
  SINCE JAN 1      0.85               2.75  -1.90     2.32

SNOWFALL (IN)
  YESTERDAY        0.0    6.8  1920   0.3   -0.3      0.0
  MONTH TO DATE    T                  5.9   -5.9      7.8
  SINCE MAR 1      1.4               17.7  -16.3     22.2
  SINCE JUL 1     37.1               44.4   -7.3     72.3
  SNOW DEPTH       0

DEGREE DAYS
 HEATING
  YESTERDAY       15                 20     -5       25
  MONTH TO DATE  302                382    -80      413
  SINCE MAR 1    927               1290   -363     1433
  SINCE JUL 1   5623               6244   -621     6781

 COOLING
  YESTERDAY        0                  0      0        0
  MONTH TO DATE    0                  0      0        0
  SINCE MAR 1      6                  0      6        0
  SINCE JAN 1      6                  0      6        0
...........................................................


WIND (MPH)
  HIGHEST GUST SPEED    18   HIGHEST GUST DIRECTION     S (180)



WEATHER CONDITIONS
 THE FOLLOWING WEATHER WAS RECORDED YESTERDAY.
  LIGHT RAIN


..........................................................


THE EAST RAPID CITY SD CLIMATE NORMALS FOR TODAY
                         NORMAL    RECORD    YEAR
 MAXIMUM TEMPERATURE (F)   57        84      1923
 MINIMUM TEMPERATURE (F)   35        16      1953


SUNRISE AND SUNSET
APRIL 18 2015.........SUNRISE   605 AM MDT   SUNSET   740 PM MDT
APRIL 19 2015.........SUNRISE   603 AM MDT   SUNSET   742 PM MDT


-  INDICATES NEGATIVE NUMBERS.
R  INDICATES RECORD WAS SET OR TIED.
MM INDICATES DATA IS MISSING.
T  INDICATES TRACE AMOUNT.




$$
