000
CDUS42 KMLB 030635
CLIVRB


CLIMATE REPORT
NATIONAL WEATHER SERVICE MELBOURNE FL
235 AM EDT SUN MAY 3 2015


...................................

...THE VERO BEACH CLIMATE SUMMARY FOR MAY 2 2015...

CLIMATE NORMAL PERIOD 1981 TO 2010
CLIMATE RECORD PERIOD 1942 TO 2015


WEATHER ITEM   OBSERVED TIME   RECORD YEAR NORMAL DEPARTURE LAST
                VALUE   (LST)  VALUE       VALUE  FROM      YEAR
                                                  NORMAL
..................................................................
TEMPERATURE (F)
 YESTERDAY
  MAXIMUM         81    131 PM  94    2002  83     -2       89
  MINIMUM         67    556 AM  51    1999  64      3       69
  AVERAGE         74                        74      0       79

PRECIPITATION (IN)
  YESTERDAY        0.00          2.43 2013   0.07  -0.07     0.55
  MONTH TO DATE    0.00                      0.15  -0.15     0.55
  SINCE MAR 1      7.10                      6.99   0.11     4.52
  SINCE JAN 1     10.73                     12.16  -1.43    11.07

SNOWFALL (IN)
  YESTERDAY        0.0
  MONTH TO DATE    0.0
  SINCE JUL 1      0.0

DEGREE DAYS
 HEATING
  YESTERDAY        0                         0      0        0
  MONTH TO DATE    0                         0      0        0
  SINCE MAR 1     12                        70    -58       33
  SINCE JUL 1    384                       455    -71      268

 COOLING
  YESTERDAY        9                         9      0       14
  MONTH TO DATE   15                        17     -2       30
  SINCE MAR 1    623                       336    287      380
  SINCE JAN 1    748                       475    273      588
..................................................................


WIND (MPH)
  HIGHEST WIND SPEED    16   HIGHEST WIND DIRECTION     E (70)
  HIGHEST GUST SPEED    25   HIGHEST GUST DIRECTION    NE (50)
  AVERAGE WIND SPEED    10.3


SKY COVER
  AVERAGE SKY COVER 0.2


WEATHER CONDITIONS
 THE FOLLOWING WEATHER WAS RECORDED YESTERDAY.
  NO SIGNIFICANT WEATHER WAS OBSERVED.


RELATIVE HUMIDITY (PERCENT)
 HIGHEST    63           600 AM
 LOWEST     33          1100 AM
 AVERAGE    48

..........................................................


THE VERO BEACH CLIMATE NORMALS FOR TODAY
                         NORMAL    RECORD    YEAR
 MAXIMUM TEMPERATURE (F)   83        94      1997
 MINIMUM TEMPERATURE (F)   65        53      2006


SUNRISE AND SUNSET
MAY  3 2015...........SUNRISE   641 AM EDT   SUNSET   757 PM EDT
MAY  4 2015...........SUNRISE   640 AM EDT   SUNSET   757 PM EDT


-  INDICATES NEGATIVE NUMBERS.
R  INDICATES RECORD WAS SET OR TIED.
MM INDICATES DATA IS MISSING.
T  INDICATES TRACE AMOUNT.




$$
