000
CDUS41 KBTV 250539
CLIVSF


CLIMATE REPORT
NATIONAL WEATHER SERVICE BURLINGTON VT
129 AM EDT SAT APR 25 2015


...................................

...THE SPRINGFIELD VT CLIMATE SUMMARY FOR APRIL 24 2015...

CLIMATE NORMAL PERIOD 1981 TO 2010
CLIMATE RECORD PERIOD 9999 TO 9999


WEATHER ITEM   OBSERVED TIME   NORMAL DEPARTURE LAST
                VALUE   (LST)  VALUE  FROM      YEAR
                                      NORMAL
......................................................
TEMPERATURE (F)
 YESTERDAY
  MAXIMUM         41    500 PM  60    -19       54
  MINIMUM         33   1228 AM  36     -3       36
  AVERAGE         37            48    -11       45

PRECIPITATION (IN)
  YESTERDAY        0.00          0.10  -0.10     0.00
  MONTH TO DATE    2.24          3.00  -0.76     1.94
  SINCE MAR 1      3.09          6.30  -3.21     3.96
  SINCE JAN 1      7.24         11.91  -4.67     7.65

DEGREE DAYS
 HEATING
  YESTERDAY       28            17     11       20
  MONTH TO DATE  557           530     27      524
  SINCE MAR 1   1756          1565    191     1796
  SINCE JUL 1   7308          7010    298     7507

 COOLING
  YESTERDAY        0             0      0        0
  MONTH TO DATE    0             0      0        0
  SINCE MAR 1      0             0      0        0
  SINCE JAN 1      0             0      0        0
......................................................


WIND (MPH)
  HIGHEST WIND SPEED    17   HIGHEST WIND DIRECTION     W (290)
  HIGHEST GUST SPEED    24   HIGHEST GUST DIRECTION     W (280)
  AVERAGE WIND SPEED     9.3


SKY COVER
  AVERAGE SKY COVER 1.0


WEATHER CONDITIONS
 THE FOLLOWING WEATHER WAS RECORDED YESTERDAY.
  NO SIGNIFICANT WEATHER WAS OBSERVED.


RELATIVE HUMIDITY (PERCENT)
 HIGHEST    70          1200 AM
 LOWEST     41           300 PM
 AVERAGE    56

..........................................................


THE SPRINGFIELD VT CLIMATE NORMALS FOR TODAY
                         NORMAL    RECORD    YEAR
 MAXIMUM TEMPERATURE (F)   61        89      2009
 MINIMUM TEMPERATURE (F)   36        24      2003


SUNRISE AND SUNSET
APRIL 25 2015.........SUNRISE   552 AM EDT   SUNSET   744 PM EDT
APRIL 26 2015.........SUNRISE   551 AM EDT   SUNSET   746 PM EDT


-  INDICATES NEGATIVE NUMBERS.
R  INDICATES RECORD WAS SET OR TIED.
MM INDICATES DATA IS MISSING.
T  INDICATES TRACE AMOUNT.




$$
