000
CDUS46 KLOX 060857
CLIWJF


CLIMATE REPORT
NATIONAL WEATHER SERVICE LOS ANGELES/OXNARD CA
157 AM PDT WED MAY 6 2015


...................................

...THE LANCASTER FOX FIELD CA CLIMATE SUMMARY FOR MAY 5 2015...

CLIMATE NORMAL PERIOD 1981 TO 2010
CLIMATE RECORD PERIOD 1948 TO 2015


WEATHER ITEM   OBSERVED TIME   RECORD YEAR NORMAL DEPARTURE
                VALUE   (LST)  VALUE       VALUE  FROM
                                                  NORMAL
...............................................................
TEMPERATURE (F)
 YESTERDAY
  MAXIMUM         71    231 PM  97    1989  79     -8
  MINIMUM         50    539 AM  37    1952  51     -1
  AVERAGE         61                        65     -4

PRECIPITATION (IN)
  YESTERDAY        0.00          0.49 2005   0.00   0.00
  MONTH TO DATE    0.00                      0.02  -0.02
  SINCE OCT 1      4.33                      6.92  -2.59
  SINCE JAN 1      1.41                      4.79  -3.38

SNOWFALL (IN)
  YESTERDAY        0.0           0.0    MM
  MONTH TO DATE    0.0
  SINCE MAR 1      0.0
  SINCE JUL 1      0.0
  SNOW DEPTH       0

DEGREE DAYS
 HEATING
  YESTERDAY        4                                1
  MONTH TO DATE    4                              -13
  SINCE MAR 1    406                             -186
  SINCE JUL 1   2275                             -610

 COOLING
  YESTERDAY        0                               -3
  MONTH TO DATE   11                               -3
  SINCE MAR 1     39                               -5
  SINCE JAN 1     39                               -5
...............................................................


WIND (MPH)
  HIGHEST WIND SPEED    36   HIGHEST WIND DIRECTION    SW (220)
  HIGHEST GUST SPEED    44   HIGHEST GUST DIRECTION    SW (220)
  AVERAGE WIND SPEED    21.9




RELATIVE HUMIDITY (PERCENT)
 HIGHEST    74
 LOWEST     37
 AVERAGE    56

..........................................................


THE LANCASTER FOX FIELD CA CLIMATE NORMALS FOR TODAY
                         NORMAL    RECORD    YEAR
 MAXIMUM TEMPERATURE (F)   79        95      1990
 MINIMUM TEMPERATURE (F)   51        33      1978


SUNRISE AND SUNSET
MAY  6 2015...........SUNRISE   558 AM PDT   SUNSET   742 PM PDT
MAY  7 2015...........SUNRISE   557 AM PDT   SUNSET   743 PM PDT


-  INDICATES NEGATIVE NUMBERS.
R  INDICATES RECORD WAS SET OR TIED.
MM INDICATES DATA IS MISSING.
T  INDICATES TRACE AMOUNT.




$$
