000
CDUS45 KLKN 250930
CLIWMC


CLIMATE REPORT
NATIONAL WEATHER SERVICE ELKO NV
230 AM PDT SAT APR 25 2015


...................................

...THE WINNEMUCCA AIRPORT NV CLIMATE SUMMARY FOR APRIL 24 2015...

CLIMATE NORMAL PERIOD 1981 TO 2010
CLIMATE RECORD PERIOD 1877 TO 2015


WEATHER ITEM   OBSERVED TIME   RECORD YEAR NORMAL DEPARTURE LAST
                VALUE   (LST)  VALUE       VALUE  FROM      YEAR
                                                  NORMAL
..................................................................
TEMPERATURE (F)
 YESTERDAY
  MAXIMUM         56   1212 AM  89    1977  65     -9       65
  MINIMUM         40   1131 PM  14    1985  32      8       45
  AVERAGE         48                        49     -1       55

PRECIPITATION (IN)
  YESTERDAY        0.41          0.53 1971   0.03   0.38      T
  MONTH TO DATE    1.19                      0.69   0.50     0.25
  SINCE OCT 1      5.10                      5.53  -0.43     5.63
  SINCE JAN 1      2.53                      3.05  -0.52     2.97

SNOWFALL (IN)
  YESTERDAY        0.0           6.5  1971   0.0    0.0      0.0
  MONTH TO DATE    1.4                       1.4    0.0      1.2
  SINCE MAR 1      1.4                       4.6   -3.2      1.9
  SINCE JUL 1      4.3                      20.6  -16.3     23.4
  SNOW DEPTH       0

DEGREE DAYS
 HEATING
  YESTERDAY       17                        16      1       10
  MONTH TO DATE  492                       459     33      405
  SINCE MAR 1   1089                      1198   -109     1108
  SINCE JUL 1   4871                      5787   -916     5767

 COOLING
  YESTERDAY        0                         0      0        0
  MONTH TO DATE    0                         0      0        0
  SINCE MAR 1      0                         0      0        0
  SINCE JAN 1      0                         0      0        0
..................................................................


WIND (MPH)
  HIGHEST WIND SPEED    21   HIGHEST WIND DIRECTION    SW (240)
  HIGHEST GUST SPEED    26   HIGHEST GUST DIRECTION    SW (240)
  AVERAGE WIND SPEED     6.9



WEATHER CONDITIONS
 THE FOLLOWING WEATHER WAS RECORDED YESTERDAY.
  HEAVY RAIN
  RAIN
  LIGHT RAIN
  FOG


RELATIVE HUMIDITY (PERCENT)
 HIGHEST    92           500 AM
 LOWEST     46           400 PM
 AVERAGE    69

..........................................................


THE WINNEMUCCA AIRPORT NV CLIMATE NORMALS FOR TODAY
                         NORMAL    RECORD    YEAR
 MAXIMUM TEMPERATURE (F)   65        87      1910
 MINIMUM TEMPERATURE (F)   33        13      1960


SUNRISE AND SUNSET
APRIL 25 2015.........SUNRISE   558 AM PDT   SUNSET   741 PM PDT
APRIL 26 2015.........SUNRISE   556 AM PDT   SUNSET   742 PM PDT


-  INDICATES NEGATIVE NUMBERS.
R  INDICATES RECORD WAS SET OR TIED.
MM INDICATES DATA IS MISSING.
T  INDICATES TRACE AMOUNT.




$$
