000
CDUS41 KPBZ 210726
CLIZZV


CLIMATE REPORT
NATIONAL WEATHER SERVICE PITTSBURGH PA
326 AM EDT TUE APR 21 2015


...................................

...THE ZANESVILLE OH CLIMATE SUMMARY FOR APRIL 20 2015...

CLIMATE NORMAL PERIOD 1981 TO 2010
CLIMATE RECORD PERIOD 1946 TO 2015


WEATHER ITEM   OBSERVED TIME   RECORD YEAR NORMAL DEPARTURE LAST
                VALUE   (LST)  VALUE       VALUE  FROM      YEAR
                                                  NORMAL
..................................................................
TEMPERATURE (F)
 YESTERDAY
  MAXIMUM         68    135 PM  85    1985  65      3       76
  MINIMUM         49   1159 PM  25    1988  41      8       39
  AVERAGE         59                        53      6       58

PRECIPITATION (IN)
  YESTERDAY        0.30         MM      MM   0.12   0.18     0.00
  MONTH TO DATE    5.15                      2.30   2.85     2.96
  SINCE JUN 1     34.89                     32.53   2.36    35.67
  SINCE JAN 1     12.48                     10.13   2.35     7.36

DEGREE DAYS
 HEATING
  YESTERDAY        6                        12     -6        7
  MONTH TO DATE  186                       306   -120      265
  SINCE MAR 1   1056                      1059     -3     1166
  SINCE JUL 1   5713                      5250    463     5723

 COOLING
  YESTERDAY        0                         0      0        0
  MONTH TO DATE    1                         0      1        5
  SINCE MAR 1      1                         1      0        5
  SINCE JAN 1      1                         1      0        5
..................................................................


WIND (MPH)
  HIGHEST WIND SPEED    24   HIGHEST WIND DIRECTION     S (200)
  HIGHEST GUST SPEED    35   HIGHEST GUST DIRECTION     S (200)
  AVERAGE WIND SPEED    12.7


SKY COVER
  POSSIBLE SUNSHINE  MM
  AVERAGE SKY COVER 0.9


WEATHER CONDITIONS
 THE FOLLOWING WEATHER WAS RECORDED YESTERDAY.
  HEAVY RAIN
  RAIN
  LIGHT RAIN
  FOG


RELATIVE HUMIDITY (PERCENT)
 HIGHEST    86           600 PM
 LOWEST     56          1100 PM
 AVERAGE    71

..........................................................


THE ZANESVILLE OH CLIMATE NORMALS FOR TODAY
                         NORMAL    RECORD    YEAR
 MAXIMUM TEMPERATURE (F)   65        88      1985
 MINIMUM TEMPERATURE (F)   42        22      1953


SUNRISE AND SUNSET
APRIL 21 2015.........SUNRISE   641 AM EDT   SUNSET   812 PM EDT
APRIL 22 2015.........SUNRISE   640 AM EDT   SUNSET   813 PM EDT


-  INDICATES NEGATIVE NUMBERS.
R  INDICATES RECORD WAS SET OR TIED.
MM INDICATES DATA IS MISSING.
T  INDICATES TRACE AMOUNT.




$$
