000
CXUS51 KPHI 280800
CF6ABE
PRELIMINARY LOCAL CLIMATOLOGICAL DATA (WS FORM: F-6)

                                          STATION:   ALLENTOWN PA
                                          MONTH:     APRIL
                                          YEAR:      2015
                                          LATITUDE:   40 39 N
                                          LONGITUDE:  75 26 W

  TEMPERATURE IN F:       :PCPN:    SNOW:  WIND      :SUNSHINE: SKY     :PK WND
================================================================================
1   2   3   4   5  6A  6B    7    8   9   10  11  12  13   14  15   16   17  18
                                     12Z  AVG MX 2MIN
DY MAX MIN AVG DEP HDD CDD  WTR  SNW DPTH SPD SPD DIR MIN PSBL S-S WX    SPD DR
================================================================================

 1  51  29  40  -5  25   0 0.00  0.0    0  5.9 16 310   M    M   1        23 290
 2  66  26  46   1  19   0    T  0.0    0  9.0 25 210   M    M   2        32 210
 3  67  49  58  12   7   0 0.08  0.0    0  4.4 17 210   M    M   9 12     23 210
 4  58  38  48   2  17   0 0.22  0.0    0 13.6 30 290   M    M   4 12     40 310
 5  64  30  47   1  18   0 0.00  0.0    0 10.9 31 240   M    M   5        43 240
 6  75  33  54   7  11   0 0.00  0.0    0  7.1 18 210   M    M   2        26 180
 7  64  45  55   8  10   0 0.14  0.0    0  7.4 17  50   M    M   9 1      22  50
 8  47  39  43  -4  22   0 0.06  0.0    0 10.7 21  90   M    M  10 18     28 100
 9  42  38  40  -8  25   0 0.04  0.0    0  8.0 15 100   M    M  10 18     20  90
10  53  39  46  -2  19   0 0.12  0.0    0  5.1 10 240   M    M   9 1      15 250
11  58  38  48   0  17   0 0.00  0.0    0  9.4 23 330   M    M   2        31 300
12  68  29  49   0  16   0 0.00  0.0    0  4.2 12 240   M    M   0        15 230
13  76  37  57   8   8   0 0.00  0.0    0  9.3 23 220   M    M   0        31 220
14  65  46  56   7   9   0 0.04  0.0    0  3.0 14 350   M    M   6 1      17  10
15  70  39  55   5  10   0 0.00  0.0    0  6.2 21 350   M    M   0        25 360
16  70  39  55   5  10   0 0.01  0.0    0  7.1 17 200   M    M   1        25 190
17  71  50  61  11   4   0 0.02  0.0    0  6.7 15 250   M    M   7 1      18 250
18  80  42  61  10   4   0 0.00  0.0    0  6.9 20 350   M    M   0 1      29 260
19  68  43  56   5   9   0    T  0.0    0  8.8 20 110   M    M   1        24 100
20  62  47  55   3  10   0 0.73  0.0    0 11.3 26 110   M    M  10 1      37 110
21  63  44  54   2  11   0 0.28  0.0    0  9.7 24 270   M    M   5 1      32 260
22  68  38  53   1  12   0 0.03  0.0    0  8.0 38 270   M    M   4        55 270
23  48  36  42 -10  23   0    T    T    0 13.0 22 300   M    M   8        31 300
24  55  35  45  -8  20   0    T  0.0    0 12.2 26 330   M    M   5        33 290
25  59  27  43 -10  22   0 0.00  0.0    0  4.4 14 260   M    M   0        21 250
26  61  35  48  -6  17   0 0.00  0.0    0  4.5 16 350   M    M   2        22 350
27  58  40  49  -5  16   0 0.00  0.0    0 10.3 20 340   M    M   9        26 340
================================================================================
SM 1687 1031       391   0  1.77    T    217.1          M      121
================================================================================
AV 62.5 38.2                               8.0 FASTST   M    M   4    MAX(MPH)
                                 MISC ---->  # 38 270               # 55  270
================================================================================
NOTES:
# LAST OF SEVERAL OCCURRENCES

COLUMN 17 PEAK WIND IN M.P.H.

PRELIMINARY LOCAL CLIMATOLOGICAL DATA (WS FORM: F-6) , PAGE 2

                                          STATION:  ALLENTOWN PA
                                          MONTH:    APRIL
                                          YEAR:     2015
                                          LATITUDE:   40 39 N
                                          LONGITUDE:  75 26 W

[TEMPERATURE DATA]      [PRECIPITATION DATA]       SYMBOLS USED IN COLUMN 16

AVERAGE MONTHLY: 50.3   TOTAL FOR MONTH:   1.77    1 = FOG OR MIST
DPTR FM NORMAL:   0.9   DPTR FM NORMAL:   -1.44    2 = FOG REDUCING VISIBILITY
HIGHEST:    80 ON 18    GRTST 24HR  0.93 ON 20-21      TO 1/4 MILE OR LESS
LOWEST:     26 ON  2                               3 = THUNDER
                        SNOW, ICE PELLETS, HAIL    4 = ICE PELLETS
                        TOTAL MONTH:    T          5 = HAIL
                        GRTST 24HR    T  ON 23-23  6 = FREEZING RAIN OR DRIZZLE
                        GRTST DEPTH:   0           7 = DUSTSTORM OR SANDSTORM:
                                                       VSBY 1/2 MILE OR LESS
                                                   8 = SMOKE OR HAZE
[NO. OF DAYS WITH]      [WEATHER - DAYS WITH]      9 = BLOWING SNOW
                                                   X = TORNADO
MAX 32 OR BELOW:   0    0.01 INCH OR MORE:  12
MAX 90 OR ABOVE:   0    0.10 INCH OR MORE:   5
MIN 32 OR BELOW:   5    0.50 INCH OR MORE:   1
MIN  0 OR BELOW:   0    1.00 INCH OR MORE:   0

[HDD (BASE 65) ]
TOTAL THIS MO.   391    CLEAR  (SCALE 0-3)  12
DPTR FM NORMAL   -33    PTCLDY (SCALE 4-7)   8
TOTAL FM JUL 1  5826    CLOUDY (SCALE 8-10)  7
DPTR FM NORMAL   290

[CDD (BASE 65) ]
TOTAL THIS MO.     0
DPTR FM NORMAL     0    [PRESSURE DATA]
TOTAL FM JAN 1     0    HIGHEST SLP M ON M
DPTR FM NORMAL     0    LOWEST  SLP 29.53 ON  4

[REMARKS]
