000
CXUS52 KTAE 010800
CF6ABY
PRELIMINARY LOCAL CLIMATOLOGICAL DATA (WS FORM: F-6)

                                          STATION:   ALBANY
                                          MONTH:     MARCH
                                          YEAR:      2015
                                          LATITUDE:   31 31 N
                                          LONGITUDE:  84 11 W

  TEMPERATURE IN F:       :PCPN:    SNOW:  WIND      :SUNSHINE: SKY     :PK WND
================================================================================
1   2   3   4   5  6A  6B    7    8   9   10  11  12  13   14  15   16   17  18
                                     12Z  AVG MX 2MIN
DY MAX MIN AVG DEP HDD CDD  WTR  SNW DPTH SPD SPD DIR MIN PSBL S-S WX    SPD DR
================================================================================

 1  52  44  48  -8  17   0 0.01  0.0    0  7.2 16  50   M    M  10 18     18  60
 2  67  49  58   2   7   0    T  0.0    0  1.9 14 350   M    M   8 128    16 340
 3  83  53  68  12   0   3 0.00  0.0    0  5.0 14 200   M    M   6 12     21 100
 4  80  57  69  13   0   4 0.00  0.0    0  7.3 18 200   M    M   7 128    25 210
 5  81  43  62   5   3   0 0.40  0.0    0 11.7 23 280   M    M   7 1      31 270
 6  48  38  43 -14  22   0 0.00  0.0    0  6.3 17 340   M    M   7 18     22 330
 7  66  33  50  -7  15   0 0.00  0.0    0  2.5 10  60   M    M   0 1      23 150
 8  74  35  55  -2  10   0 0.00  0.0    0  1.5  9 170   M    M   1 18     16 160
 9  80  45  63   5   2   0 0.00  0.0    0  3.9 14 160   M    M   7        21 150
10  84  58  71  13   0   6 0.00  0.0    0  8.6 22 190   M    M   3 8      28 190
11  85  62  74  16   0   9 0.51  0.0    0  4.3 35 210   M    M   8 123    50 200
12  83  61  72  14   0   7 0.32  0.0    0  7.6 23 100   M    M   5 123    28 100
13  65  56  61   2   4   0 0.04  0.0    0 11.4 21  80   M    M   9 18     24  80
14  82  56  69  10   0   4 0.01  0.0    0  5.8 18 230   M    M   7 1      23 240
15  83  54  69  10   0   4 0.00  0.0    0  3.2 12 360   M    M   0        22  20
16  84  46  65   6   0   0 0.00  0.0    M  2.5 10 330   M    M   0 8      16  40
17  85  52  69   9   0   4 0.00  0.0    0  6.9 20 280   M    M   0 18     26 320
18  80  54  67   7   0   2 0.00  0.0    0  5.9 14 130   M    M   0 18     17 110
19  73  60  67   7   0   2 0.12  0.0    0  4.3 15 130   M    M   8 18     24  90
20  81  58  70  10   0   5 0.34  0.0    0  3.4 22  20   M    M   9 128    34  20
21  82  63  73  13   0   8    T  0.0    0  3.3 10 220   M    M   4 12     23 340
22  69  61  65   4   0   0 0.11  0.0    0  5.9 23 330   M    M  10 1      28 340
23  65  58  62   1   3   0 0.16  0.0    0  8.1 14  70   M    M  10 1      18  20
24  71  58  65   4   0   0 0.00  0.0    0  4.5 13  50   M    M   9 1      16 150
25  79  57  68   7   0   3 0.00  0.0    0  4.4 12  70   M    M   6        23  20
26  75  57  66   4   0   1 0.15  0.0    0  4.6 14 160   M    M   6 1      18 170
27  65  50  58  -4   7   0 0.00  0.0    0 10.7 21 320   M    M   5        28 310
28  61  40  51 -11  14   0 0.00  0.0    0  9.2 20 320   M    M   3        25 330
29  65  42  54  -8  11   0 0.00  0.0    0  5.5 13  70   M    M   4 8      19 100
30  78  45  62   0   3   0    T    M    0  6.7 22 250   M    M   3 8      32 250
31  82  56  69   6   0   4    T  0.0    0  6.0 16 250   M    M   6 128    22 240
================================================================================
SM 2308 1601       118  66  2.17     0.0 180.1          M      168
================================================================================
AV 74.5 51.6                               5.8 FASTST   M    M   5    MAX(MPH)
                                 MISC ---->  # 35 210               # 50  200
================================================================================
NOTES:
# LAST OF SEVERAL OCCURRENCES

COLUMN 17 PEAK WIND IN M.P.H.

PRELIMINARY LOCAL CLIMATOLOGICAL DATA (WS FORM: F-6) , PAGE 2

                                          STATION:  ALBANY
                                          MONTH:    MARCH
                                          YEAR:     2015
                                          LATITUDE:   31 31 N
                                          LONGITUDE:  84 11 W

[TEMPERATURE DATA]      [PRECIPITATION DATA]       SYMBOLS USED IN COLUMN 16

AVERAGE MONTHLY: 63.0   TOTAL FOR MONTH:   2.17    1 = FOG OR MIST
DPTR FM NORMAL:   3.8   DPTR FM NORMAL:   -2.88    2 = FOG REDUCING VISIBILITY
HIGHEST:    85 ON 17,11 GRTST 24HR  0.51 ON 11-11      TO 1/4 MILE OR LESS
LOWEST:     33 ON  7                               3 = THUNDER
                        SNOW, ICE PELLETS, HAIL    4 = ICE PELLETS
                        TOTAL MONTH:   0.0 INCH    5 = HAIL
                        GRTST 24HR     0.0         6 = FREEZING RAIN OR DRIZZLE
                        GRTST DEPTH:   0           7 = DUSTSTORM OR SANDSTORM:
                                                       VSBY 1/2 MILE OR LESS
                                                   8 = SMOKE OR HAZE
[NO. OF DAYS WITH]      [WEATHER - DAYS WITH]      9 = BLOWING SNOW
                                                   X = TORNADO
MAX 32 OR BELOW:   0    0.01 INCH OR MORE:  11
MAX 90 OR ABOVE:   0    0.10 INCH OR MORE:   8
MIN 32 OR BELOW:   0    0.50 INCH OR MORE:   1
MIN  0 OR BELOW:   0    1.00 INCH OR MORE:   0

[HDD (BASE 65) ]
TOTAL THIS MO.   118    CLEAR  (SCALE 0-3)   8
DPTR FM NORMAL   -91    PTCLDY (SCALE 4-7)  16
TOTAL FM JUL 1  1842    CLOUDY (SCALE 8-10)  7
DPTR FM NORMAL    73

[CDD (BASE 65) ]
TOTAL THIS MO.    66
DPTR FM NORMAL    37    [PRESSURE DATA]
TOTAL FM JAN 1    68    HIGHEST SLP 30.46 ON 29
DPTR FM NORMAL    30    LOWEST  SLP 29.76 ON 27

[REMARKS]
#FINAL-03-15#
