000
CXUS55 KCTP 251131
CF6AOO
PRELIMINARY LOCAL CLIMATOLOGICAL DATA (WS FORM: F-6)

                                          STATION:   ALTOONA
                                          MONTH:     APRIL
                                          YEAR:      2015
                                          LATITUDE:   40 17 N
                                          LONGITUDE:  78 19 W

  TEMPERATURE IN F:       :PCPN:    SNOW:  WIND      :SUNSHINE: SKY     :PK WND
================================================================================
1   2   3   4   5  6A  6B    7    8   9   10  11  12  13   14  15   16   17  18
                                     12Z  AVG MX 2MIN
DY MAX MIN AVG DEP HDD CDD  WTR  SNW DPTH SPD SPD DIR MIN PSBL S-S WX    SPD DR
================================================================================

 1  53  27  40  -4  25   0 0.00    M    M  5.8 20 300   M    M   3        26 300
 2  67  29  48   4  17   0 0.15    M    M  7.1 20 210   M    M   3 1      24 210
 3  63  46  55  11  10   0 0.14    M    M  9.7 25 310   M    M   9 18     31 310
 4  48  36  42  -3  23   0 0.02    M    M 16.8 28 290   M    M   4        36 320
 5  61  40  51   6  14   0 0.00    M    M 13.2 29 270   M    M   2        40 290
 6  72  35  54   8  11   0    T    M    M  7.1 23 210   M    M   4        35 240
 7  65  50  58  12   7   0    T    M    M  6.1 14  10   M    M   9 18     17  10
 8  50  42  46   0  19   0 0.05    M    M  7.5 16 150   M    M  10 1      19 150
 9  47  40  44  -3  21   0 0.21  0.0    M  8.9 18 160   M    M  10 12     23 150
10  68  42  55   8  10   0 0.94  0.0    M 12.2 29 280   M    M   7 13     44 250
11  54  36  45  -2  20   0    T    M    M 13.9 30 280   M    M   3        39 300
12  66  31  49   1  16   0 0.00  0.0    M  4.5 15 210   M    M   0        18 220
13  76  47  62  14   3   0 0.01    M    M  9.1 23 150   M    M   2        30 150
14  65  41  53   4  12   0 0.07    M    M  5.3 16 360   M    M   7 1      20 350
15  65  40  53   4  12   0 0.00    M    M  4.3 14  10   M    M   0        18  20
16  65  43  54   5  11   0 0.02    M    M 11.2 22 170   M    M   4        31 150
17  69  49  59   9   6   0 0.01    M    M  6.6 15 300   M    M   7        19 300
18  76  44  60  10   5   0 0.00    M    M  5.7 17 300   M    M   0 1      22 300
19  64  46  55   5  10   0 0.28    M    0 11.5 23 130   M    M   3 1      28 120
20  71  45  58   7   7   0 0.87    M    M  7.9 26 260   M    M   8 13     34 260
21  58  43  51   0  14   0 0.06    M    M 13.8 31 210   M    M   7        42 210
22  54  36  45  -6  20   0 0.16    M    M 13.0 28 270   M    M   7 13     37 290
23  42  32  37 -15  28   0 0.00    M    M 14.8 29 310   M    M   9        38 270
24  52  32  42 -10  23   0 0.00    M    M 16.6 30 310   M    M   3        42 310
================================================================================
SM 1471  952       344   0  2.99     0.0 232.6          M      121
================================================================================
AV 61.3 39.7                               9.7 FASTST   M    M   5    MAX(MPH)
                                 MISC ---->  # 31 210               # 44  250
================================================================================
NOTES:
# LAST OF SEVERAL OCCURRENCES

COLUMN 17 PEAK WIND IN M.P.H.

PRELIMINARY LOCAL CLIMATOLOGICAL DATA (WS FORM: F-6) , PAGE 2

                                          STATION:  ALTOONA
                                          MONTH:    APRIL
                                          YEAR:     2015
                                          LATITUDE:   40 17 N
                                          LONGITUDE:  78 19 W

[TEMPERATURE DATA]      [PRECIPITATION DATA]       SYMBOLS USED IN COLUMN 16

AVERAGE MONTHLY: 50.5   TOTAL FOR MONTH:   2.99    1 = FOG OR MIST
DPTR FM NORMAL:   2.5   DPTR FM NORMAL:    0.44    2 = FOG REDUCING VISIBILITY
HIGHEST:    76 ON 18,13 GRTST 24HR  1.15 ON  9-10      TO 1/4 MILE OR LESS
LOWEST:     27 ON  1                               3 = THUNDER
                        SNOW, ICE PELLETS, HAIL    4 = ICE PELLETS
                        TOTAL MONTH:   0.0 INCH    5 = HAIL
                        GRTST 24HR     0.0         6 = FREEZING RAIN OR DRIZZLE
                        GRTST DEPTH:   0           7 = DUSTSTORM OR SANDSTORM:
                                                       VSBY 1/2 MILE OR LESS
                                                   8 = SMOKE OR HAZE
[NO. OF DAYS WITH]      [WEATHER - DAYS WITH]      9 = BLOWING SNOW
                                                   X = TORNADO
MAX 32 OR BELOW:   0    0.01 INCH OR MORE:  14
MAX 90 OR ABOVE:   0    0.10 INCH OR MORE:   7
MIN 32 OR BELOW:   5    0.50 INCH OR MORE:   2
MIN  0 OR BELOW:   0    1.00 INCH OR MORE:   0

[HDD (BASE 65) ]
TOTAL THIS MO.   344    CLEAR  (SCALE 0-3)  10
DPTR FM NORMAL   -71    PTCLDY (SCALE 4-7)   8
TOTAL FM JUL 1  6063    CLOUDY (SCALE 8-10)  6
DPTR FM NORMAL   234

[CDD (BASE 65) ]
TOTAL THIS MO.     0
DPTR FM NORMAL     0    [PRESSURE DATA]
TOTAL FM JAN 1     0    HIGHEST SLP M ON M
DPTR FM NORMAL    -1    LOWEST  SLP 29.46 ON 20

[REMARKS]
