000
CXUS55 KCAE 202130
CF6CUB
PRELIMINARY LOCAL CLIMATOLOGICAL DATA (WS FORM: F-6)

                                          STATION:   HAMILTON - OWENS AIRPORT SC
                                          MONTH:     APRIL
                                          YEAR:      2015
                                          LATITUDE:   33 58 N
                                          LONGITUDE:  80 59 W

  TEMPERATURE IN F:       :PCPN:    SNOW:  WIND      :SUNSHINE: SKY     :PK WND
================================================================================
1   2   3   4   5  6A  6B    7    8   9   10  11  12  13   14  15   16   17  18
                                     12Z  AVG MX 2MIN
DY MAX MIN AVG DEP HDD CDD  WTR  SNW DPTH SPD SPD DIR MIN PSBL S-S WX    SPD DR
================================================================================

 1  77  58  68   7   0   3 0.00    M    M  4.9 12 260   M    M   0        17  30
 2  80  52  66   5   0   1    T    M    M  6.2 15 180   M    M   2        21 170
 3  86  65  76  14   0  11    T    M    M  7.3 17 200   M    M   5        23 220
 4  74  51  63   1   2   0 0.05    M    M  5.6 15 250   M    M   3 1      22 230
 5  70  45  58  -4   7   0 0.00    M    M  3.1 12 180   M    M   0        18 180
 6  80  57  69   7   0   4 0.00    M    M  3.1 13 190   M    M   3        18 170
 7  79  61  70   8   0   5 0.61    M    M  1.4 17 280   M    M   7 13     28 310
 8  89  64  77  14   0  12    T    M    M  3.2 13 280   M    M   2 13     19 280
 9  90  66  78  15   0  13 0.00    M    M  6.3 14 170   M    M   2        19 190
10  86  67  77  14   0  12 0.11    M    M  7.3 20 230   M    M   4 3      26 220
11  82  63  73  10   0   8 0.01999.0    M  2.4 10 270   M    M   2        17  70
12  76  56  66   2   0   1 0.00    M    M  2.8 10 120   M    M   2        17 150
13  79  63  71   7   0   6 0.01    M    M  3.2 10 130   M    M   8        17 120
14  85  68  77  13   0  12 0.00    M    M  4.1 15 210   M    M   7 1      20 270
15  74  56  65   1   0   0 0.46    M    M  4.2 12  70   M    M   8 13     17  70
16  57  49  53 -11  12   0 0.08    M    M  3.4 12  50   M    M  10 1      20  70
17  72  57  65   0   0   0 0.04    M    M  0.9  6 170   M    M   9 18      8 320
18  75  66  71   6   0   6 0.02  0.0    0  1.1  9 180   M    M  10 1      12 170
19  73  64  69   4   0   4 0.73    M    M  3.5 20 200   M    M  10 13     27 210
================================================================================
SM 1484 1128        21  98  2.12   999.0  74.0          M       94
================================================================================
AV 78.1 59.4                               3.9 FASTST   M    M   5    MAX(MPH)
                                 MISC ---->  # 20 230               # 28  310
================================================================================
NOTES:
# LAST OF SEVERAL OCCURRENCES

COLUMN 17 PEAK WIND IN M.P.H.

PRELIMINARY LOCAL CLIMATOLOGICAL DATA (WS FORM: F-6) , PAGE 2

                                          STATION:  HAMILTON - OWENS AIRPORT SC
                                          MONTH:    APRIL
                                          YEAR:     2015
                                          LATITUDE:   33 58 N
                                          LONGITUDE:  80 59 W

[TEMPERATURE DATA]      [PRECIPITATION DATA]       SYMBOLS USED IN COLUMN 16

AVERAGE MONTHLY: 68.7   TOTAL FOR MONTH:   2.12    1 = FOG OR MIST
DPTR FM NORMAL:   5.6   DPTR FM NORMAL:    0.33    2 = FOG REDUCING VISIBILITY
HIGHEST:    90 ON  9    GRTST 24HR  0.73 ON 19-19      TO 1/4 MILE OR LESS
LOWEST:     45 ON  5                               3 = THUNDER
                        SNOW, ICE PELLETS, HAIL    4 = ICE PELLETS
                        TOTAL MONTH: 999.0 INCHES  5 = HAIL
                        GRTST 24HR 999.0 ON 11-11  6 = FREEZING RAIN OR DRIZZLE
                        GRTST DEPTH:   0           7 = DUSTSTORM OR SANDSTORM:
                                                       VSBY 1/2 MILE OR LESS
                                                   8 = SMOKE OR HAZE
[NO. OF DAYS WITH]      [WEATHER - DAYS WITH]      9 = BLOWING SNOW
                                                   X = TORNADO
MAX 32 OR BELOW:   0    0.01 INCH OR MORE:  10
MAX 90 OR ABOVE:   1    0.10 INCH OR MORE:   4
MIN 32 OR BELOW:   0    0.50 INCH OR MORE:   2
MIN  0 OR BELOW:   0    1.00 INCH OR MORE:   0

[HDD (BASE 65) ]
TOTAL THIS MO.    21    CLEAR  (SCALE 0-3)   9
DPTR FM NORMAL   -56    PTCLDY (SCALE 4-7)   4
TOTAL FM JUL 1  2355    CLOUDY (SCALE 8-10)  6
DPTR FM NORMAL    75

[CDD (BASE 65) ]
TOTAL THIS MO.    98
DPTR FM NORMAL    54    [PRESSURE DATA]
TOTAL FM JAN 1   119    HIGHEST SLP M ON M
DPTR FM NORMAL    57    LOWEST  SLP 29.73 ON 19

[REMARKS]
