000
CXUS55 KVEF 250940
CF6DAG
PRELIMINARY LOCAL CLIMATOLOGICAL DATA (WS FORM: F-6)

                                          STATION:   BARSTOW-DAGGETT CA
                                          MONTH:     APRIL
                                          YEAR:      2015
                                          LATITUDE:   34 51 N
                                          LONGITUDE: 116 47 W

  TEMPERATURE IN F:       :PCPN:    SNOW:  WIND      :SUNSHINE: SKY     :PK WND
================================================================================
1   2   3   4   5  6A  6B    7    8   9   10  11  12  13   14  15   16   17  18
                                     12Z  AVG MX 2MIN
DY MAX MIN AVG DEP HDD CDD  WTR  SNW DPTH SPD SPD DIR MIN PSBL S-S WX    SPD DR
================================================================================

 1  83  53  68   7   0   3 0.00  0.0    0 18.2 35 240   M    M   0 8      42 230
 2  75  53  64   3   1   0 0.00  0.0    0 11.8 29 230   M    M   0        37 260
 3  76  42  59  -3   6   0 0.00  0.0    0  5.6 15  80   M    M   0        19  90
 4  84  46  65   3   0   0 0.00  0.0    0 10.9 23 240   M    M   0        31 240
 5  81  50  66   4   0   1 0.00  0.0    0 17.4 28 230   M    M   0        36 250
 6  73  49  61  -1   4   0 0.00  0.0    0 15.1 29 260   M    M   0        35 250
 7  70  43  57  -5   8   0 0.00  0.0    0 18.3 32 270   M    M   2        37 250
 8  67  47  57  -6   8   0 0.00  0.0    0 13.3 30 250   M    M   0        36 250
 9  76  43  60  -3   5   0 0.00  0.0    0  8.2 17  40   M    M   0        26  60
10  79  50  65   2   0   0 0.00  0.0    0  8.8 23 250   M    M   0        29 250
11  81  51  66   3   0   1 0.00  0.0    0 12.8 23 270   M    M   0        27 250
12  86  53  70   6   0   5 0.00  0.0    0  8.3 20 290   M    M   0        22 290
13  91  58  75  11   0  10 0.00  0.0    0 15.5 30 240   M    M   0        35 240
14  81  53  67   3   0   2 0.00  0.0    0 23.5 43 270   M    M   1        52 260
15  72  49  61  -3   4   0 0.00  0.0    0  6.8 18 360   M    M   1        23 310
16  75  44  60  -5   5   0 0.00  0.0    0  5.6 14 200   M    M   0        18  80
17  83  51  67   2   0   2 0.00  0.0    0 10.2 20 280   M    M   0        25 280
18  88  55  72   7   0   7 0.00  0.0    0 11.2 20 230   M    M   0        25 230
19  90  59  75   9   0  10 0.00  0.0    0 10.1 20 240   M    M   0        24 200
20  91  60  76  10   0  11 0.00  0.0    0 10.6 20 280   M    M   0        21 130
21  78  57  68   2   0   3    T  0.0    0 12.3 31 190   M    M   0 3      38 190
22  79  52  66   0   0   1    T  0.0    0 11.5 29 240   M    M   2        40 250
23  76  51  64  -3   1   0    T  0.0    0 13.1 28 210   M    M   1 3      32 200
24  77  56  67   0   0   2 0.00  0.0    0 27.6 43 250   M    M   0        50 270
================================================================================
SM 1912 1225        42  58    T      0.0 306.7          M        7
================================================================================
AV 79.7 51.0                              12.8 FASTST   M    M   0    MAX(MPH)
                                 MISC ---->  # 43 270               # 52  260
================================================================================
NOTES:
# LAST OF SEVERAL OCCURRENCES

COLUMN 17 PEAK WIND IN M.P.H.

PRELIMINARY LOCAL CLIMATOLOGICAL DATA (WS FORM: F-6) , PAGE 2

                                          STATION:  BARSTOW-DAGGETT CA
                                          MONTH:    APRIL
                                          YEAR:     2015
                                          LATITUDE:   34 51 N
                                          LONGITUDE: 116 47 W

[TEMPERATURE DATA]      [PRECIPITATION DATA]       SYMBOLS USED IN COLUMN 16

AVERAGE MONTHLY: 65.4   TOTAL FOR MONTH:      T    1 = FOG OR MIST
DPTR FM NORMAL:   1.5   DPTR FM NORMAL:   -0.15    2 = FOG REDUCING VISIBILITY
HIGHEST:    91 ON 20,13 GRTST 24HR    T  ON 23-23      TO 1/4 MILE OR LESS
LOWEST:     42 ON  3                               3 = THUNDER
                        SNOW, ICE PELLETS, HAIL    4 = ICE PELLETS
                        TOTAL MONTH:   0.0 INCH    5 = HAIL
                        GRTST 24HR     0.0         6 = FREEZING RAIN OR DRIZZLE
                        GRTST DEPTH:   0           7 = DUSTSTORM OR SANDSTORM:
                                                       VSBY 1/2 MILE OR LESS
                                                   8 = SMOKE OR HAZE
[NO. OF DAYS WITH]      [WEATHER - DAYS WITH]      9 = BLOWING SNOW
                                                   X = TORNADO
MAX 32 OR BELOW:   0    0.01 INCH OR MORE:   0
MAX 90 OR ABOVE:   3    0.10 INCH OR MORE:   0
MIN 32 OR BELOW:   0    0.50 INCH OR MORE:   0
MIN  0 OR BELOW:   0    1.00 INCH OR MORE:   0

[HDD (BASE 65) ]
TOTAL THIS MO.    42    CLEAR  (SCALE 0-3)  24
DPTR FM NORMAL   -42    PTCLDY (SCALE 4-7)   0
TOTAL FM JUL 1  1375    CLOUDY (SCALE 8-10)  0
DPTR FM NORMAL  -699

[CDD (BASE 65) ]
TOTAL THIS MO.    58
DPTR FM NORMAL    -2    [PRESSURE DATA]
TOTAL FM JAN 1   160    HIGHEST SLP M ON M
DPTR FM NORMAL    81    LOWEST  SLP 29.66 ON  5

[REMARKS]
