000
CXUS53 KARX 260930
CF6DEH
PRELIMINARY LOCAL CLIMATOLOGICAL DATA (WS FORM: F-6)

                                          STATION:   DECORAH IA
                                          MONTH:     APRIL
                                          YEAR:      2015
                                          LATITUDE:   43 16 N
                                          LONGITUDE:  91 44 W

  TEMPERATURE IN F:       :PCPN:    SNOW:  WIND      :SUNSHINE: SKY     :PK WND
================================================================================
1   2   3   4   5  6A  6B    7    8   9   10  11  12  13   14  15   16   17  18
                                     12Z  AVG MX 2MIN
DY MAX MIN AVG DEP HDD CDD  WTR  SNW DPTH SPD SPD DIR MIN PSBL S-S WX    SPD DR
================================================================================

 1  77  43  60   M   5   0 0.00  0.0    0 13.7 23 180   M    M   3        36 180
 2  63  46  55   M  10   0 0.23  0.0    0  9.5 16 340   M    M   5        25 290
 3  46  30  38   M  27   0 0.00  0.0    0 12.5 18 320   M    M   5        28 310
 4  57  30  44   M  21   0    T  0.0    0  6.2 12 270   M    M   4        22 270
 5  64  41  53   M  12   0 0.00  0.0    0  7.0 14  90   M    M   3        22  60
 6  59  36  48   M  17   0 0.00  0.0    0  9.3 17  70   M    M   6        24  70
 7  46  37  42   M  23   0 0.60    M    0 14.3 33 100   M    M  10 1      39 100
 8  46  37  42   M  23   0 0.26  0.0    0  9.3 17  90   M    M  10 12     18  60
 9  48  34  41   M  24   0    M    M    0 10.0 20 320   M    M  10 12     31 320
10  50  34  42   M  23   0 0.00  0.0    M  8.2 18 320   M    M   6 1      29 300
11  64  37  51   M  14   0 0.00  0.0    0  7.3 13 180   M    M   2        22 180
12  68  48  58   M   7   0 0.00  0.0    0 14.0 22 210   M    M   3        37 200
13  61  46  54   M  11   0 0.01    M    0  9.2 20 290   M    M   1        32 300
14  66  36  51   M  14   0 0.00  0.0    0  3.0  7 130   M    M   0         M  M
15  68  46  57   M   8   0 0.00  0.0    0  9.6 17 120   M    M   1        28 160
16  72  46  59   M   6   0 0.00  0.0    0  4.5  9 120   M    M   6        12  99
17  77  48  63   M   2   0 0.00  0.0    0  2.8 10 320   M    M   3        14   0
18  73  52  63   M   2   0 0.18  0.0    0  9.5 21 110   M    M   4 8      27 110
19  55  46  51   M  14   0 0.79  0.0    0  9.1 17 330   M    M   8        27 330
20  46  37  42   M  23   0 0.29    M    0 14.0 20 320   M    M  10        31 320
21  41  34  38   M  27   0 0.00  0.0    0 13.2 17 310   M    M  10        36 300
22  48  32  40   M  25   0 0.00  0.0    0 12.8 23 320   M    M   5        31 320
23  54  28  41   M  24   0 0.00  0.0    0  5.3 15 340   M    M   0        20 350
24  46  36  41   M  24   0 0.20  0.0    0 10.0 17 160   M    M   8 1      27 160
25  52  37  45   M  20   0 0.00  0.0    0 12.3 20  90   M    M   8        27 100
================================================================================
SM 1447  977       406   0  2.56     0.0 236.6          M      131
================================================================================
AV 57.9 39.1                               9.5 FASTST   M    M   5    MAX(MPH)
                                 MISC ---->    33   M                 39    M
================================================================================
NOTES:
# LAST OF SEVERAL OCCURRENCES

COLUMN 17 PEAK WIND IN M.P.H.

PRELIMINARY LOCAL CLIMATOLOGICAL DATA (WS FORM: F-6) , PAGE 2

                                          STATION:  DECORAH IA
                                          MONTH:    APRIL
                                          YEAR:     2015
                                          LATITUDE:   43 16 N
                                          LONGITUDE:  91 44 W

[TEMPERATURE DATA]      [PRECIPITATION DATA]       SYMBOLS USED IN COLUMN 16

AVERAGE MONTHLY: 48.5   TOTAL FOR MONTH:   2.56    1 = FOG OR MIST
DPTR FM NORMAL:     M   DPTR FM NORMAL:       M    2 = FOG REDUCING VISIBILITY
HIGHEST:    77 ON 17, 1 GRTST 24HR  0.79 ON 19-19      TO 1/4 MILE OR LESS
LOWEST:     28 ON 23                               3 = THUNDER
                        SNOW, ICE PELLETS, HAIL    4 = ICE PELLETS
                        TOTAL MONTH:   0.0 INCH    5 = HAIL
                        GRTST 24HR     0.0         6 = FREEZING RAIN OR DRIZZLE
                        GRTST DEPTH:   0           7 = DUSTSTORM OR SANDSTORM:
                                                       VSBY 1/2 MILE OR LESS
                                                   8 = SMOKE OR HAZE
[NO. OF DAYS WITH]      [WEATHER - DAYS WITH]      9 = BLOWING SNOW
                                                   X = TORNADO
MAX 32 OR BELOW:   0    0.01 INCH OR MORE:   8
MAX 90 OR ABOVE:   0    0.10 INCH OR MORE:   7
MIN 32 OR BELOW:   4    0.50 INCH OR MORE:   2
MIN  0 OR BELOW:   0    1.00 INCH OR MORE:   0

[HDD (BASE 65) ]
TOTAL THIS MO.   406    CLEAR  (SCALE 0-3)   8
DPTR FM NORMAL     M    PTCLDY (SCALE 4-7)  12
TOTAL FM JUL 1  7245    CLOUDY (SCALE 8-10)  5
DPTR FM NORMAL     M

[CDD (BASE 65) ]
TOTAL THIS MO.     0
DPTR FM NORMAL     M    [PRESSURE DATA]
TOTAL FM JAN 1     0    HIGHEST SLP M ON M
DPTR FM NORMAL     M    LOWEST  SLP M ON M

[REMARKS]
