000
CXUS52 KMLB 261112
CF6FPR
PRELIMINARY LOCAL CLIMATOLOGICAL DATA (WS FORM: F-6)

                                          STATION:   FORT PIERCE
                                          MONTH:     APRIL
                                          YEAR:      2015
                                          LATITUDE:   27 30 N
                                          LONGITUDE:  80 22 W

  TEMPERATURE IN F:       :PCPN:    SNOW:  WIND      :SUNSHINE: SKY     :PK WND
================================================================================
1   2   3   4   5  6A  6B    7    8   9   10  11  12  13   14  15   16   17  18
                                     12Z  AVG MX 2MIN
DY MAX MIN AVG DEP HDD CDD  WTR  SNW DPTH SPD SPD DIR MIN PSBL S-S WX    SPD DR
================================================================================

 1  82  59  71   2   0   6 0.00  0.0    0  5.6 13 130   M    M   3 12     16 110
 2  84  58  71   2   0   6 0.00  0.0    0  5.5 16 120   M    M   1 1      21 120
 3  83  58  71   2   0   6 0.00  0.0    0  7.0 17 120   M    M   1 12     23 110
 4  87  58  73   3   0   8 0.00  0.0    0  5.8 15 120   M    M   1        19 110
 5  83  58  71   1   0   6 0.00  0.0    0  5.6 14  70   M    M   1        19  70
 6  83  66  75   5   0  10 0.47  0.0    0  9.7 17 120   M    M   6        28 100
 7  83  68  76   6   0  11 0.00  0.0    0  9.0 17 110   M    M   2        23 110
 8  84  65  75   5   0  10 0.00  0.0    0  8.4 16 100   M    M   1        22 110
 9  83  62  73   3   0   8 0.00  0.0    0  8.5 17 120   M    M   1        24 100
10  87  72  80  10   0  15 0.00  0.0    0 11.6 22 120   M    M   3 3      27 130
11  88  66  77   7   0  12    T  0.0    0  8.1 21 130   M    M   2 123    26 120
12  86  65  76   5   0  11 0.03  0.0    0  7.4 22 130   M    M   2 13     26 130
13  86  68  77   6   0  12 0.03  0.0    0  9.6 22 120   M    M   2 13     27 140
14  87  65  76   5   0  11 0.00  0.0    0  8.8 18 150   M    M   3 12     26 150
15  87  65  76   5   0  11 0.00  0.0    0  7.7 21 120   M    M   3        25 130
16  88  66  77   6   0  12 0.15  0.0    0  6.4 20 130   M    M   4 13     22 130
17  90  66  78   7   0  13    T  0.0    0  5.0 15 140   M    M   2 1      19 130
18  94  68  81   9   0  16 0.76  0.0    0  6.3 15 220   M    M   2 3      21 250
19  89  69  79   7   0  14 0.81  0.0    0  5.2 20 170   M    M   4 13     24 140
20  87  70  79   7   0  14 0.23  0.0    0  5.2 17 270   M    M   5 138    21 280
21  86  70  78   6   0  13 0.00  0.0    0  3.9 12  90   M    M   2        14 130
22  86  67  77   5   0  12 0.02  0.0    0  4.8 12  70   M    M   3 1      16  50
23  84  69  77   5   0  12    T  0.0    0  5.6 13  70   M    M   4        16  80
24  86  70  78   6   0  13 0.00  0.0    0  6.3 15 360   M    M   2 1      20  60
25  92  66  79   7   0  14 0.01  0.0    0  5.9 15 250   M    M   2        20 220
================================================================================
SM 2155 1634         0 276  2.51     0.0 172.9          M       62
================================================================================
AV 86.2 65.4                               6.9 FASTST   M    M   2    MAX(MPH)
                                 MISC ---->  # 22 120               # 28  100
================================================================================
NOTES:
# LAST OF SEVERAL OCCURRENCES

COLUMN 17 PEAK WIND IN M.P.H.

PRELIMINARY LOCAL CLIMATOLOGICAL DATA (WS FORM: F-6) , PAGE 2

                                          STATION:  FORT PIERCE
                                          MONTH:    APRIL
                                          YEAR:     2015
                                          LATITUDE:   27 30 N
                                          LONGITUDE:  80 22 W

[TEMPERATURE DATA]      [PRECIPITATION DATA]       SYMBOLS USED IN COLUMN 16

AVERAGE MONTHLY: 75.8   TOTAL FOR MONTH:   2.51    1 = FOG OR MIST
DPTR FM NORMAL:   5.0   DPTR FM NORMAL:    0.26    2 = FOG REDUCING VISIBILITY
HIGHEST:    94 ON 18    GRTST 24HR  1.55 ON 18-19      TO 1/4 MILE OR LESS
LOWEST:     58 ON  5, 4                            3 = THUNDER
                        SNOW, ICE PELLETS, HAIL    4 = ICE PELLETS
                        TOTAL MONTH:   0.0 INCH    5 = HAIL
                        GRTST 24HR     0.0         6 = FREEZING RAIN OR DRIZZLE
                        GRTST DEPTH:   0           7 = DUSTSTORM OR SANDSTORM:
                                                       VSBY 1/2 MILE OR LESS
                                                   8 = SMOKE OR HAZE
[NO. OF DAYS WITH]      [WEATHER - DAYS WITH]      9 = BLOWING SNOW
                                                   X = TORNADO
MAX 32 OR BELOW:   0    0.01 INCH OR MORE:   9
MAX 90 OR ABOVE:   3    0.10 INCH OR MORE:   5
MIN 32 OR BELOW:   0    0.50 INCH OR MORE:   2
MIN  0 OR BELOW:   0    1.00 INCH OR MORE:   0

[HDD (BASE 65) ]
TOTAL THIS MO.     0    CLEAR  (SCALE 0-3)  17
DPTR FM NORMAL   -13    PTCLDY (SCALE 4-7)   8
TOTAL FM JUL 1   385    CLOUDY (SCALE 8-10)  0
DPTR FM NORMAL   -56

[CDD (BASE 65) ]
TOTAL THIS MO.   276
DPTR FM NORMAL   120    [PRESSURE DATA]
TOTAL FM JAN 1   628    HIGHEST SLP M ON M
DPTR FM NORMAL   227    LOWEST  SLP 29.76 ON 25

[REMARKS]
