000
CXUS54 KJAN 281200
CF6GWO
PRELIMINARY LOCAL CLIMATOLOGICAL DATA (WS FORM: F-6)

                                          STATION:   GREENWOOD
                                          MONTH:     APRIL
                                          YEAR:      2015
                                          LATITUDE:   33 30 N
                                          LONGITUDE:  90  5 W

  TEMPERATURE IN F:       :PCPN:    SNOW:  WIND      :SUNSHINE: SKY     :PK WND
================================================================================
1   2   3   4   5  6A  6B    7    8   9   10  11  12  13   14  15   16   17  18
                                     12Z  AVG MX 2MIN
DY MAX MIN AVG DEP HDD CDD  WTR  SNW DPTH SPD SPD DIR MIN PSBL S-S WX    SPD DR
================================================================================

 1  79  55  67   7   0   2 0.00  0.0    0  7.6 16 160   M    M   3 18     23 170
 2  82  64  73  13   0   8 0.15  0.0    0 11.3 28 210   M    M   5 3      35 220
 3  84  55  70  10   0   5 0.17  0.0    0 13.4 26 210   M    M   8 138    35 200
 4  68  43  56  -4   9   0 0.00  0.0    0  8.8 23  30   M    M   1        26  30
 5  63  41  52  -9  13   0    T  0.0    0  3.1 13 140   M    M   3        15 140
 6  78  55  67   6   0   2 0.01  0.0    0  7.9 16 210   M    M   6 3      19 210
 7  83  68  76  15   0  11    T  0.0    0  9.8 22 200   M    M   3 1      27 210
 8  87  65  76  15   0  11 0.00  0.0    0  9.5 21 220   M    M   3 1      26 220
 9  86  70  78  16   0  13 0.24  0.0    0 13.0 24 190   M    M   4 13     30 190
10  73  51  62   0   3   0 0.75  0.0    0  6.7 17 360   M    M   4 13     25 360
11  78  43  61  -1   4   0 0.00  0.0    0  5.9 21 100   M    M   0        26  90
12  80  50  65   3   0   0 0.00  0.0    0  6.7 17 170   M    M   3        23 180
13  77  64  71   8   0   6 0.39  0.0    0  6.3 15 140   M    M   8 12     19 150
14  72  62  67   4   0   2 0.23  0.0    0  4.7 12  20   M    M  10 1      14  20
15  80  65  73  10   0   8 0.10  0.0    M  6.8 18 190   M    M   7 138    22 190
16  81  64  73   9   0   8    T  0.0    0  3.2 14 200   M    M   6 138    17 170
17  73  64  69   5   0   4 0.96  0.0    0  7.2 21  50   M    M   6 13     27  50
18  70  61  66   2   0   1 0.16  0.0    0  5.8 15 110   M    M   8 1      20 120
19  79  64  72   8   0   7 0.75  0.0    0  9.8 20 220   M    M   5 13     27 250
20  68  50  59  -6   6   0 0.00  0.0    0  5.3 14 310   M    M   3        22 290
21  74  46  60  -5   5   0 0.00  0.0    0  2.5  9 220   M    M   0 1      12 200
22  80  51  66   1   0   1 0.00  0.0    0  3.0 10 210   M    M   1 1      13 220
23  65  54  60  -5   5   0 0.18  0.0    0  7.1 16  20   M    M   6 13     20  20
24  69  53  61  -5   4   0 1.63  0.0    0  5.0 21 130   M    M   5 13     31 290
25  82  61  72   6   0   7 0.45  0.0    M  9.5 20 220   M    M   0 138    26 230
26  83  58  71   5   0   6 0.00  0.0    0  6.8 18  50   M    M   1 12     23  30
27  72  51  62  -5   3   0 0.00  0.0    0 10.0 22  60   M    M   0        26  60
================================================================================
SM 2066 1528        52 102  6.17     0.0 196.7          M      109
================================================================================
AV 76.5 56.6                               7.3 FASTST   M    M   4    MAX(MPH)
                                 MISC ---->  # 28 210               # 35  220
================================================================================
NOTES:
# LAST OF SEVERAL OCCURRENCES

COLUMN 17 PEAK WIND IN M.P.H.

PRELIMINARY LOCAL CLIMATOLOGICAL DATA (WS FORM: F-6) , PAGE 2

                                          STATION:  GREENWOOD
                                          MONTH:    APRIL
                                          YEAR:     2015
                                          LATITUDE:   33 30 N
                                          LONGITUDE:  90  5 W

[TEMPERATURE DATA]      [PRECIPITATION DATA]       SYMBOLS USED IN COLUMN 16

AVERAGE MONTHLY: 66.6   TOTAL FOR MONTH:   6.17    1 = FOG OR MIST
DPTR FM NORMAL:   3.5   DPTR FM NORMAL:    1.55    2 = FOG REDUCING VISIBILITY
HIGHEST:    87 ON  8    GRTST 24HR  2.08 ON 24-25      TO 1/4 MILE OR LESS
LOWEST:     41 ON  5                               3 = THUNDER
                        SNOW, ICE PELLETS, HAIL    4 = ICE PELLETS
                        TOTAL MONTH:   0.0 INCH    5 = HAIL
                        GRTST 24HR     0.0         6 = FREEZING RAIN OR DRIZZLE
                        GRTST DEPTH:   0           7 = DUSTSTORM OR SANDSTORM:
                                                       VSBY 1/2 MILE OR LESS
                                                   8 = SMOKE OR HAZE
[NO. OF DAYS WITH]      [WEATHER - DAYS WITH]      9 = BLOWING SNOW
                                                   X = TORNADO
MAX 32 OR BELOW:   0    0.01 INCH OR MORE:  14
MAX 90 OR ABOVE:   0    0.10 INCH OR MORE:  13
MIN 32 OR BELOW:   0    0.50 INCH OR MORE:   4
MIN  0 OR BELOW:   0    1.00 INCH OR MORE:   1

[HDD (BASE 65) ]
TOTAL THIS MO.    52    CLEAR  (SCALE 0-3)  10
DPTR FM NORMAL   -66    PTCLDY (SCALE 4-7)  15
TOTAL FM JUL 1  2846    CLOUDY (SCALE 8-10)  2
DPTR FM NORMAL   181

[CDD (BASE 65) ]
TOTAL THIS MO.   102
DPTR FM NORMAL    38    [PRESSURE DATA]
TOTAL FM JAN 1   111    HIGHEST SLP M ON M
DPTR FM NORMAL    21    LOWEST  SLP 29.64 ON 25

[REMARKS]
