000
CXUS53 KIWX 260800
CF6IWX
PRELIMINARY LOCAL CLIMATOLOGICAL DATA (WS FORM: F-6)

                                          STATION:   NORTH WEBSTER WFO
                                          MONTH:     APRIL
                                          YEAR:      2015
                                          LATITUDE:   41 21 N
                                          LONGITUDE:  85 42 W

  TEMPERATURE IN F:       :PCPN:    SNOW:  WIND      :SUNSHINE: SKY     :PK WND
================================================================================
1   2   3   4   5  6A  6B    7    8   9   10  11  12  13   14  15   16   17  18
                                     12Z  AVG MX 2MIN
DY MAX MIN AVG DEP HDD CDD  WTR  SNW DPTH SPD SPD DIR MIN PSBL S-S WX    SPD DR
================================================================================

 1  69  35  52   8  13   0 0.00  0.0    0   M   M   M   M    M   M         M  M
 2  61  44  53   9  12   0 0.20  0.0    0   M   M   M   M    M   M         M  M
 3  55  31  43  -2  22   0 0.01  0.0    0   M   M   M   M    M   M         M  M
 4  55  26  41  -4  24   0 0.00  0.0    0   M   M   M   M    M   M         M  M
 5  64  42  53   7  12   0 0.00  0.0    M   M   M   M   M    M   M         M  M
 6  60  42  51   5  14   0 0.01  0.0    M   M   M   M   M    M   M         M  M
 7  53  41  47   1  18   0 0.23  0.0    0   M   M   M   M    M   M         M  M
 8  68  38  53   6  12   0 0.07  0.0    0   M   M   M   M    M   M         M  M
 9  72  45  59  12   6   0 0.27  0.0    0   M   M   M   M    M   M         M  M
10  69  38  54   6  11   0 0.07  0.0    0   M   M   M   M    M   M         M  M
11  63  33  48   0  17   0 0.00  0.0    M   M   M   M   M    M   M         M  M
12  67  43  55   7  10   0 0.00  0.0    0   M   M   M   M    M   M         M  M
13  68  47  58   9   7   0 0.02  0.0    0   M   M   M   M    M   M         M  M
14  66  45  56   7   9   0 0.00  0.0    M   M   M   M   M    M   M         M  M
15  65  39  52   2  13   0 0.01  0.0    0   M   M   M   M    M   M         M  M
16  62  43  53   3  12   0 0.24  0.0    0   M   M   M   M    M   M 1       M  M
17  78  44  61  11   4   0 0.00  0.0    0   M   M   M   M    M   M 1       M  M
18  78  54  66  15   0   1 0.00  0.0    0   M   M   M   M    M   M         M  M
19  64  49  57   6   8   0 0.81  0.0    0   M   M   M   M    M   M 1       M  M
20  60  42  51  -1  14   0 0.21  0.0    0   M   M   M   M    M   M 1       M  M
21  53  35  44  -8  21   0    T  0.0    0   M   M   M   M    M   M         M  M
22  43  32  38 -14  27   0 0.02    T    0   M   M   M   M    M   M         M  M
23  51  29  40 -13  25   0 0.00  0.0    0   M   M   M   M    M   M         M  M
24  61  31  46  -7  19   0 0.00  0.0    0   M   M   M   M    M   M         M  M
25  47  38  43 -11  22   0 0.38  0.0    0   M   M   M   M    M   M         M  M
================================================================================
SM 1552  986       352   1  2.55    T        M          M        M
================================================================================
AV 62.1 39.4                                 M FASTST   M    M   5    MAX(MPH)
                                 MISC ---->     M   M                  M    M
================================================================================
NOTES:
# LAST OF SEVERAL OCCURRENCES

COLUMN 17 PEAK WIND IN M.P.H.

PRELIMINARY LOCAL CLIMATOLOGICAL DATA (WS FORM: F-6) , PAGE 2

                                          STATION:  NORTH WEBSTER WFO
                                          MONTH:    APRIL
                                          YEAR:     2015
                                          LATITUDE:   41 21 N
                                          LONGITUDE:  85 42 W

[TEMPERATURE DATA]      [PRECIPITATION DATA]       SYMBOLS USED IN COLUMN 16

AVERAGE MONTHLY: 50.8   TOTAL FOR MONTH:   2.55    1 = FOG OR MIST
DPTR FM NORMAL:   2.0   DPTR FM NORMAL:   -0.45    2 = FOG REDUCING VISIBILITY
HIGHEST:    78 ON 18,17 GRTST 24HR  0.81 ON 19-19      TO 1/4 MILE OR LESS
LOWEST:     26 ON  4                               3 = THUNDER
                        SNOW, ICE PELLETS, HAIL    4 = ICE PELLETS
                        TOTAL MONTH:    T          5 = HAIL
                        GRTST 24HR    T  ON 22-22  6 = FREEZING RAIN OR DRIZZLE
                        GRTST DEPTH:   0           7 = DUSTSTORM OR SANDSTORM:
                                                       VSBY 1/2 MILE OR LESS
                                                   8 = SMOKE OR HAZE
[NO. OF DAYS WITH]      [WEATHER - DAYS WITH]      9 = BLOWING SNOW
                                                   X = TORNADO
MAX 32 OR BELOW:   0    0.01 INCH OR MORE:  14
MAX 90 OR ABOVE:   0    0.10 INCH OR MORE:   7
MIN 32 OR BELOW:   5    0.50 INCH OR MORE:   1
MIN  0 OR BELOW:   0    1.00 INCH OR MORE:   0

[HDD (BASE 65) ]
TOTAL THIS MO.   352    CLEAR  (SCALE 0-3)   0
DPTR FM NORMAL   -54    PTCLDY (SCALE 4-7)   0
TOTAL FM JUL 1  6579    CLOUDY (SCALE 8-10)  0
DPTR FM NORMAL   695

[CDD (BASE 65) ]
TOTAL THIS MO.     1
DPTR FM NORMAL     1    [PRESSURE DATA]
TOTAL FM JAN 1     1    HIGHEST SLP M ON M
DPTR FM NORMAL     1    LOWEST  SLP M ON M

[REMARKS]
