000
CXUS54 KFWD 280730
CF6JWY
PRELIMINARY LOCAL CLIMATOLOGICAL DATA (WS FORM: F-6)

                                          STATION:   WAXAHACHIE
                                          MONTH:     APRIL
                                          YEAR:      2015
                                          LATITUDE:   32 27 N
                                          LONGITUDE:  96 54 W

  TEMPERATURE IN F:       :PCPN:    SNOW:  WIND      :SUNSHINE: SKY     :PK WND
================================================================================
1   2   3   4   5  6A  6B    7    8   9   10  11  12  13   14  15   16   17  18
                                     12Z  AVG MX 2MIN
DY MAX MIN AVG DEP HDD CDD  WTR  SNW DPTH SPD SPD DIR MIN PSBL S-S WX    SPD DR
================================================================================

 1  79  64  72  12   0   7 0.02  0.0    0 11.1 23 170   M    M   4 1      31 170
 2  82  67  75  15   0  10 0.00  0.0    0 15.1 21 190   M    M   6        28 190
 3  74  57  66   6   0   1 0.00  0.0    0 14.0 21 340   M    M   3 8      28 350
 4  68  48  58  -3   7   0    T  0.0    0  7.6 14  20   M    M   1 8      20  20
 5  58  50  54  -7  11   0 0.85  0.0    0  5.1  9 100   M    M  10 1       M  M
 6  82  58  70   9   0   5 0.01  0.0    0 13.3 22 180   M    M   5 1      31 180
 7  80  67  74  12   0   9 0.00  0.0    0 12.5 18 180   M    M   7        28 180
 8  74  66  70   8   0   5 0.00  0.0    0 11.8 18 150   M    M   6 1      25 160
 9  84  67  76  14   0  11 0.00  0.0    0 10.3 20 160   M    M   5        25 160
10  70  52  61  -1   4   0 0.00  0.0    0  5.6 12 360   M    M   0         M  M
11  75  50  63   0   2   0 0.00  0.0    0  3.5  7  90   M    M   4         M  M
12  79  64  72   9   0   7 0.00  0.0    0  6.1 14 170   M    M   8 12     16 170
13  74  60  67   4   0   2 0.37  0.0    0  8.2 15 360   M    M  10 1      20 350
14  61  55  58  -6   7   0 0.00  0.0    0  7.3  9 280   M    M  10 1       M  M
15  76  56  66   2   0   1 0.00  0.0    0  3.7  8 250   M    M   4         M  M
16  78  58  68   4   0   3    M  0.0    0  4.7  9 140   M    M   4 1       M  M
17  72  60  66   2   0   1 1.33  0.0    0  5.6 14 300   M    M   7 1      31 300
18  79  56  68   3   0   3 0.92  0.0    0  4.0 17 280   M    M   4 1      24 280
19  77  54  66   1   0   1 0.00  0.0    0  9.9 18 280   M    M   2 1      27 280
20  69  44  57  -8   8   0 0.00  0.0    0  5.4 15 330   M    M   0        25 330
21  74  48  61  -5   4   0 0.00  0.0    0  3.7  9 140   M    M   5         M  M
22  79  58  69   3   0   4 0.12  0.0    0  5.5 13 190   M    M   5 1      17 190
23  76  65  71   5   0   6 0.00  0.0    0  5.3  9  80   M    M   9 1       M  M
24  80  62  71   5   0   6 0.73  0.0    0  5.8 12 170   M    M   8 1      17 170
25  86  59  73   6   0   8 0.00  0.0    0  0.0  M   M   M    M   0         M  M
26  82  61  72   5   0   7 2.19  0.0    0  0.1  4  90   M    M   2 13      M  M
27  69  55  62  -5   3   0 0.28  0.0    0  1.3 27 330   M    M   7        32 330
================================================================================
SM 2037 1561        46  97  6.82     0.0 186.5          M      136
================================================================================
AV 75.4 57.8                               6.9 FASTST   M    M   5    MAX(MPH)
                                 MISC ---->  # 27 330                 32    M
================================================================================
NOTES:
# LAST OF SEVERAL OCCURRENCES

COLUMN 17 PEAK WIND IN M.P.H.

PRELIMINARY LOCAL CLIMATOLOGICAL DATA (WS FORM: F-6) , PAGE 2

                                          STATION:  WAXAHACHIE
                                          MONTH:    APRIL
                                          YEAR:     2015
                                          LATITUDE:   32 27 N
                                          LONGITUDE:  96 54 W

[TEMPERATURE DATA]      [PRECIPITATION DATA]       SYMBOLS USED IN COLUMN 16

AVERAGE MONTHLY: 66.6   TOTAL FOR MONTH:   6.82    1 = FOG OR MIST
DPTR FM NORMAL:   3.1   DPTR FM NORMAL:    3.87    2 = FOG REDUCING VISIBILITY
HIGHEST:    86 ON 25    GRTST 24HR  2.19 ON 26-26      TO 1/4 MILE OR LESS
LOWEST:     44 ON 20                               3 = THUNDER
                        SNOW, ICE PELLETS, HAIL    4 = ICE PELLETS
                        TOTAL MONTH:   0.0 INCH    5 = HAIL
                        GRTST 24HR     0.0         6 = FREEZING RAIN OR DRIZZLE
                        GRTST DEPTH:   0           7 = DUSTSTORM OR SANDSTORM:
                                                       VSBY 1/2 MILE OR LESS
                                                   8 = SMOKE OR HAZE
[NO. OF DAYS WITH]      [WEATHER - DAYS WITH]      9 = BLOWING SNOW
                                                   X = TORNADO
MAX 32 OR BELOW:   0    0.01 INCH OR MORE:  10
MAX 90 OR ABOVE:   0    0.10 INCH OR MORE:   8
MIN 32 OR BELOW:   0    0.50 INCH OR MORE:   5
MIN  0 OR BELOW:   0    1.00 INCH OR MORE:   2

[HDD (BASE 65) ]
TOTAL THIS MO.    46    CLEAR  (SCALE 0-3)   6
DPTR FM NORMAL   -55    PTCLDY (SCALE 4-7)  16
TOTAL FM JUL 1  2382    CLOUDY (SCALE 8-10)  5
DPTR FM NORMAL  -137

[CDD (BASE 65) ]
TOTAL THIS MO.    97
DPTR FM NORMAL    37    [PRESSURE DATA]
TOTAL FM JAN 1   122    HIGHEST SLP M ON M
DPTR FM NORMAL    45    LOWEST  SLP M ON M

[REMARKS]
