000
CXUS55 KPIH 271200
CF6PIH

PRELIMINARY LOCAL CLIMATOLOGICAL DATA (WS FORM: F-6)

                                          STATION:   POCATELLO ID
                                          MONTH:     APRIL
                                          YEAR:      2015
                                          LATITUDE:   42 55 N
                                          LONGITUDE: 112 36 W

  TEMPERATURE IN F:       :PCPN:    SNOW:  WIND      :SUNSHINE: SKY     :PK WND
================================================================================
1   2   3   4   5  6A  6B    7    8   9   10  11  12  13   14  15   16   17  18
                                     12Z  AVG MX 2MIN
DY MAX MIN AVG DEP HDD CDD  WTR  SNW DPTH SPD SPD DIR MIN PSBL S-S WX    SPD DR
================================================================================

 1  51  32  42   0  23   0 0.00  0.0    0 20.7 35 240 162    M   4        40 250
 2  48  22  35  -7  30   0    T  0.0    0  7.3 23 270 242    M   1        28 240
 3  54  17  36  -7  29   0 0.00  0.0    0  8.3 22 170 421    M   0 8      27 220
 4  58  30  44   1  21   0 0.00  0.0    0  8.3 22 300  22    M   1        25 290
 5  56  32  44   1  21   0 0.00  0.0    0  7.4 24 240   0    M   4        28 240
 6  50  29  40  -3  25   0 0.10    T    0 11.0 22 240 124    M   7 1      26 200
 7  53  23  38  -6  27   0 0.06  0.0    0  7.4 22 360 513    M   3 3      27 350
 8  49  30  40  -4  25   0    T  0.0    0 11.2 23 240  56    M   7        28 230
 9  57  38  48   4  17   0 0.02  0.0    0 10.9 22 240 309    M   7        26 240
10  65  27  46   2  19   0 0.00  0.0    0  5.9 17 270 495    M   1        22 260
11  61  38  50   6  15   0 0.01  0.0    0 17.3 32 240 167    M   3        41 230
12  54  31  43  -2  22   0 0.00  0.0    0 18.4 32 240 429    M   2        38 230
13  71  26  49   4  16   0 0.00  0.0    0 11.5 28 170 509    M   0 8      36 170
14  65  31  48   3  17   0 0.12  1.0    0 21.2 40 250 177    M   7 178    46 170
15  44  28  36  -9  29   0 0.08  1.9    2 12.7 23 240   0    M  10 1      31 340
16  59  34  47   1  18   0 0.00  0.0    0  6.5 15  30 366    M   3        18  50
17  67  30  49   3  16   0 0.00  0.0    0  7.1 16 210 372    M   0        21 220
18  70  38  54   8  11   0 0.00  0.0    0  7.7 17 260 378    M   1 8      21 270
19  63  33  48   2  17   0 0.00  0.0    0  7.6 18  40 321    M   1        22  30
20  67  33  50   3  15   0 0.00  0.0    0  6.8 15 210 419    M   0        23 300
21  72  31  52   5  13   0 0.00  0.0    0  6.4 20 270 263    M   0        24 270
22  73  29  51   4  14   0 0.00  0.0    0 10.1 23 240 285    M   1 3      29 240
23  65  43  54   7  11   0    T  0.0    0 15.3 24 240 437    M   3        28 230
24  60  32  46  -2  19   0 0.00  0.0    0 13.5 26 250 115    M   4        31 250
25  57  39  48   0  17   0    T  0.0    0 11.4 29 250  75    M   8        34 240
26  58  35  47  -1  18   0 0.02  0.0    0 14.8 26 230   0    M   9        31 230
================================================================================
SM 1547  811       505   0  0.41     2.9 286.7         6657     87
================================================================================
AV 59.5 31.2                              11.0 FASTST  256   M   3    MAX(MPH)
                                 MISC ---->  # 40 250               # 46  170
================================================================================
NOTES:
# LAST OF SEVERAL OCCURRENCES

COLUMN 17 PEAK WIND IN M.P.H.

PRELIMINARY LOCAL CLIMATOLOGICAL DATA (WS FORM: F-6) , PAGE 2

                                          STATION:  POCATELLO ID
                                          MONTH:    APRIL
                                          YEAR:     2015
                                          LATITUDE:   42 55 N
                                          LONGITUDE: 112 36 W

[TEMPERATURE DATA]      [PRECIPITATION DATA]       SYMBOLS USED IN COLUMN 16

AVERAGE MONTHLY: 45.3   TOTAL FOR MONTH:   0.41    1 = FOG OR MIST
DPTR FM NORMAL:   0.3   DPTR FM NORMAL:   -0.56    2 = FOG REDUCING VISIBILITY
HIGHEST:    73 ON 22    GRTST 24HR  0.20 ON 14-15      TO 1/4 MILE OR LESS
LOWEST:     17 ON  3                               3 = THUNDER
                        SNOW, ICE PELLETS, HAIL    4 = ICE PELLETS
                        TOTAL MONTH:   2.9 INCHES  5 = HAIL
                        GRTST 24HR   1.9 ON   M    6 = FREEZING RAIN OR DRIZZLE
                        GRTST DEPTH:   2 ON 15     7 = DUSTSTORM OR SANDSTORM:
                                                       VSBY 1/2 MILE OR LESS
                                                   8 = SMOKE OR HAZE
[NO. OF DAYS WITH]      [WEATHER - DAYS WITH]      9 = BLOWING SNOW
                                                   X = TORNADO
MAX 32 OR BELOW:   0    0.01 INCH OR MORE:   7
MAX 90 OR ABOVE:   0    0.10 INCH OR MORE:   2
MIN 32 OR BELOW:  17    0.50 INCH OR MORE:   0
MIN  0 OR BELOW:   0    1.00 INCH OR MORE:   0

[HDD (BASE 65) ]
TOTAL THIS MO.   505    CLEAR  (SCALE 0-3)  13
DPTR FM NORMAL   -12    PTCLDY (SCALE 4-7)  11
TOTAL FM JUL 1  5483    CLOUDY (SCALE 8-10)  2
DPTR FM NORMAL -1146

[CDD (BASE 65) ]
TOTAL THIS MO.     0
DPTR FM NORMAL     0    [PRESSURE DATA]
TOTAL FM JAN 1     0    HIGHEST SLP M ON M
DPTR FM NORMAL     0    LOWEST  SLP 29.59 ON 14

[REMARKS]
