000
CXUS52 KMFL 281000
CF6PMP
PRELIMINARY LOCAL CLIMATOLOGICAL DATA (WS FORM: F-6)

                                          STATION:   POMPANO BEACH ARPK
                                          MONTH:     APRIL
                                          YEAR:      2015
                                          LATITUDE:   26 14 N
                                          LONGITUDE:  80  7 W

  TEMPERATURE IN F:       :PCPN:    SNOW:  WIND      :SUNSHINE: SKY     :PK WND
================================================================================
1   2   3   4   5  6A  6B    7    8   9   10  11  12  13   14  15   16   17  18
                                     12Z  AVG MX 2MIN
DY MAX MIN AVG DEP HDD CDD  WTR  SNW DPTH SPD SPD DIR MIN PSBL S-S WX    SPD DR
================================================================================

 1  83  63  73   0   0   8 0.00  0.0    0  6.7 14 140   M    M   0        19  90
 2  82  65  74   1   0   9 0.00  0.0    0  6.7 14 120   M    M   0        18 120
 3  84  74  79   6   0  14 0.00  0.0    0 10.3 16 140   M    M   1        23 120
 4  83  66  75   2   0  10 0.00  0.0    0  7.9 14 110   M    M   1        24  90
 5  84  68  76   3   0  11 0.00  0.0    0  7.2 15 100   M    M   1        21  90
 6  83  74  79   5   0  14 0.00  0.0    0 10.9 16 100   M    M   2 8      25  90
 7  84  76  80   6   0  15 0.00  0.0    0 11.1 16 100   M    M   1        24  90
 8  83  76  80   6   0  15 0.00  0.0    0 11.2 15  70   M    M   2        26  90
 9  83  76  80   6   0  15    T  0.0    0 12.7 17 100   M    M   2        26 100
10  86  76  81   7   0  16 0.00  0.0    0 11.9 18 120   M    M   1        26 110
11  86  77  82   8   0  17 0.00  0.0    0 10.9 18 140   M    M   1        25 150
12  86  76  81   7   0  16 0.24  0.0    0 12.4 18 120   M    M   1 1      24 130
13  86  78  82   8   0  17    T  0.0    0 13.2 21 140   M    M   2        35 150
14  86  77  82   8   0  17 0.00  0.0    0 11.5 17 110   M    M   2        21 120
15  87  78  83   9   0  18 0.00  0.0    0 11.8 18 140   M    M   1        24 160
16  86  77  82   7   0  17 0.00  0.0    0 10.1 18 140   M    M   2        23 130
17  88  75  82   7   0  17 0.02  0.0    0  8.2 21 140   M    M   2 3      26 140
18  89  75  82   7   0  17 0.03  0.0    0  8.0 18 160   M    M   1 3      23 150
19  89  76  83   8   0  18 0.00  0.0    0  9.8 22 140   M    M   1        26 150
20  88  75  82   7   0  17 0.63  0.0    0  7.6 28 270   M    M   2 38     34 260
21  86  74  80   5   0  15 0.52  0.0    0  5.1 17 150   M    M   4 13     19 150
22  84  73  79   4   0  14 0.01  0.0    0  5.2 12 110   M    M   1        15 110
23  86  70  78   3   0  13 2.21  0.0    0  5.1 26 350   M    M   3 13     31 340
24  90  73  82   6   0  17 0.17  0.0    0  8.2 15  50   M    M   2 18     20 340
25  89  77  83   7   0  18 0.04  0.0    0 10.4 20 150   M    M   1        24 140
26  98  76  87  11   0  22 0.00  0.0    0 12.7 24 280   M    M   0 8      30 230
27  95  75  85   9   0  20 0.47  0.0    0  9.9 21 270   M    M   1 138    26  50
================================================================================
SM 2334 1996         0 417  4.34     0.0 256.7          M       38
================================================================================
AV 86.4 73.9                               9.5 FASTST   M    M   1    MAX(MPH)
                                 MISC ---->  # 28 270               # 35  150
================================================================================
NOTES:
# LAST OF SEVERAL OCCURRENCES

COLUMN 17 PEAK WIND IN M.P.H.

PRELIMINARY LOCAL CLIMATOLOGICAL DATA (WS FORM: F-6) , PAGE 2

                                          STATION:  POMPANO BEACH ARPK
                                          MONTH:    APRIL
                                          YEAR:     2015
                                          LATITUDE:   26 14 N
                                          LONGITUDE:  80  7 W

[TEMPERATURE DATA]      [PRECIPITATION DATA]       SYMBOLS USED IN COLUMN 16

AVERAGE MONTHLY: 80.2   TOTAL FOR MONTH:   4.34    1 = FOG OR MIST
DPTR FM NORMAL:   5.8   DPTR FM NORMAL:    1.28    2 = FOG REDUCING VISIBILITY
HIGHEST:    98 ON 26    GRTST 24HR  2.38 ON 23-24      TO 1/4 MILE OR LESS
LOWEST:     63 ON  1                               3 = THUNDER
                        SNOW, ICE PELLETS, HAIL    4 = ICE PELLETS
                        TOTAL MONTH:   0.0 INCH    5 = HAIL
                        GRTST 24HR     0.0         6 = FREEZING RAIN OR DRIZZLE
                        GRTST DEPTH:   0           7 = DUSTSTORM OR SANDSTORM:
                                                       VSBY 1/2 MILE OR LESS
                                                   8 = SMOKE OR HAZE
[NO. OF DAYS WITH]      [WEATHER - DAYS WITH]      9 = BLOWING SNOW
                                                   X = TORNADO
MAX 32 OR BELOW:   0    0.01 INCH OR MORE:  10
MAX 90 OR ABOVE:   3    0.10 INCH OR MORE:   6
MIN 32 OR BELOW:   0    0.50 INCH OR MORE:   3
MIN  0 OR BELOW:   0    1.00 INCH OR MORE:   1

[HDD (BASE 65) ]
TOTAL THIS MO.     0    CLEAR  (SCALE 0-3)  26
DPTR FM NORMAL     0    PTCLDY (SCALE 4-7)   1
TOTAL FM JUL 1    84    CLOUDY (SCALE 8-10)  0
DPTR FM NORMAL   -87

[CDD (BASE 65) ]
TOTAL THIS MO.   417
DPTR FM NORMAL   159    [PRESSURE DATA]
TOTAL FM JAN 1  1123    HIGHEST SLP M ON M
DPTR FM NORMAL   380    LOWEST  SLP 29.75 ON 27

[REMARKS]
