000
CXUS55 KPUB 261059
CF6PUB
PRELIMINARY LOCAL CLIMATOLOGICAL DATA (WS FORM: F-6)

                                          STATION:   PUEBLO CO
                                          MONTH:     APRIL
                                          YEAR:      2015
                                          LATITUDE:   38 16 N
                                          LONGITUDE: 104 31 W

  TEMPERATURE IN F:       :PCPN:    SNOW:  WIND      :SUNSHINE: SKY     :PK WND
================================================================================
1   2   3   4   5  6A  6B    7    8   9   10  11  12  13   14  15   16   17  18
                                     12Z  AVG MX 2MIN
DY MAX MIN AVG DEP HDD CDD  WTR  SNW DPTH SPD SPD DIR MIN PSBL S-S WX    SPD DR
================================================================================

 1  78  38  58  12   7   0    T  0.0    0  7.8 37 290   M    M   1        43 300
 2  71  36  54   7  11   0 0.00  0.0    0 16.3 56  10   M    M   4        66  10
 3  53  35  44  -3  21   0 0.00  0.0    0  7.9 18 130   M    M   6        22 140
 4  71  27  49   2  16   0 0.00  0.0    0  5.9 18 110   M    M   0        23 150
 5  76  30  53   6  12   0 0.00  0.0    0  5.4 21 190   M    M   0        24 190
 6  81  34  58  10   7   0 0.00  0.0    0  8.8 24 240   M    M   0        32 230
 7  79  43  61  13   4   0 0.00  0.0    0 11.4 26 210   M    M   0        34 220
 8  77  38  58  10   7   0 0.00  0.0    0 16.7 37 240   M    M   1 8      55 220
 9  60  37  49   1  16   0 0.00  0.0    0 10.3 23  30   M    M   3        27  30
10  65  28  47  -2  18   0 0.00  0.0    0  7.0 25  40   M    M   2        30  40
11  73  34  54   5  11   0 0.00  0.0    0  4.6 13 330   M    M   0        15 330
12  77  37  57   8   8   0 0.00  0.0    0 10.9 31  40   M    M   0        37  30
13  67  31  49  -1  16   0 0.00  0.0    0  9.1 24 130   M    M   0        34 120
14  78  30  54   4  11   0 0.00  0.0    0  9.7 26 120   M    M   0        32 110
15  74  43  59   9   6   0 0.00  0.0    0 17.8 44  10   M    M   0        53  10
16  46  38  42  -8  23   0 0.39  0.0    0 18.3 44  10   M    M   9 1      55  20
17  57  38  48  -3  17   0 0.22  0.0    0  9.6 25 190   M    M   5 13     30 180
18  55  37  46  -5  19   0 0.03    T    0  9.0 36 340   M    M   6 1      43 340
19  57  43  50  -2  15   0    T  0.0    0 15.8 35  10   M    M   7        41  10
20  60  33  47  -5  18   0 0.01  0.0    0  5.6 18  50   M    M   2        22  10
21  72  33  53   1  12   0 0.00  0.0    0  7.3 23  50   M    M   2        29  80
22  66  38  52   0  13   0 0.00  0.0    0  8.0 18 260   M    M   0 8      23 110
23  72  36  54   1  11   0    T  0.0    0  7.1 25 170   M    M   1 3      35 360
24  71  36  54   1  11   0    T  0.0    0  5.8 26 310   M    M   0 3      38 300
25  73  36  55   1  10   0 0.00  0.0    0  9.2 24 260   M    M   2        31 280
================================================================================
SM 1709  889       320   0  0.65    T    245.3          M       51
================================================================================
AV 68.4 35.6                               9.8 FASTST   M    M   2    MAX(MPH)
                                 MISC ---->  # 56  10               # 66   10
================================================================================
NOTES:
# LAST OF SEVERAL OCCURRENCES

COLUMN 17 PEAK WIND IN M.P.H.

PRELIMINARY LOCAL CLIMATOLOGICAL DATA (WS FORM: F-6) , PAGE 2

                                          STATION:  PUEBLO CO
                                          MONTH:    APRIL
                                          YEAR:     2015
                                          LATITUDE:   38 16 N
                                          LONGITUDE: 104 31 W

[TEMPERATURE DATA]      [PRECIPITATION DATA]       SYMBOLS USED IN COLUMN 16

AVERAGE MONTHLY: 52.0   TOTAL FOR MONTH:   0.65    1 = FOG OR MIST
DPTR FM NORMAL:   2.2   DPTR FM NORMAL:   -0.48    2 = FOG REDUCING VISIBILITY
HIGHEST:    81 ON  6    GRTST 24HR  0.61 ON 16-17      TO 1/4 MILE OR LESS
LOWEST:     27 ON  4                               3 = THUNDER
                        SNOW, ICE PELLETS, HAIL    4 = ICE PELLETS
                        TOTAL MONTH:    T          5 = HAIL
                        GRTST 24HR    T  ON 18-18  6 = FREEZING RAIN OR DRIZZLE
                        GRTST DEPTH:   0           7 = DUSTSTORM OR SANDSTORM:
                                                       VSBY 1/2 MILE OR LESS
                                                   8 = SMOKE OR HAZE
[NO. OF DAYS WITH]      [WEATHER - DAYS WITH]      9 = BLOWING SNOW
                                                   X = TORNADO
MAX 32 OR BELOW:   0    0.01 INCH OR MORE:   4
MAX 90 OR ABOVE:   0    0.10 INCH OR MORE:   2
MIN 32 OR BELOW:   5    0.50 INCH OR MORE:   0
MIN  0 OR BELOW:   0    1.00 INCH OR MORE:   0

[HDD (BASE 65) ]
TOTAL THIS MO.   320    CLEAR  (SCALE 0-3)  19
DPTR FM NORMAL   -63    PTCLDY (SCALE 4-7)   5
TOTAL FM JUL 1  4950    CLOUDY (SCALE 8-10)  1
DPTR FM NORMAL  -438

[CDD (BASE 65) ]
TOTAL THIS MO.     0
DPTR FM NORMAL     0    [PRESSURE DATA]
TOTAL FM JAN 1     0    HIGHEST SLP M ON M
DPTR FM NORMAL     0    LOWEST  SLP 29.49 ON  8

[REMARKS]
