000
CXUS53 KUNR 010945
CF6RAP
PRELIMINARY LOCAL CLIMATOLOGICAL DATA (WS FORM: F-6)

                                          STATION:   RAPID CITY AIRPORT SD
                                          MONTH:     MARCH
                                          YEAR:      2015
                                          LATITUDE:   44  2 N
                                          LONGITUDE: 103  4 W

  TEMPERATURE IN F:       :PCPN:    SNOW:  WIND      :SUNSHINE: SKY     :PK WND
================================================================================
1   2   3   4   5  6A  6B    7    8   9   10  11  12  13   14  15   16   17  18
                                     12Z  AVG MX 2MIN
DY MAX MIN AVG DEP HDD CDD  WTR  SNW DPTH SPD SPD DIR MIN PSBL S-S WX    SPD DR
================================================================================

 1  28   3  16 -15  49   0    T    T    1  8.9 29 340   M    M   2        35 340
 2  49  10  30  -1  35   0    T    T    1 14.5 36 340   M    M   3 1      41 340
 3  30  -2  14 -17  51   0 0.08  1.2    1 23.6 39 330   M    M   7 189    49 330
 4  17  -3   7 -25  58   0 0.00  0.0    T 11.8 28 350   M    M   0        34 350
 5  48  -1  24  -8  41   0 0.00  0.0    T  5.7 26 330   M    M   1        31 340
 6  59  24  42  10  23   0 0.00  0.0    0  9.3 23 330   M    M   2        29 350
 7  58  27  43  10  22   0 0.00  0.0    0  9.7 18  50   M    M   6        22 130
 8  56  20  38   5  27   0 0.00  0.0    0  4.3 14 140   M    M   1        18 150
 9  63  25  44  11  21   0 0.00  0.0    0  6.3 17  20   M    M   0        21  20
10  64  28  46  12  19   0 0.00  0.0    0  8.3 25 350   M    M   0        31 340
11  76  30  53  19  12   0 0.00  0.0    0  3.7 18  10   M    M   0        21  10
12  68  38  53  19  12   0 0.00  0.0    0 13.1 31 330   M    M   0        38 320
13  65  30  48  14  17   0 0.00  0.0    0 11.7 24 350   M    M   1        31 330
14  76  28  52  17  13   0 0.00  0.0    0 11.3 26 170   M    M   0        32 200
15  84  45  65  30   0   0 0.00  0.0    0  6.8 24 220   M    M   0        31 210
16  64  32  48  13  17   0 0.00  0.0    0 16.8 33 360   M    M   3        43  10
17  39  26  33  -3  32   0    T    T    0 10.1 24 160   M    M   9        29 160
18  54  22  38   2  27   0 0.00  0.0    0  9.2 23  10   M    M   1        27 360
19  60  27  44   8  21   0 0.00  0.0    0 13.1 35 330   M    M   0        43 330
20  69  30  50  13  15   0 0.00  0.0    0 12.7 31 340   M    M   0        37 340
21  67  27  47  10  18   0 0.00  0.0    0  8.7 20 140   M    M   0 1      29 140
22  57  27  42   5  23   0    T    T    0 10.1 21 330   M    M   2        27 350
23  63  28  46   8  19   0 0.02  0.0    0 10.5 28 190   M    M   4        34 190
24  60  30  45   7  20   0    T  0.0    0 15.3 30 300   M    M   2        39 300
25  47  25  36  -2  29   0 0.00  0.0    0 16.8 32 360   M    M   4        41 330
26  52  26  39   1  26   0 0.00  0.0    0 11.9 35 330   M    M   7        43 320
27  70  32  51  12  14   0 0.00  0.0    0 12.8 32 330   M    M   3        40 330
28  83  32  58  19   7   0 0.00  0.0    0 17.6 51 330   M    M   0 8      65 340
29  65  39  52  13  13   0 0.00  0.0    0 19.6 56 320   M    M   1        75 330
30  69  33  51  11  14   0 0.00  0.0    0 13.8 30 360   M    M   0        39 360
31  81  34  58  18   7   0 0.00  0.0    0  6.6 24 170   M    M   0        30 170
================================================================================
SM 1841  772       702   0  0.10     1.2 354.6          M       59
================================================================================
AV 59.4 24.9                              11.4 FASTST   M    M   2    MAX(MPH)
                                 MISC ---->  # 56 320               # 75  330
================================================================================
NOTES:
# LAST OF SEVERAL OCCURRENCES

COLUMN 17 PEAK WIND IN M.P.H.

PRELIMINARY LOCAL CLIMATOLOGICAL DATA (WS FORM: F-6) , PAGE 2

                                          STATION:  RAPID CITY AIRPORT SD
                                          MONTH:    MARCH
                                          YEAR:     2015
                                          LATITUDE:   44  2 N
                                          LONGITUDE: 103  4 W

[TEMPERATURE DATA]      [PRECIPITATION DATA]       SYMBOLS USED IN COLUMN 16

AVERAGE MONTHLY: 42.1   TOTAL FOR MONTH:   0.10    1 = FOG OR MIST
DPTR FM NORMAL:   6.7   DPTR FM NORMAL:   -0.83    2 = FOG REDUCING VISIBILITY
HIGHEST:    84 ON 15    GRTST 24HR  0.08 ON  3- 3      TO 1/4 MILE OR LESS
LOWEST:     -3 ON  4                               3 = THUNDER
                        SNOW, ICE PELLETS, HAIL    4 = ICE PELLETS
                        TOTAL MONTH:   1.2 INCHES  5 = HAIL
                        GRTST 24HR   1.2 ON   M    6 = FREEZING RAIN OR DRIZZLE
                        GRTST DEPTH:   1 ON  3, 2  7 = DUSTSTORM OR SANDSTORM:
                                                       VSBY 1/2 MILE OR LESS
                                                   8 = SMOKE OR HAZE
[NO. OF DAYS WITH]      [WEATHER - DAYS WITH]      9 = BLOWING SNOW
                                                   X = TORNADO
MAX 32 OR BELOW:   3    0.01 INCH OR MORE:   2
MAX 90 OR ABOVE:   0    0.10 INCH OR MORE:   0
MIN 32 OR BELOW:  26    0.50 INCH OR MORE:   0
MIN  0 OR BELOW:   3    1.00 INCH OR MORE:   0

[HDD (BASE 65) ]
TOTAL THIS MO.   702    CLEAR  (SCALE 0-3)  23
DPTR FM NORMAL  -216    PTCLDY (SCALE 4-7)   7
TOTAL FM JUL 1  5810    CLOUDY (SCALE 8-10)  1
DPTR FM NORMAL  -318

[CDD (BASE 65) ]
TOTAL THIS MO.     0
DPTR FM NORMAL     0    [PRESSURE DATA]
TOTAL FM JAN 1     0    HIGHEST SLP 30.59 ON 17
DPTR FM NORMAL     0    LOWEST  SLP 29.46 ON 31

[REMARKS]
#FINAL-03-15#
