000
CXUS56 KSGX 011445
CF6RNM
PRELIMINARY LOCAL CLIMATOLOGICAL DATA (WS FORM: F-6)

                                          STATION:   RAMONA AIRPORT CA
                                          MONTH:     MARCH
                                          YEAR:      2015
                                          LATITUDE:   33  2 N
                                          LONGITUDE: 116 55 W

  TEMPERATURE IN F:       :PCPN:    SNOW:  WIND      :SUNSHINE: SKY     :PK WND
================================================================================
1   2   3   4   5  6A  6B    7    8   9   10  11  12  13   14  15   16   17  18
                                     12Z  AVG MX 2MIN
DY MAX MIN AVG DEP HDD CDD  WTR  SNW DPTH SPD SPD DIR MIN PSBL S-S WX    SPD DR
================================================================================

 1  50  47  49  -3  16   0 0.87    M    0  6.0 18  90   M    M   9 1      22  90
 2  52  37  45  -7  20   0 0.36    M    0  4.4 25 270   M    M   7 13     28 270
 3  60  35  48  -4  17   0 0.00  0.0    0  4.3 17 260   M    M   2 18     23 270
 4  67  33  50  -2  15   0 0.00  0.0    0  4.2 16 270   M    M   0 1      19 260
 5  71  34  53   1  12   0 0.00  0.0    0  5.5 20  80   M    M   0        24  80
 6  78  30  54   2  11   0 0.00  0.0    0  6.3 23  50   M    M   0        30  50
 7  80  34  57   5   8   0 0.00  0.0    0  3.3 13 290   M    M   0        15  80
 8  76  35  56   4   9   0 0.00  0.0    0  3.8 15 280   M    M   0 12     18 280
 9  72  34  53   0  12   0 0.00  0.0    0  3.5 13 300   M    M   3 12     15 300
10  82  37  60   7   5   0 0.00  0.0    0  3.3 15 270   M    M   0 1      18 270
11  77  48  63  10   2   0 0.00  0.0    0  4.2 18 280   M    M   1        21 280
12  80  41  61   8   4   0 0.00  0.0    0  4.0 15 300   M    M   0 1      19 290
13  85  43  64  11   1   0 0.00  0.0    0  7.2 17  40   M    M   0        23  10
14  86  46  66  13   0   1 0.00    M    0  7.5 18  90   M    M   0        23  80
15  86  47  67  14   0   2 0.00  0.0    0  4.9 18  80   M    M   0        23  70
16  86  45  66  13   0   1 0.00  0.0    0  5.2 18 270   M    M   0        25 270
17  82  43  63  10   2   0 0.00  0.0    0  4.6 17 270   M    M   0        22 260
18  72  49  61   8   4   0 0.00  0.0    0  5.0 14 180   M    M   1 1      18 170
19  73  47  60   7   5   0 0.00  0.0    0  4.0 15 280   M    M   4 1      19 270
20  82  44  63  10   2   0 0.00  0.0    0  4.4 18 300   M    M   2 1      22 300
21  77  35  56   3   9   0 0.00  0.0    0  4.7 14 290   M    M   1 12     20 290
22  73  48  61   8   4   0 0.00  0.0    0  3.8 13 280   M    M   5 12     17 280
23  71  38  55   2  10   0 0.00  0.0    0  3.8 15 260   M    M   1 12     20 270
24  73  37  55   2  10   0 0.00  0.0    0  4.0 15 290   M    M   0        21 310
25  83  41  62   9   3   0 0.00  0.0    0  3.6 16 270   M    M   0        22 280
26  90  42  66  13   0   1 0.00  0.0    0  5.5 20  70   M    M   0        25  80
27  91  43  67  13   0   2 0.00  0.0    0  4.4 20 270   M    M   0        23 270
28  87  41  64  10   1   0 0.00  0.0    0  4.5 14 270   M    M   0        19 280
29  84  43  64  10   1   0 0.00  0.0    0  4.0 15 270   M    M   0        20 260
30  82  40  61   7   4   0 0.00  0.0    0  4.1 15 280   M    M   0        19 270
31  79  38  59   5   6   0 0.00  0.0    0  4.7 17 290   M    M   2 12     22 280
================================================================================
SM 2387 1255       193   7  1.23     0.0 142.7          M       38
================================================================================
AV 77.0 40.5                               4.6 FASTST   M    M   1    MAX(MPH)
                                 MISC ---->  # 25 270               # 30   50
================================================================================
NOTES:
# LAST OF SEVERAL OCCURRENCES

COLUMN 17 PEAK WIND IN M.P.H.

PRELIMINARY LOCAL CLIMATOLOGICAL DATA (WS FORM: F-6) , PAGE 2

                                          STATION:  RAMONA AIRPORT CA
                                          MONTH:    MARCH
                                          YEAR:     2015
                                          LATITUDE:   33  2 N
                                          LONGITUDE: 116 55 W

[TEMPERATURE DATA]      [PRECIPITATION DATA]       SYMBOLS USED IN COLUMN 16

AVERAGE MONTHLY: 58.7   TOTAL FOR MONTH:   1.23    1 = FOG OR MIST
DPTR FM NORMAL:   5.8   DPTR FM NORMAL:   -1.85    2 = FOG REDUCING VISIBILITY
HIGHEST:    91 ON 27    GRTST 24HR  0.87 ON  1- 1      TO 1/4 MILE OR LESS
LOWEST:     30 ON  6                               3 = THUNDER
                        SNOW, ICE PELLETS, HAIL    4 = ICE PELLETS
                        TOTAL MONTH:   0.0 INCH    5 = HAIL
                        GRTST 24HR     0.0         6 = FREEZING RAIN OR DRIZZLE
                        GRTST DEPTH:   0           7 = DUSTSTORM OR SANDSTORM:
                                                       VSBY 1/2 MILE OR LESS
                                                   8 = SMOKE OR HAZE
[NO. OF DAYS WITH]      [WEATHER - DAYS WITH]      9 = BLOWING SNOW
                                                   X = TORNADO
MAX 32 OR BELOW:   0    0.01 INCH OR MORE:   2
MAX 90 OR ABOVE:   2    0.10 INCH OR MORE:   2
MIN 32 OR BELOW:   1    0.50 INCH OR MORE:   1
MIN  0 OR BELOW:   0    1.00 INCH OR MORE:   0

[HDD (BASE 65) ]
TOTAL THIS MO.   193    CLEAR  (SCALE 0-3)  27
DPTR FM NORMAL  -182    PTCLDY (SCALE 4-7)   3
TOTAL FM JUL 1  1377    CLOUDY (SCALE 8-10)  1
DPTR FM NORMAL  -739

[CDD (BASE 65) ]
TOTAL THIS MO.     7
DPTR FM NORMAL     7    [PRESSURE DATA]
TOTAL FM JAN 1     9    HIGHEST SLP 30.24 ON  5
DPTR FM NORMAL     8    LOWEST  SLP 29.85 ON  3

[REMARKS]
#FINAL-03-15#
