000
CXUS55 KPIH 011200
CF6SNT

PRELIMINARY LOCAL CLIMATOLOGICAL DATA (WS FORM: F-6)

                                          STATION:   STANLEY_ID
                                          MONTH:     MARCH
                                          YEAR:      2015
                                          LATITUDE:   44 10 N
                                          LONGITUDE: 114 56 W

  TEMPERATURE IN F:       :PCPN:    SNOW:  WIND      :SUNSHINE: SKY     :PK WND
================================================================================
1   2   3   4   5  6A  6B    7    8   9   10  11  12  13   14  15   16   17  18
                                     12Z  AVG MX 2MIN
DY MAX MIN AVG DEP HDD CDD  WTR  SNW DPTH SPD SPD DIR MIN PSBL S-S WX    SPD DR
================================================================================

 1  37   0  19  -4  46   0 0.00    M    M  3.4  8 150   M    M   0        10 150
 2  37   1  19  -4  46   0 0.00    M    M  3.7 13 310   M    M   0        18 290
 3  32  10  21  -2  44   0 0.00    M    M  5.1 14 340   M    M   0        18 340
 4  38  -4  17  -7  48   0 0.00    M    M  2.7  8 330   M    M   0        12 310
 5  46   1  24   0  41   0 0.00    M    M  2.5 13 340   M    M   0        18 340
 6  53   6  30   6  35   0 0.00    M    M  1.8  8 210   M    M   0        10 210
 7  53  16  35  10  30   0 0.00    M    M  2.3 10 320   M    M   0        15 340
 8  52  11  32   7  33   0 0.00    M    M  2.2  8 320   M    M   0        12 320
 9  56  11  34   9  31   0 0.00    M    M  3.5 12 320   M    M   0        17 310
10  57  11  34   8  31   0 0.00    M    M  2.7 10 260   M    M   0        12 150
11  51  27  39  13  26   0 0.03    M    M  2.3 12 140   M    M   0        17 130
12  52  27  40  14  25   0 0.00    M    M  2.1  8 340   M    M   0        11 320
13  59  18  39  13  26   0 0.00    M    M  4.3 16 170   M    M   0        21 180
14  55  35  45  18  20   0 0.08    M    M  6.8 17 170   M    M   0        27 180
15  58  39  49  22  16   0 0.19    M    M  7.3 18 220   M    M   0        31 160
16  50  36  43  16  22   0 0.01    M    M  4.3 14 160   M    M   0        20 130
17  47  33  40  13  25   0 0.14    M    M  2.3 12 140   M    M   0        17 130
18  48  23  36   8  29   0 0.02    M    M  2.6 13 360   M    M   0        18 350
19  55  16  36   8  29   0 0.00    M    M  2.8 10 330   M    M   0        14 320
20  58  17  38  10  27   0 0.00    M    M  2.7 10 240   M    M   0        15 240
21  52  24  38  10  27   0 0.00    M    M  3.2 13 220   M    M   0        19 230
22  53  16  35   7  30   0 0.00    M    M  4.2 17 160   M    M   0        25 160
23  45  18  32   4  33   0 0.33    M    M  4.6 14 150   M    M   0        22 200
24  36  17  27  -2  38   0 0.16    M    M  6.4 18 310   M    M   0        27 300
25  43  10  27  -2  38   0 0.00    M    M  3.4 12 350   M    M   0        16 360
26  59  21  40  11  25   0 0.00    M    M  3.8 10 340   M    M   0        13 340
27  65  24  45  16  20   0 0.00    M    M  2.9 12 330   M    M   0        17 190
28  50  25  38   9  27   0 0.11    M    M  6.5 16 300   M    M   0        22 320
29  58  21  40  10  25   0 0.00    M    M  3.2 13 270   M    M   0        22 260
30  64  22  43  13  22   0 0.00    M    M  3.4 12 190   M    M   0        17 180
31  58  29  44  14  21   0 0.13    M    M  4.2 18 250   M    M   0        24 250
================================================================================
SM 1577  561       936   0  1.20    M    113.2          M        0
================================================================================
AV 50.9 18.1                               3.7 FASTST   M    M   0    MAX(MPH)
                                 MISC ---->  # 18 220               # 31  160
================================================================================
NOTES:
# LAST OF SEVERAL OCCURRENCES

COLUMN 17 PEAK WIND IN M.P.H.

PRELIMINARY LOCAL CLIMATOLOGICAL DATA (WS FORM: F-6) , PAGE 2

                                          STATION:  STANLEY_ID
                                          MONTH:    MARCH
                                          YEAR:     2015
                                          LATITUDE:   44 10 N
                                          LONGITUDE: 114 56 W

[TEMPERATURE DATA]      [PRECIPITATION DATA]       SYMBOLS USED IN COLUMN 16

AVERAGE MONTHLY: 34.5   TOTAL FOR MONTH:   1.20    1 = FOG OR MIST
DPTR FM NORMAL:   7.7   DPTR FM NORMAL:   -0.61    2 = FOG REDUCING VISIBILITY
HIGHEST:    65 ON 27    GRTST 24HR  0.33 ON 23-23      TO 1/4 MILE OR LESS
LOWEST:     -4 ON  4                               3 = THUNDER
                        SNOW, ICE PELLETS, HAIL    4 = ICE PELLETS
                        TOTAL MONTH:    M          5 = HAIL
                        GRTST 24HR    M  ON   M    6 = FREEZING RAIN OR DRIZZLE
                        GRTST DEPTH:  M  ON   M    7 = DUSTSTORM OR SANDSTORM:
                                                       VSBY 1/2 MILE OR LESS
                                                   8 = SMOKE OR HAZE
[NO. OF DAYS WITH]      [WEATHER - DAYS WITH]      9 = BLOWING SNOW
                                                   X = TORNADO
MAX 32 OR BELOW:   1    0.01 INCH OR MORE:  10
MAX 90 OR ABOVE:   0    0.10 INCH OR MORE:   6
MIN 32 OR BELOW:  27    0.50 INCH OR MORE:   0
MIN  0 OR BELOW:   2    1.00 INCH OR MORE:   0

[HDD (BASE 65) ]
TOTAL THIS MO.   936    CLEAR  (SCALE 0-3)  31
DPTR FM NORMAL  -248    PTCLDY (SCALE 4-7)   0
TOTAL FM JUL 1  7314    CLOUDY (SCALE 8-10)  0
DPTR FM NORMAL -1404

[CDD (BASE 65) ]
TOTAL THIS MO.     0
DPTR FM NORMAL     0    [PRESSURE DATA]
TOTAL FM JAN 1     0    HIGHEST SLP 30.58 ON  6
DPTR FM NORMAL     0    LOWEST  SLP 29.65 ON  2

[REMARKS]
