000
CXUS55 KCYS 271000
CF6SNY
PRELIMINARY LOCAL CLIMATOLOGICAL DATA (WS FORM: F-6)

                                          STATION:   SIDNEY NEBRASKA AIRPORT
                                          MONTH:     APRIL
                                          YEAR:      2015
                                          LATITUDE:   41  5 N
                                          LONGITUDE: 102 59 W

  TEMPERATURE IN F:       :PCPN:    SNOW:  WIND      :SUNSHINE: SKY     :PK WND
================================================================================
1   2   3   4   5  6A  6B    7    8   9   10  11  12  13   14  15   16   17  18
                                     12Z  AVG MX 2MIN
DY MAX MIN AVG DEP HDD CDD  WTR  SNW DPTH SPD SPD DIR MIN PSBL S-S WX    SPD DR
================================================================================

 1  75  35  55  12  10   0    T    M    M 15.3 29 310   M    M   2        39 310
 2  41  27  34  -9  31   0 0.30    M    M  8.9 23  10   M    M   9 128    28  10
 3  51  18  35  -8  30   0 0.00    M    M  9.0 21 310   M    M   3 1      27 290
 4  62  25  44   0  21   0 0.00    M    M 11.1 22 220   M    M   0        27 220
 5  74  28  51   7  14   0 0.00    M    M 10.4 22 240   M    M   0        31 200
 6  66  32  49   5  16   0    T    M    M 13.1 24  90   M    M   1 1      28  80
 7  56  37  47   3  18   0 0.01    M    M  8.7 17 120   M    M   9 12     21  90
 8  57  39  48   3  17   0 0.50    M    M 13.4 22 100   M    M   9 123    29 130
 9  47  28  38  -7  27   0 0.29    M    M 16.0 30 340   M    M   6 1      36 340
10  64  24  44  -1  21   0    T    M    M 10.2 23 210   M    M   0        30 220
11  72  30  51   5  14   0 0.00    M    M  9.3 20 200   M    M   0        25 200
12  67  25  46   0  19   0 0.00    M    M 16.0 38 310   M    M   0        48 320
13  65  23  44  -2  21   0 0.00    M    M 11.5 20 190   M    M   0        27 190
14  71  38  55   8  10   0 0.00    M    M 22.1 35 170   M    M   0        44 160
15  62  38  50   3  15   0 0.10    M    M 21.5 38 300   M    M   4 3      47 300
16  48  37  43  -5  22   0 0.27    M    M 14.1 25 340   M    M  10 1      30 330
17  54  41  48   0  17   0 2.31    M    M 15.5 25  90   M    M  10 13     31  90
18  56  37  47  -1  18   0 0.17    M    M 10.0 22 340   M    M   9 3      29 350
19  51  28  40  -9  25   0    T    M    M 20.8 37 360   M    M   6        44 360
20  55  27  41  -8  24   0 0.00    M    M 12.9 26 340   M    M   2        33 330
21  66  26  46  -3  19   0 0.00  0.0    0 12.2 29 320   M    M   1        37 320
22  66  29  48  -2  17   0    T    M    M 13.4 23 190   M    M   1        30 180
23  71  37  54   4  11   0    T    M    M 10.5 28  80   M    M   3 3      32  80
24  70  44  57   7   8   0 0.00  0.0    0 11.5 31 290   M    M   4 123    36 290
25  69  38  54   3  11   0 0.85    M    M  9.2 30 350   M    M   3 13     39 350
26  48  41  45  -6  20   0 0.71    M    M 10.0 18 120   M    M  10 12     22 120
================================================================================
SM 1584  832       476   0  5.51     0.0 336.6          M      102
================================================================================
AV 60.9 32.0                              12.9 FASTST   M    M   4    MAX(MPH)
                                 MISC ---->  # 38 310               # 48  320
================================================================================
NOTES:
# LAST OF SEVERAL OCCURRENCES

COLUMN 17 PEAK WIND IN M.P.H.

PRELIMINARY LOCAL CLIMATOLOGICAL DATA (WS FORM: F-6) , PAGE 2

                                          STATION:  SIDNEY NEBRASKA AIRPORT
                                          MONTH:    APRIL
                                          YEAR:     2015
                                          LATITUDE:   41  5 N
                                          LONGITUDE: 102 59 W

[TEMPERATURE DATA]      [PRECIPITATION DATA]       SYMBOLS USED IN COLUMN 16

AVERAGE MONTHLY: 46.5   TOTAL FOR MONTH:   5.51    1 = FOG OR MIST
DPTR FM NORMAL:  -0.3   DPTR FM NORMAL:    3.82    2 = FOG REDUCING VISIBILITY
HIGHEST:    75 ON  1    GRTST 24HR  2.38 ON 16-17      TO 1/4 MILE OR LESS
LOWEST:     18 ON  3                               3 = THUNDER
                        SNOW, ICE PELLETS, HAIL    4 = ICE PELLETS
                        TOTAL MONTH:   0.0 INCH    5 = HAIL
                        GRTST 24HR     0.0         6 = FREEZING RAIN OR DRIZZLE
                        GRTST DEPTH:   0           7 = DUSTSTORM OR SANDSTORM:
                                                       VSBY 1/2 MILE OR LESS
                                                   8 = SMOKE OR HAZE
[NO. OF DAYS WITH]      [WEATHER - DAYS WITH]      9 = BLOWING SNOW
                                                   X = TORNADO
MAX 32 OR BELOW:   0    0.01 INCH OR MORE:  10
MAX 90 OR ABOVE:   0    0.10 INCH OR MORE:   9
MIN 32 OR BELOW:  14    0.50 INCH OR MORE:   4
MIN  0 OR BELOW:   0    1.00 INCH OR MORE:   1

[HDD (BASE 65) ]
TOTAL THIS MO.   476    CLEAR  (SCALE 0-3)  15
DPTR FM NORMAL     0    PTCLDY (SCALE 4-7)   4
TOTAL FM JUL 1  5861    CLOUDY (SCALE 8-10)  7
DPTR FM NORMAL     0

[CDD (BASE 65) ]
TOTAL THIS MO.     0
DPTR FM NORMAL     0    [PRESSURE DATA]
TOTAL FM JAN 1     0    HIGHEST SLP  0.00 ON M
DPTR FM NORMAL     0    LOWEST  SLP 29.47 ON  8

[REMARKS]
