000
CXUS53 KSGF 270800
CF6VIH
PRELIMINARY LOCAL CLIMATOLOGICAL DATA (WS FORM: F-6)

                                          STATION:   VICHY-ROLLA MO
                                          MONTH:     APRIL
                                          YEAR:      2015
                                          LATITUDE:   38  7 N
                                          LONGITUDE:  91 46 W

  TEMPERATURE IN F:       :PCPN:    SNOW:  WIND      :SUNSHINE: SKY     :PK WND
================================================================================
1   2   3   4   5  6A  6B    7    8   9   10  11  12  13   14  15   16   17  18
                                     12Z  AVG MX 2MIN
DY MAX MIN AVG DEP HDD CDD  WTR  SNW DPTH SPD SPD DIR MIN PSBL S-S WX    SPD DR
================================================================================

 1  76  52  64  13   1   0 0.10    M    M 13.3 24 160   M    M   2 3      32 160
 2  71  57  64  13   1   0 0.72    M    M 10.9 23 200   M    M   7 13     29 200
 3  58  38  48  -3  17   0 0.20    M    M 13.6 32 350   M    M   7 13     40 350
 4  60  27  44  -8  21   0 0.00    M    M  4.0 13 180   M    M   0        19 190
 5  62  38  50  -2  15   0    T    M    M 13.9 22 200   M    M   3        28 200
 6  68  49  59   7   6   0 0.02    M    M 10.8 20 170   M    M  10 13     25 170
 7  78  61  70  17   0   5    T    M    M 11.6 18 190   M    M   5        24 170
 8  77  63  70  17   0   5 0.10    M    M 10.6 21 190   M    M   4 3      30 180
 9  81  47  64  11   1   0 0.27    M    M 19.0 30 200   M    M   6 13     40 190
10  66  38  52  -2  13   0 0.00    M    M  9.9 21 280   M    M   1        29 310
11  70  43  57   3   8   0 0.00    M    M  7.8 14 140   M    M   1        19 150
12  77  54  66  12   0   1 0.00    M    M 11.3 24 170   M    M   2        31 170
13  68  55  62   8   3   0 0.01    M    M 10.4 22 320   M    M   4        27 320
14  67  53  60   5   5   0    T    M    M 10.4 22  60   M    M   7        29  50
15  67  52  60   5   5   0 0.02    M    M  8.2 16  90   M    M   8        20  80
16  74  50  62   6   3   0 0.00    M    M  4.5 12 120   M    M   4        14 130
17  79  53  66  10   0   1    T    M    M  6.0 16 120   M    M   2        19 100
18  75  57  66  10   0   1    T    M    M  8.3 20 290   M    M   3 123    23 170
19  67  51  59   3   6   0 0.62    M    M  9.3 28 310   M    M   7 1      36 320
20  58  40  49  -8  16   0    T    M    0 14.3 28 290   M    M   5        36 290
21  66  39  53  -4  12   0    T    M    0 11.4 22 270   M    M   3 3      30 240
22  58  36  47 -10  18   0    T    M    0  7.9 20 290   M    M   0        26 310
23  66  35  51  -7  14   0 0.00    M    M  4.9 13 130   M    M   2        15 130
24  60  50  55  -3  10   0 0.00    M    M 15.5 26 160   M    M   7        36 170
25  73  49  61   3   4   0 0.06    M    M 13.6 28 250   M    M  10 18     34 250
26  62  45  54  -4  11   0 0.00    M    M  9.7 16  30   M    M   6 1      21  30
================================================================================
SM 1784 1232       190  13  2.12    M    271.1          M      116
================================================================================
AV 68.6 47.4                              10.4 FASTST   M    M   4    MAX(MPH)
                                 MISC ---->  # 32 350               # 40  350
================================================================================
NOTES:
# LAST OF SEVERAL OCCURRENCES

COLUMN 17 PEAK WIND IN M.P.H.

PRELIMINARY LOCAL CLIMATOLOGICAL DATA (WS FORM: F-6) , PAGE 2

                                          STATION:  VICHY-ROLLA MO
                                          MONTH:    APRIL
                                          YEAR:     2015
                                          LATITUDE:   38  7 N
                                          LONGITUDE:  91 46 W

[TEMPERATURE DATA]      [PRECIPITATION DATA]       SYMBOLS USED IN COLUMN 16

AVERAGE MONTHLY: 58.0   TOTAL FOR MONTH:   2.12    1 = FOG OR MIST
DPTR FM NORMAL:   3.3   DPTR FM NORMAL:   -1.48    2 = FOG REDUCING VISIBILITY
HIGHEST:    81 ON  9    GRTST 24HR  0.92 ON  2- 3      TO 1/4 MILE OR LESS
LOWEST:     27 ON  4                               3 = THUNDER
                        SNOW, ICE PELLETS, HAIL    4 = ICE PELLETS
                        TOTAL MONTH:    M          5 = HAIL
                        GRTST 24HR    M  ON   M    6 = FREEZING RAIN OR DRIZZLE
                        GRTST DEPTH:   0           7 = DUSTSTORM OR SANDSTORM:
                                                       VSBY 1/2 MILE OR LESS
                                                   8 = SMOKE OR HAZE
[NO. OF DAYS WITH]      [WEATHER - DAYS WITH]      9 = BLOWING SNOW
                                                   X = TORNADO
MAX 32 OR BELOW:   0    0.01 INCH OR MORE:  10
MAX 90 OR ABOVE:   0    0.10 INCH OR MORE:   6
MIN 32 OR BELOW:   1    0.50 INCH OR MORE:   2
MIN  0 OR BELOW:   0    1.00 INCH OR MORE:   0

[HDD (BASE 65) ]
TOTAL THIS MO.   190    CLEAR  (SCALE 0-3)  11
DPTR FM NORMAL   -97    PTCLDY (SCALE 4-7)  13
TOTAL FM JUL 1  4919    CLOUDY (SCALE 8-10)  2
DPTR FM NORMAL   228

[CDD (BASE 65) ]
TOTAL THIS MO.    13
DPTR FM NORMAL    -7    [PRESSURE DATA]
TOTAL FM JAN 1    13    HIGHEST SLP 30.07 ON 17
DPTR FM NORMAL   -11    LOWEST  SLP 29.46 ON 25

[REMARKS]
