000
CDUS41 KPHI 070626
CLIABE


CLIMATE REPORT
NATIONAL WEATHER SERVICE MOUNT HOLLY NJ
226 AM EDT THU MAY 7 2015


...................................

...THE ALLENTOWN PA CLIMATE SUMMARY FOR MAY 6 2015...

CLIMATE NORMAL PERIOD 1981 TO 2010
CLIMATE RECORD PERIOD 1922 TO 2015


WEATHER ITEM   OBSERVED TIME   RECORD YEAR NORMAL DEPARTURE LAST
                VALUE   (LST)  VALUE       VALUE  FROM      YEAR
                                                  NORMAL
..................................................................
TEMPERATURE (F)
 YESTERDAY
  MAXIMUM         68    242 AM  92    1949  69     -1       71
  MINIMUM         54   1159 PM  36    2011  45      9       40
                                      1945
  AVERAGE         61                        57      4       56

PRECIPITATION (IN)
  YESTERDAY        0.02          1.58 1956   0.13  -0.11     0.00
  MONTH TO DATE    0.02                      0.73  -0.71     0.23
  SINCE MAR 1      6.26                      7.68  -1.42     9.27
  SINCE JAN 1     10.81                     13.41  -2.60    18.26

SNOWFALL (IN)
  YESTERDAY        0.0           0.0    MM   0.0    0.0      0.0
  MONTH TO DATE    0.0                       0.0    0.0      0.0
  SINCE MAR 1     17.8                       5.9   11.9      1.4
  SINCE JUL 1     50.1                      32.9   17.2     68.1
  SNOW DEPTH       0

DEGREE DAYS
 HEATING
  YESTERDAY        4                         9     -5        9
  MONTH TO DATE   24                        57    -33       52
  SINCE MAR 1   1390                      1318     72     1476
  SINCE JUL 1   5871                      5627    244     6074

 COOLING
  YESTERDAY        0                         0      0        0
  MONTH TO DATE    4                         0      4        0
  SINCE MAR 1      4                         5     -1        7
  SINCE JAN 1      4                         5     -1        7
..................................................................


WIND (MPH)
  HIGHEST WIND SPEED    15   HIGHEST WIND DIRECTION    NE (50)
  HIGHEST GUST SPEED    18   HIGHEST GUST DIRECTION    NE (50)
  AVERAGE WIND SPEED     4.9


SKY COVER
  POSSIBLE SUNSHINE  MM
  AVERAGE SKY COVER 1.0


WEATHER CONDITIONS
 THE FOLLOWING WEATHER WAS RECORDED YESTERDAY.
  RAIN
  LIGHT RAIN


RELATIVE HUMIDITY (PERCENT)
 HIGHEST    73           100 AM
 LOWEST     45           400 AM
 AVERAGE    59

..........................................................


THE ALLENTOWN PA CLIMATE NORMALS FOR TODAY
                         NORMAL    RECORD    YEAR
 MAXIMUM TEMPERATURE (F)   69        94      1939
                                             1930
 MINIMUM TEMPERATURE (F)   45        32      1970


SUNRISE AND SUNSET
MAY  7 2015...........SUNRISE   554 AM EDT   SUNSET   804 PM EDT
MAY  8 2015...........SUNRISE   552 AM EDT   SUNSET   805 PM EDT


-  INDICATES NEGATIVE NUMBERS.
R  INDICATES RECORD WAS SET OR TIED.
MM INDICATES DATA IS MISSING.
T  INDICATES TRACE AMOUNT.




$$
