000
CDUS44 KSJT 050659
CLIABI


CLIMATE REPORT
NATIONAL WEATHER SERVICE SAN ANGELO TX
154 AM CDT TUE MAY 5 2015


...................................

...THE ABILENE CLIMATE SUMMARY FOR MAY 4 2015...

CLIMATE NORMAL PERIOD 1981 TO 2010
CLIMATE RECORD PERIOD 1886 TO 2015


WEATHER ITEM   OBSERVED TIME   RECORD YEAR NORMAL DEPARTURE LAST
                VALUE   (LST)  VALUE       VALUE  FROM      YEAR
                                                  NORMAL
..................................................................
TEMPERATURE (F)
 YESTERDAY
  MAXIMUM         83    222 PM 101    1947  82      1       95
  MINIMUM         63    557 AM  33    1907  58      5       69
  AVERAGE         73                        70      3       82

PRECIPITATION (IN)
  YESTERDAY        T             2.36 1969   0.08  -0.08     0.00
  MONTH TO DATE    T                         0.34  -0.34     0.00
  SINCE MAR 1      3.78                      3.72   0.06     1.28
  SINCE JAN 1      7.29                      6.10   1.19     1.77

DEGREE DAYS
 HEATING
  YESTERDAY        0                         1     -1        0
  MONTH TO DATE    0                         4     -4        8
  SINCE MAR 1    389                       413    -24      443
  SINCE JUL 1   2466                      2546    -80     2805

 COOLING
  YESTERDAY        8                         6      2       17
  MONTH TO DATE   21                        23     -2       24
  SINCE MAR 1    188                       151     37      219
  SINCE JAN 1    192                       156     36      224
..................................................................


WIND (MPH)
  HIGHEST WIND SPEED    24   HIGHEST WIND DIRECTION     S (160)
  HIGHEST GUST SPEED    32   HIGHEST GUST DIRECTION    SE (150)
  AVERAGE WIND SPEED    14.1


SKY COVER
  POSSIBLE SUNSHINE  MM
  AVERAGE SKY COVER 0.3


WEATHER CONDITIONS
 THE FOLLOWING WEATHER WAS RECORDED YESTERDAY.
  LIGHT RAIN


RELATIVE HUMIDITY (PERCENT)
 HIGHEST    93           600 AM
 LOWEST     51           200 PM
 AVERAGE    72

..........................................................


THE ABILENE CLIMATE NORMALS FOR TODAY
                         NORMAL    RECORD    YEAR
 MAXIMUM TEMPERATURE (F)   82       104      2014
 MINIMUM TEMPERATURE (F)   58        41      1979


SUNRISE AND SUNSET
MAY  5 2015...........SUNRISE   649 AM CDT   SUNSET   823 PM CDT
MAY  6 2015...........SUNRISE   648 AM CDT   SUNSET   823 PM CDT


-  INDICATES NEGATIVE NUMBERS.
R  INDICATES RECORD WAS SET OR TIED.
MM INDICATES DATA IS MISSING.
T  INDICATES TRACE AMOUNT.




$$
