000
CDUS44 KFWD 062148
CLIACT


CLIMATE REPORT
NATIONAL WEATHER SERVICE FORT WORTH TX
448 PM CDT WED MAY 6 2015


...................................

...THE WACO CLIMATE SUMMARY FOR MAY 6 2015...
VALID AS OF 0445 PM LOCAL TIME.

CLIMATE NORMAL PERIOD 1981 TO 2010
CLIMATE RECORD PERIOD 1901 TO 2015


WEATHER ITEM   OBSERVED TIME   RECORD YEAR NORMAL DEPARTURE LAST
                VALUE   (LST)  VALUE       VALUE  FROM      YEAR
                                                  NORMAL
..................................................................
TEMPERATURE (F)
 TODAY
  MAXIMUM         86    340 PM 100    1984  83      3       88
  MINIMUM         67    621 AM  42    2013  61      6       64
  AVERAGE         77

PRECIPITATION (IN)
  TODAY            0.09          2.88 1963   0.15  -0.06     0.00
  MONTH TO DATE    0.10                      0.84  -0.74     0.00
  SINCE MAR 1      7.44                      6.68   0.76     2.63
  SINCE JAN 1     12.17                     11.43   0.74     3.39

..................................................................


WIND (MPH)
  HIGHEST WIND SPEED    18   HIGHEST WIND DIRECTION     S (180)
  HIGHEST GUST SPEED    23   HIGHEST GUST DIRECTION    SE (150)
  AVERAGE WIND SPEED    12.5




..........................................................


THE WACO CLIMATE NORMALS FOR TOMORROW
                         NORMAL    RECORD    YEAR
 MAXIMUM TEMPERATURE (F)   83        98      1998
 MINIMUM TEMPERATURE (F)   61        43      1992


SUNRISE AND SUNSET
MAY  6 2015...........SUNRISE   639 AM CDT   SUNSET   812 PM CDT
MAY  7 2015...........SUNRISE   638 AM CDT   SUNSET   813 PM CDT


-  INDICATES NEGATIVE NUMBERS.
R  INDICATES RECORD WAS SET OR TIED.
MM INDICATES DATA IS MISSING.
T  INDICATES TRACE AMOUNT.




$$
