000
CDUS45 KPUB 191053
CLIALS


CLIMATE REPORT
NATIONAL WEATHER SERVICE PUEBLO
453 AM MDT SUN APR 19 2015


...................................

...THE ALAMOSA CO CLIMATE SUMMARY FOR APRIL 18 2015...

CLIMATE NORMAL PERIOD 1981 TO 2010
CLIMATE RECORD PERIOD 1932 TO 2015


WEATHER ITEM   OBSERVED TIME   RECORD YEAR NORMAL DEPARTURE LAST
                VALUE   (LST)  VALUE       VALUE  FROM      YEAR
                                                  NORMAL
..................................................................
TEMPERATURE (F)
 YESTERDAY
  MAXIMUM         47   1210 PM  74    2001  60    -13       69
  MINIMUM         19    536 AM   8    2013  25     -6       30
  AVERAGE         33                        42     -9       50

PRECIPITATION (IN)
  YESTERDAY        T             0.42 1942   0.02  -0.02     0.00
  MONTH TO DATE    0.21                      0.34  -0.13     0.98
  SINCE MAR 1      0.61                      0.87  -0.26     1.38
  SINCE JAN 1      1.95                      1.39   0.56     1.50

SNOWFALL (IN)
  YESTERDAY        T             4.8  1998   0.1   -0.1      0.0
  MONTH TO DATE    0.7                       2.4   -1.7      6.6
  SINCE MAR 1      0.7                       7.4   -6.7     10.0
  SINCE JUL 1     23.8                      25.5   -1.7     38.1
  SNOW DEPTH       0

DEGREE DAYS
 HEATING
  YESTERDAY       32                        23      9       15
  MONTH TO DATE  387                       449    -62      431
  SINCE MAR 1   1172                      1426   -254     1306
  SINCE JUL 1   6664                      7755  -1091     7874

 COOLING
  YESTERDAY        0                         0      0        0
  MONTH TO DATE    0                         0      0        0
  SINCE MAR 1      0                         0      0        0
  SINCE JAN 1      0                         0      0        0
..................................................................


WIND (MPH)
  HIGHEST WIND SPEED    21   HIGHEST WIND DIRECTION     W (270)
  HIGHEST GUST SPEED    24   HIGHEST GUST DIRECTION    NW (300)
  AVERAGE WIND SPEED     6.2


SKY COVER
  POSSIBLE SUNSHINE  MM
  AVERAGE SKY COVER 0.4


WEATHER CONDITIONS
 THE FOLLOWING WEATHER WAS RECORDED YESTERDAY.
  LIGHT RAIN
  LIGHT SNOW
  HAZE


RELATIVE HUMIDITY (PERCENT)
 HIGHEST    89           800 PM
 LOWEST     33          1200 PM
 AVERAGE    61

..........................................................


THE ALAMOSA CO CLIMATE NORMALS FOR TODAY
                         NORMAL    RECORD    YEAR
 MAXIMUM TEMPERATURE (F)   60        74      1989
                                             1962
 MINIMUM TEMPERATURE (F)   25         6      2013


SUNRISE AND SUNSET
APRIL 19 2015.........SUNRISE   624 AM MDT   SUNSET   742 PM MDT
APRIL 20 2015.........SUNRISE   622 AM MDT   SUNSET   743 PM MDT


-  INDICATES NEGATIVE NUMBERS.
R  INDICATES RECORD WAS SET OR TIED.
MM INDICATES DATA IS MISSING.
T  INDICATES TRACE AMOUNT.




$$
