000
CDUS44 KAMA 070632
CLIAMA


CLIMATE REPORT
NATIONAL WEATHER SERVICE AMARILLO TX
131 AM CDT THU MAY 7 2015


...................................

...THE AMARILLO CLIMATE SUMMARY FOR MAY 6 2015...

CLIMATE NORMAL PERIOD 1981 TO 2010
CLIMATE RECORD PERIOD 1892 TO 2015


WEATHER ITEM   OBSERVED TIME   RECORD YEAR NORMAL DEPARTURE LAST
                VALUE   (LST)  VALUE       VALUE  FROM      YEAR
                                                  NORMAL
..................................................................
TEMPERATURE (F)
 YESTERDAY
  MAXIMUM         80    421 PM  97    2000  77      3       93
  MINIMUM         50    445 AM  31    1917  49      1       59
  AVERAGE         65                        63      2       76

PRECIPITATION (IN)
  YESTERDAY        0.00          3.23 1949   0.06  -0.06     0.00
  MONTH TO DATE    1.10                      0.31   0.79     0.00
  SINCE MAR 1      4.28                      3.10   1.18     0.77
  SINCE JAN 1      6.36                      4.38   1.98     1.16

SNOWFALL (IN)
  YESTERDAY        0.0           8.7  1917   0.0    0.0      0.0
  MONTH TO DATE    0.0                       0.1   -0.1      0.0
  SINCE MAR 1      0.1                       3.7   -3.6      0.7
  SINCE JUL 1     23.9                      17.7    6.2     12.8
  SNOW DEPTH       0

DEGREE DAYS
 HEATING
  YESTERDAY        0                         4     -4        0
  MONTH TO DATE    3                        28    -25       20
  SINCE MAR 1    631                       839   -208      825
  SINCE JUL 1   3756                      4116   -360     4178

 COOLING
  YESTERDAY        0                         2     -2       11
  MONTH TO DATE   13                        10      3       40
  SINCE MAR 1     35                        31      4       71
  SINCE JAN 1     35                        31      4       71
..................................................................


WIND (MPH)
  RESULTANT WIND SPEED  17   RESULTANT WIND DIRECTION   S (200)
  HIGHEST WIND SPEED    35   HIGHEST WIND DIRECTION    SW (220)
  HIGHEST GUST SPEED    41   HIGHEST GUST DIRECTION    SW (210)
  AVERAGE WIND SPEED    17.1


SKY COVER
  AVERAGE SKY COVER 0.0


WEATHER CONDITIONS
 THE FOLLOWING WEATHER WAS RECORDED YESTERDAY.
  NO SIGNIFICANT WEATHER WAS OBSERVED.


RELATIVE HUMIDITY (PERCENT)
 HIGHEST    96           100 AM
 LOWEST     30           400 PM
 AVERAGE    63

..........................................................


THE AMARILLO CLIMATE NORMALS FOR TODAY
                         NORMAL    RECORD    YEAR
 MAXIMUM TEMPERATURE (F)   77        97      1916
 MINIMUM TEMPERATURE (F)   49        30      1917
                                             1915


SUNRISE AND SUNSET
MAY  7 2015...........SUNRISE   650 AM CDT   SUNSET   837 PM CDT
MAY  8 2015...........SUNRISE   649 AM CDT   SUNSET   838 PM CDT


-  INDICATES NEGATIVE NUMBERS.
R  INDICATES RECORD WAS SET OR TIED.
MM INDICATES DATA IS MISSING.
T  INDICATES TRACE AMOUNT.




$$
