000
CDUS42 KJAX 250531
CLIAMG


CLIMATE REPORT
NATIONAL WEATHER SERVICE JACKSONVILLE FL
131 AM EDT SAT APR 25 2015


...................................

...THE ALMA CLIMATE SUMMARY FOR APRIL 24 2015...

CLIMATE NORMAL PERIOD 1981 TO 2010
CLIMATE RECORD PERIOD 1948 TO 2015


WEATHER ITEM   OBSERVED TIME   RECORD YEAR NORMAL DEPARTURE LAST
                VALUE   (LST)  VALUE       VALUE  FROM      YEAR
                                                  NORMAL
..................................................................
TEMPERATURE (F)
 YESTERDAY
  MAXIMUM         80        MM  93    1999  81     -1       85
  MINIMUM         63        MM  37    1986  56      7       55
  AVERAGE         72                        68      4       70

PRECIPITATION (IN)
  YESTERDAY        0.00          1.63 2000   0.07  -0.07     0.00
  MONTH TO DATE    1.83                      2.36  -0.53     7.66
  SINCE MAR 1      4.34                      7.11  -2.77    10.88
  SINCE JAN 1     10.17                     15.17  -5.00    14.40

SNOWFALL (IN)
  YESTERDAY        0.0           0.0    MM   0.0    0.0      0.0
  MONTH TO DATE    0.0                       0.0    0.0      0.0
  SINCE MAR 1      0.0                       0.0    0.0      0.0
  SINCE JUL 1      0.0                       0.1   -0.1       T
  SNOW DEPTH       0

DEGREE DAYS
 HEATING
  YESTERDAY        0                         1     -1        0
  MONTH TO DATE    2                        57    -55       58
  SINCE MAR 1    136                       245   -109      337
  SINCE JUL 1   1811                      1646    165     1804

 COOLING
  YESTERDAY        7                         4      3        5
  MONTH TO DATE  149                        71     78       46
  SINCE MAR 1    201                       109     92       50
  SINCE JAN 1    204                       125     79       58
..................................................................


WIND (MPH)
  HIGHEST WIND SPEED     8   HIGHEST WIND DIRECTION     E (70)
  HIGHEST GUST SPEED    MM   HIGHEST GUST DIRECTION    MM
  AVERAGE WIND SPEED     4.0


SKY COVER
  POSSIBLE SUNSHINE  MM
  AVERAGE SKY COVER 0.3


WEATHER CONDITIONS
 THE FOLLOWING WEATHER WAS RECORDED YESTERDAY.
  NO SIGNIFICANT WEATHER WAS OBSERVED.


RELATIVE HUMIDITY (PERCENT)
 HIGHEST    68           100 AM
 LOWEST     27           100 PM
 AVERAGE    48

..........................................................


THE ALMA CLIMATE NORMALS FOR TODAY
                         NORMAL    RECORD    YEAR
 MAXIMUM TEMPERATURE (F)   81        91      1958
 MINIMUM TEMPERATURE (F)   56        37      2005


SUNRISE AND SUNSET
APRIL 25 2015.........SUNRISE   651 AM EDT   SUNSET   805 PM EDT
APRIL 26 2015.........SUNRISE   650 AM EDT   SUNSET   806 PM EDT


-  INDICATES NEGATIVE NUMBERS.
R  INDICATES RECORD WAS SET OR TIED.
MM INDICATES DATA IS MISSING.
T  INDICATES TRACE AMOUNT.




$$
