000
CDAK48 PAFC 041253
CLIANC

CLIMATE REPORT
NATIONAL WEATHER SERVICE ANCHORAGE, AK
453 AM AKDT MON MAY 4 2015


...................................

...THE ANCHORAGE AK CLIMATE SUMMARY FOR MAY 3 2015...

CLIMATE NORMAL PERIOD 1981 TO 2010
CLIMATE RECORD PERIOD 1952 TO 2015


WEATHER ITEM   OBSERVED RECORD YEAR NORMAL DEPARTURE LAST
                VALUE   VALUE       VALUE  FROM      YEAR
                                           NORMAL
...........................................................
TEMPERATURE (F)
 YESTERDAY
  MAXIMUM         54     67    2014  52      2       67
  MINIMUM         36     24    2001  36      0       42
  AVERAGE         45                 44      1       55

PRECIPITATION (IN)
  YESTERDAY        0.00   0.41 1998   0.01  -0.01
  MONTH TO DATE    0.00               0.05  -0.05
  SINCE MAR 1      1.43               1.12   0.31
  SINCE JAN 1      2.51               2.57  -0.06

SNOWFALL (IN)
  YESTERDAY        0.0    5.0  2001   0.0    0.0
  MONTH TO DATE    0.0                0.1   -0.1
  SINCE MAR 1      4.6               14.0   -9.4
  SINCE JUL 1     25.1               74.3  -49.2
  SNOW DEPTH       0

DEGREE DAYS
 HEATING
  YESTERDAY       20                        -1
  MONTH TO DATE   59                        -6
  SINCE MAR 1   1871                      -232
  SINCE JUL 1   8223                     -1209

 COOLING
  YESTERDAY        0                         0
  MONTH TO DATE    0                         0
  SINCE MAR 1      0                         0
  SINCE JAN 1      0                         0
...........................................................


WIND (MPH)
  HIGHEST WIND SPEED    13   HIGHEST WIND DIRECTION    SW (210)
  HIGHEST GUST SPEED    18   HIGHEST GUST DIRECTION     S (190)
  AVERAGE WIND SPEED     7.0




RELATIVE HUMIDITY (PERCENT)
 HIGHEST    82
 LOWEST     41
 AVERAGE    62

..........................................................


THE ANCHORAGE AK CLIMATE NORMALS FOR TODAY
                         NORMAL    RECORD    YEAR
 MAXIMUM TEMPERATURE (F)   52        65      2004
 MINIMUM TEMPERATURE (F)   36        25      1992


SUNRISE AND SUNSET
MAY  4 2015...........SUNRISE   543 AM AKDT  SUNSET  1013 PM AKDT
MAY  5 2015...........SUNRISE   540 AM AKDT  SUNSET  1015 PM AKDT

CIVIL TWILIGHT
MAY 4 2015              START   445 AM AKDT     END  1113 PM AKDT
MAY 5 2015              START   441 AM AKDT     END  1116 PM AKDT



-  INDICATES NEGATIVE NUMBERS.
R  INDICATES RECORD WAS SET OR TIED.
MM INDICATES DATA IS MISSING.
T  INDICATES TRACE AMOUNT.




$$
&&
------------------------------------------------------
AMOUNT OF DAYLIGHT TODAY  (HOUR:MIN)........16:30
