000
CDUS42 KMFL 050831
CLIAPF


CLIMATE REPORT
NATIONAL WEATHER SERVICE MIAMI, FL
431 AM EDT TUE MAY 5 2015


...................................

...THE NAPLES CLIMATE SUMMARY FOR MAY 4 2015...

CLIMATE NORMAL PERIOD 1981 TO 2010
CLIMATE RECORD PERIOD 1942 TO 2015


WEATHER ITEM   OBSERVED TIME   RECORD YEAR NORMAL DEPARTURE LAST
                VALUE   (LST)  VALUE       VALUE  FROM      YEAR
                                                  NORMAL
..................................................................
TEMPERATURE (F)
 YESTERDAY
  MAXIMUM         86    222 PM  92    1989  86      0       86
  MINIMUM         63    614 AM  55    1971  66     -3       66
  AVERAGE         75                        76     -1       76

PRECIPITATION (IN)
  YESTERDAY        0.00          1.80 1946   0.08  -0.08     0.00
  MONTH TO DATE    0.00                      0.28  -0.28     0.10
  SINCE NOV 1      6.14                     12.46  -6.32     8.06
  SINCE JAN 1      4.84                      8.97  -4.13     6.96

SNOWFALL (IN)
  YESTERDAY        0.0
  MONTH TO DATE    0.0
  SINCE MAR 1      0.0
  SINCE JUL 1      0.0
  SNOW DEPTH       0

DEGREE DAYS
 HEATING
  YESTERDAY        0                         0      0        0
  MONTH TO DATE    0                         0      0        0
  SINCE MAR 1      1                        27    -26        7
  SINCE JUL 1    198                       260    -62      149

 COOLING
  YESTERDAY       10                        11     -1       11
  MONTH TO DATE   38                        44     -6       55
  SINCE MAR 1    755                       473    282      516
  SINCE JAN 1    931                       664    267      789
..................................................................


WIND (MPH)
  HIGHEST WIND SPEED    25   HIGHEST WIND DIRECTION    NE (50)
  HIGHEST GUST SPEED    32   HIGHEST GUST DIRECTION    NE (50)
  AVERAGE WIND SPEED    11.7


SKY COVER
  AVERAGE SKY COVER 0.1


WEATHER CONDITIONS
 THE FOLLOWING WEATHER WAS RECORDED YESTERDAY.
  NO SIGNIFICANT WEATHER WAS OBSERVED.


RELATIVE HUMIDITY (PERCENT)
 HIGHEST    78
 LOWEST     30
 AVERAGE    54

..........................................................


THE NAPLES CLIMATE NORMALS FOR TODAY
                         NORMAL    RECORD    YEAR
 MAXIMUM TEMPERATURE (F)   87        92      1989
 MINIMUM TEMPERATURE (F)   66        51      2001


SUNRISE AND SUNSET
MAY  5 2015...........SUNRISE   647 AM EDT   SUNSET   801 PM EDT
MAY  6 2015...........SUNRISE   646 AM EDT   SUNSET   801 PM EDT


-  INDICATES NEGATIVE NUMBERS.
R  INDICATES RECORD WAS SET OR TIED.
MM INDICATES DATA IS MISSING.
T  INDICATES TRACE AMOUNT.




$$
