000
CDUS46 KPQR 262321
CLIAST


CLIMATE REPORT
NATIONAL WEATHER SERVICE PORTLAND OREGON
420 PM PDT SUN APR 26 2015


...................................

...THE ASTORIA OR CLIMATE SUMMARY FOR APRIL 26 2015...
VALID TODAY AS OF 0400 PM LOCAL TIME.

CLIMATE NORMAL PERIOD 1981 TO 2010
CLIMATE RECORD PERIOD 1892 TO 2015


WEATHER ITEM   OBSERVED TIME   RECORD YEAR NORMAL DEPARTURE LAST
                VALUE   (LST)  VALUE       VALUE  FROM      YEAR
                                                  NORMAL
..................................................................
TEMPERATURE (F)
 TODAY
  MAXIMUM         56    103 PM  83    1987  58     -2       57
  MINIMUM         41    202 AM  30    1943  42     -1       37
  AVERAGE         49                        50     -1       47

PRECIPITATION (IN)
  TODAY            0.03          1.60 2010   0.15  -0.12     0.54
  MONTH TO DATE    2.80                      4.65  -1.85     7.76
  SINCE OCT 1     50.48                     56.51  -6.03    44.54
  SINCE JAN 1     24.86                     29.49  -4.63    32.38

DEGREE DAYS
 HEATING
  TODAY           16                        15      1       18
  MONTH TO DATE  421                       429     -8      404
  SINCE MAR 1    890                      1007   -117      920
  SINCE JUL 1   3430                      4349   -919     4349

 COOLING
  TODAY            0                         0      0        0
  MONTH TO DATE    0                         0      0        0
  SINCE MAR 1      0                         0      0        0
  SINCE JAN 1      0                         0      0        0
..................................................................


WIND (MPH)
  HIGHEST WIND SPEED    14   HIGHEST WIND DIRECTION    SE (130)
  HIGHEST GUST SPEED    20   HIGHEST GUST DIRECTION    SE (150)
  AVERAGE WIND SPEED     3.5


SKY COVER
  POSSIBLE SUNSHINE  MM
  AVERAGE SKY COVER 0.7


WEATHER CONDITIONS
 THE FOLLOWING WEATHER WAS RECORDED TODAY.
  LIGHT RAIN


RELATIVE HUMIDITY (PERCENT)
 HIGHEST    89           700 AM
 LOWEST     61           100 PM
 AVERAGE    75

..........................................................


THE ASTORIA OR CLIMATE NORMALS FOR TOMORROW
                         NORMAL    RECORD    YEAR
 MAXIMUM TEMPERATURE (F)   58        82      1926
 MINIMUM TEMPERATURE (F)   42        30      1954
                                             1948


SUNRISE AND SUNSET
APRIL 26 2015.........SUNRISE   610 AM PDT   SUNSET   817 PM PDT
APRIL 27 2015.........SUNRISE   609 AM PDT   SUNSET   819 PM PDT


-  INDICATES NEGATIVE NUMBERS.
R  INDICATES RECORD WAS SET OR TIED.
MM INDICATES DATA IS MISSING.
T  INDICATES TRACE AMOUNT.




$$
