000
CDUS42 KFFC 040819
CLIATL


CLIMATE REPORT
NATIONAL WEATHER SERVICE PEACHTREE CITY GA
418 AM EDT MON MAY 4 2015


...................................

...THE ATLANTA CLIMATE SUMMARY FOR MAY 3 2015...

CLIMATE NORMAL PERIOD 1981 TO 2010
CLIMATE RECORD PERIOD 1878 TO 2015


WEATHER ITEM   OBSERVED TIME   RECORD YEAR NORMAL DEPARTURE LAST
                VALUE   (LST)  VALUE       VALUE  FROM      YEAR
                                                  NORMAL
..................................................................
TEMPERATURE (F)
 YESTERDAY
  MAXIMUM         79    432 PM  91    1952  77      2       76
  MINIMUM         55    546 AM  40    1971  57     -2       49
  AVERAGE         67                        67      0       63

PRECIPITATION (IN)
  YESTERDAY        0.00          2.81 2010   0.13  -0.13     0.00
  MONTH TO DATE    0.00                      0.38  -0.38     0.00
  SINCE MAR 1     10.77                      8.55   2.22     9.02
  SINCE JAN 1     19.28                     17.42   1.86    16.18

DEGREE DAYS
 HEATING
  YESTERDAY        0                         2     -2        2
  MONTH TO DATE    6                         6      0        8
  SINCE MAR 1    298                       491   -193      502
  SINCE JUL 1   2656                      2746    -90     2905

 COOLING
  YESTERDAY        2                         3     -1        0
  MONTH TO DATE    2                         9     -7        0
  SINCE MAR 1     98                        74     24       51
  SINCE JAN 1     98                        75     23       53
..................................................................


WIND (MPH)
  RESULTANT WIND SPEED   3   RESULTANT WIND DIRECTION   S (200)
  HIGHEST WIND SPEED    13   HIGHEST WIND DIRECTION     S (200)
  HIGHEST GUST SPEED    20   HIGHEST GUST DIRECTION    SW (210)
  AVERAGE WIND SPEED     4.2


SKY COVER
  AVERAGE SKY COVER 0.4


WEATHER CONDITIONS
 THE FOLLOWING WEATHER WAS RECORDED YESTERDAY.
  NO SIGNIFICANT WEATHER WAS OBSERVED.


RELATIVE HUMIDITY (PERCENT)
 HIGHEST    72           300 AM
 LOWEST     31           400 PM
 AVERAGE    52

..........................................................


THE ATLANTA CLIMATE NORMALS FOR TODAY
                         NORMAL    RECORD    YEAR
 MAXIMUM TEMPERATURE (F)   77        92      1902
 MINIMUM TEMPERATURE (F)   57        37      1971


SUNRISE AND SUNSET
MAY  4 2015...........SUNRISE   646 AM EDT   SUNSET   823 PM EDT
MAY  5 2015...........SUNRISE   646 AM EDT   SUNSET   824 PM EDT


-  INDICATES NEGATIVE NUMBERS.
R  INDICATES RECORD WAS SET OR TIED.
MM INDICATES DATA IS MISSING.
T  INDICATES TRACE AMOUNT.




$$
