000
CDUS41 KGYX 280801
CLIAUG


CLIMATE REPORT
NATIONAL WEATHER SERVICE GRAY ME
401 AM EDT TUE APR 28 2015


...................................

...THE AUGUSTA CLIMATE SUMMARY FOR APRIL 27 2015...

CLIMATE NORMAL PERIOD 1981 TO 2010
CLIMATE RECORD PERIOD 1948 TO 2015


WEATHER ITEM   OBSERVED TIME   RECORD YEAR NORMAL DEPARTURE LAST
                VALUE   (LST)  VALUE       VALUE  FROM      YEAR
                                                  NORMAL
..................................................................
TEMPERATURE (F)
 YESTERDAY
  MAXIMUM         55    344 PM  90    1990  59     -4       51
  MINIMUM         40    541 AM  MM      MM  39      1       37
  AVERAGE         48                        49     -1       44

PRECIPITATION (IN)
  YESTERDAY        0.18         MM      MM   0.13   0.05     0.11
  MONTH TO DATE    4.33                      3.39   0.94     2.55
  SINCE MAR 1      5.50                      6.76  -1.26     5.69
  SINCE JAN 1      7.77                     11.80  -4.03    10.48

DEGREE DAYS
 HEATING
  YESTERDAY       17                        16      1       21
  MONTH TO DATE  619                       587     32      589
  SINCE MAR 1   1795                      1613    182     1837
  SINCE JUL 1   7422                      6956    466     7343

 COOLING
  YESTERDAY        0                         0      0        0
  MONTH TO DATE    0                         0      0        0
  SINCE MAR 1      0                         0      0        0
  SINCE JAN 1      0                         0      0        0
..................................................................


WIND (MPH)
  HIGHEST WIND SPEED    30   HIGHEST WIND DIRECTION     N (350)
  HIGHEST GUST SPEED    37   HIGHEST GUST DIRECTION     N (340)
  AVERAGE WIND SPEED    14.6


SKY COVER
  AVERAGE SKY COVER 0.9


WEATHER CONDITIONS
 THE FOLLOWING WEATHER WAS RECORDED YESTERDAY.
  RAIN
  LIGHT RAIN
  FOG


RELATIVE HUMIDITY (PERCENT)
 HIGHEST    86           200 AM
 LOWEST     61          1100 AM
 AVERAGE    74

..........................................................


THE AUGUSTA CLIMATE NORMALS FOR TODAY
                         NORMAL
 MAXIMUM TEMPERATURE (F)   59
 MINIMUM TEMPERATURE (F)   39


SUNRISE AND SUNSET
APRIL 28 2015.........SUNRISE   535 AM EDT   SUNSET   739 PM EDT
APRIL 29 2015.........SUNRISE   533 AM EDT   SUNSET   740 PM EDT


-  INDICATES NEGATIVE NUMBERS.
R  INDICATES RECORD WAS SET OR TIED.
MM INDICATES DATA IS MISSING.
T  INDICATES TRACE AMOUNT.




$$
